CRAN Package Check Results for Package RcppBDT

Last updated on 2014-07-23 15:47:51.

Flavor Version Tinstall Tcheck Ttotal Status Flags
r-devel-linux-x86_64-debian-clang 0.2.3 29.85 41.95 71.80 NOTE
r-devel-linux-x86_64-debian-gcc 0.2.3 42.77 41.61 84.38 NOTE
r-devel-linux-x86_64-fedora-clang 0.2.3 162.16 NOTE
r-devel-linux-x86_64-fedora-gcc 0.2.3 161.24 NOTE
r-devel-osx-x86_64-clang 0.2.3 121.19 OK
r-devel-windows-ix86+x86_64 0.2.3 116.00 101.00 217.00 OK
r-patched-linux-x86_64 0.2.3 42.81 43.17 85.98 NOTE
r-patched-solaris-sparc 0.2.3 103.20 ERROR
r-patched-solaris-x86 0.2.3 200.90 NOTE
r-release-linux-ix86 0.2.3 55.34 49.82 105.16 NOTE
r-release-linux-x86_64 0.2.3 43.17 43.39 86.56 NOTE
r-release-osx-x86_64-mavericks 0.2.3 NOTE
r-release-osx-x86_64-snowleopard 0.2.3 ERROR
r-release-windows-ix86+x86_64 0.2.3 154.00 100.00 254.00 OK
r-oldrel-windows-ix86+x86_64 0.2.2 29.00 50.00 79.00 OK

Check Details

Version: 0.2.3
Check: installed package size
Result: NOTE
     installed size is 6.1Mb
     sub-directories of 1Mb or more:
     libs 5.8Mb
Flavors: r-devel-linux-x86_64-debian-clang, r-devel-linux-x86_64-debian-gcc, r-devel-linux-x86_64-fedora-clang, r-devel-linux-x86_64-fedora-gcc, r-patched-linux-x86_64, r-patched-solaris-x86, r-release-linux-ix86, r-release-linux-x86_64, r-release-osx-x86_64-mavericks

Version: 0.2.3
Check: whether package can be installed
Result: ERROR
    Installation failed.
    See ‘/home/ripley/R/packages/tests32/RcppBDT.Rcheck/00install.out’ for details.
Flavor: r-patched-solaris-sparc

Version: 0.2.3
Check: whether package can be installed
Result: ERROR
    Installation failed.
    See ‘/Volumes/XT3/Builds/R-dev-web/QA/Simon/packages/snowleopard-x86_64/results/3.1/RcppBDT.Rcheck/00install.out’ for details.
Flavor: r-release-osx-x86_64-snowleopard