CRAN Package Check Results for Package RcppBDT

Last updated on 2014-11-23 17:49:36.

Flavor Version Tinstall Tcheck Ttotal Status Flags
r-devel-linux-x86_64-debian-clang 0.2.3 31.60 39.87 71.46 NOTE
r-devel-linux-x86_64-debian-gcc 0.2.3 45.36 38.36 83.72 NOTE
r-devel-linux-x86_64-fedora-clang 0.2.3 163.85 NOTE
r-devel-linux-x86_64-fedora-gcc 0.2.3 152.16 NOTE
r-devel-osx-x86_64-clang 0.2.3 123.29 OK
r-devel-windows-ix86+x86_64 0.2.3 113.00 89.00 202.00 OK
r-patched-linux-x86_64 0.2.3 43.56 42.15 85.71 NOTE
r-patched-solaris-sparc 0.2.3 990.60 NOTE
r-patched-solaris-x86 0.2.3 200.60 NOTE
r-release-linux-ix86 0.2.3 52.55 47.56 100.12 NOTE
r-release-linux-x86_64 0.2.3 43.80 42.82 86.62 NOTE
r-release-osx-x86_64-mavericks 0.2.3 NOTE
r-release-osx-x86_64-snowleopard 0.2.3 ERROR
r-release-windows-ix86+x86_64 0.2.3 118.00 97.00 215.00 OK
r-oldrel-windows-ix86+x86_64 0.2.2 29.00 50.00 79.00 OK

Check Details

Version: 0.2.3
Check: installed package size
Result: NOTE
     installed size is 6.8Mb
     sub-directories of 1Mb or more:
     libs 6.6Mb
Flavors: r-devel-linux-x86_64-debian-clang, r-devel-linux-x86_64-debian-gcc, r-devel-linux-x86_64-fedora-clang, r-devel-linux-x86_64-fedora-gcc, r-patched-linux-x86_64, r-patched-solaris-sparc, r-patched-solaris-x86, r-release-linux-ix86, r-release-linux-x86_64, r-release-osx-x86_64-mavericks

Version: 0.2.3
Check: whether package can be installed
Result: ERROR
    Installation failed.
Flavor: r-release-osx-x86_64-snowleopard