CRAN Package Check Results for Package RcppBDT

Last updated on 2014-12-21 17:49:10.

Flavor Version Tinstall Tcheck Ttotal Status Flags
r-devel-linux-x86_64-debian-clang 0.2.3 31.58 39.45 71.03 NOTE
r-devel-linux-x86_64-debian-gcc 0.2.3 43.33 37.37 80.70 NOTE
r-devel-linux-x86_64-fedora-clang 0.2.3 161.46 NOTE
r-devel-linux-x86_64-fedora-gcc 0.2.3 135.26 NOTE
r-devel-osx-x86_64-clang 0.2.3 119.43 OK
r-devel-windows-ix86+x86_64 0.2.3 165.00 123.00 288.00 OK
r-patched-linux-x86_64 0.2.3 43.49 42.02 85.50 NOTE
r-patched-solaris-sparc 0.2.3 990.60 NOTE
r-patched-solaris-x86 0.2.3 200.80 NOTE
r-release-linux-ix86 0.2.3 53.16 47.72 100.88 NOTE
r-release-linux-x86_64 0.2.3 46.53 32.31 78.84 NOTE
r-release-osx-x86_64-mavericks 0.2.3 NOTE
r-release-osx-x86_64-snowleopard 0.2.3 ERROR
r-release-windows-ix86+x86_64 0.2.3 118.00 97.00 215.00 OK
r-oldrel-windows-ix86+x86_64 0.2.2 29.00 50.00 79.00 OK

Check Details

Version: 0.2.3
Check: installed package size
Result: NOTE
     installed size is 6.8Mb
     sub-directories of 1Mb or more:
     libs 6.6Mb
Flavors: r-devel-linux-x86_64-debian-clang, r-devel-linux-x86_64-debian-gcc, r-devel-linux-x86_64-fedora-clang, r-devel-linux-x86_64-fedora-gcc, r-patched-linux-x86_64, r-patched-solaris-sparc, r-patched-solaris-x86, r-release-linux-ix86, r-release-linux-x86_64, r-release-osx-x86_64-mavericks

Version: 0.2.3
Check: whether package can be installed
Result: ERROR
    Installation failed.
Flavor: r-release-osx-x86_64-snowleopard