CRAN Package Check Results for Package RcppBDT

Last updated on 2015-01-27 16:48:33.

Flavor Version Tinstall Tcheck Ttotal Status Flags
r-devel-linux-x86_64-debian-clang 0.2.3 31.67 37.63 69.30 NOTE
r-devel-linux-x86_64-debian-gcc 0.2.3 47.96 36.86 84.82 NOTE
r-devel-linux-x86_64-fedora-clang 0.2.3 156.88 NOTE
r-devel-linux-x86_64-fedora-gcc 0.2.3 147.34 NOTE
r-devel-osx-x86_64-clang 0.2.3 108.38 OK
r-devel-windows-ix86+x86_64 0.2.3 138.00 91.00 229.00 OK
r-patched-linux-x86_64 0.2.3 43.48 41.30 84.78 NOTE
r-patched-solaris-sparc 0.2.3 121.90 ERROR
r-patched-solaris-x86 0.2.3 200.10 NOTE
r-release-linux-ix86 0.2.3 53.46 47.69 101.15 NOTE
r-release-linux-x86_64 0.2.3 43.60 43.50 87.10 NOTE
r-release-osx-x86_64-mavericks 0.2.3 NOTE
r-release-osx-x86_64-snowleopard 0.2.3 ERROR
r-release-windows-ix86+x86_64 0.2.3 121.00 101.00 222.00 OK
r-oldrel-windows-ix86+x86_64 0.2.2 29.00 50.00 79.00 OK

Check Details

Version: 0.2.3
Check: installed package size
Result: NOTE
     installed size is 6.8Mb
     sub-directories of 1Mb or more:
     libs 6.6Mb
Flavors: r-devel-linux-x86_64-debian-clang, r-devel-linux-x86_64-debian-gcc, r-devel-linux-x86_64-fedora-clang, r-devel-linux-x86_64-fedora-gcc, r-patched-linux-x86_64, r-patched-solaris-x86, r-release-linux-ix86, r-release-linux-x86_64, r-release-osx-x86_64-mavericks

Version: 0.2.3
Check: whether package can be installed
Result: ERROR
    Installation failed.
Flavors: r-patched-solaris-sparc, r-release-osx-x86_64-snowleopard