CRAN Package Check Results for Package RcppBDT

Last updated on 2016-05-30 06:46:59.

Flavor Version Tinstall Tcheck Ttotal Status Flags
r-devel-linux-x86_64-debian-gcc 0.2.3 46.68 30.07 76.75 NOTE
r-devel-linux-x86_64-fedora-clang 0.2.3 142.34 NOTE
r-devel-linux-x86_64-fedora-gcc 0.2.3 146.76 NOTE
r-devel-osx-x86_64-clang 0.2.3 119.89 OK
r-devel-windows-ix86+x86_64 0.2.3 143.00 71.00 214.00 OK
r-patched-linux-x86_64 0.2.3 40.74 30.36 71.10 NOTE
r-patched-solaris-sparc 0.2.3 820.40 OK
r-patched-solaris-x86 0.2.3 161.20 OK
r-release-linux-x86_64 0.2.3 40.54 29.95 70.49 NOTE
r-release-osx-x86_64-mavericks 0.2.3 NOTE
r-release-windows-ix86+x86_64 0.2.3 196.00 74.00 270.00 OK
r-oldrel-windows-ix86+x86_64 0.2.3 119.00 124.00 243.00 OK

Check Details

Version: 0.2.3
Check: installed package size
Result: NOTE
     installed size is 7.5Mb
     sub-directories of 1Mb or more:
     libs 7.3Mb
Flavors: r-devel-linux-x86_64-debian-gcc, r-devel-linux-x86_64-fedora-clang, r-devel-linux-x86_64-fedora-gcc, r-patched-linux-x86_64, r-release-linux-x86_64, r-release-osx-x86_64-mavericks