CRAN Package Check Results for Package RcppBDT

Last updated on 2016-07-24 19:49:04.

Flavor Version Tinstall Tcheck Ttotal Status Flags
r-devel-linux-x86_64-debian-clang 0.2.3 46.72 34.11 80.83 NOTE
r-devel-linux-x86_64-debian-gcc 0.2.3 54.46 35.09 89.54 NOTE
r-devel-linux-x86_64-fedora-gcc 0.2.3 146.59 NOTE
r-devel-osx-x86_64-clang 0.2.3 104.75 OK
r-devel-windows-ix86+x86_64 0.2.3 150.00 75.00 225.00 OK
r-patched-linux-x86_64 0.2.3 46.81 34.16 80.97 NOTE
r-patched-solaris-sparc 0.2.3 821.60 NOTE
r-patched-solaris-x86 0.2.3 157.10 OK
r-release-linux-x86_64 0.2.3 46.35 33.82 80.16 NOTE
r-release-osx-x86_64-mavericks 0.2.3 NOTE
r-release-windows-ix86+x86_64 0.2.3 160.00 97.00 257.00 OK
r-oldrel-windows-ix86+x86_64 0.2.3 165.00 92.00 257.00 OK

Check Details

Version: 0.2.3
Check: installed package size
Result: NOTE
     installed size is 6.9Mb
     sub-directories of 1Mb or more:
     libs 6.6Mb
Flavors: r-devel-linux-x86_64-debian-clang, r-devel-linux-x86_64-debian-gcc, r-devel-linux-x86_64-fedora-clang, r-devel-linux-x86_64-fedora-gcc, r-patched-linux-x86_64, r-patched-solaris-sparc, r-release-linux-x86_64, r-release-osx-x86_64-mavericks