CRAN Package Check Results for Package RcppBDT

Last updated on 2015-05-29 17:47:47.

Flavor Version Tinstall Tcheck Ttotal Status Flags
r-devel-linux-x86_64-debian-clang 0.2.3 34.12 32.53 66.65 NOTE
r-devel-linux-x86_64-debian-gcc 0.2.3 47.11 31.19 78.30 NOTE
r-devel-linux-x86_64-fedora-clang 0.2.3 147.90 NOTE
r-devel-linux-x86_64-fedora-gcc 0.2.3 150.58 NOTE
r-devel-osx-x86_64-clang 0.2.3 114.85 OK
r-devel-windows-ix86+x86_64 0.2.3 130.00 89.00 219.00 OK
r-patched-linux-x86_64 0.2.3 45.04 31.70 76.74 NOTE
r-patched-solaris-sparc 0.2.3 1035.40 NOTE
r-patched-solaris-x86 0.2.3 185.60 NOTE
r-release-linux-x86_64 0.2.3 45.19 32.32 77.50 NOTE
r-release-osx-x86_64-mavericks 0.2.3 NOTE
r-release-osx-x86_64-snowleopard 0.2.3 ERROR
r-release-windows-ix86+x86_64 0.2.3 129.00 75.00 204.00 OK
r-oldrel-windows-ix86+x86_64 0.2.3 94.00 99.00 193.00 OK

Check Details

Version: 0.2.3
Check: installed package size
Result: NOTE
     installed size is 6.5Mb
     sub-directories of 1Mb or more:
     libs 6.3Mb
Flavors: r-devel-linux-x86_64-debian-clang, r-devel-linux-x86_64-debian-gcc, r-devel-linux-x86_64-fedora-clang, r-devel-linux-x86_64-fedora-gcc, r-patched-linux-x86_64, r-patched-solaris-sparc, r-patched-solaris-x86, r-release-linux-x86_64, r-release-osx-x86_64-mavericks

Version: 0.2.3
Check: whether package can be installed
Result: ERROR
    Installation failed.
Flavor: r-release-osx-x86_64-snowleopard