CRAN Package Check Results for Package RcppBDT

Last updated on 2014-09-01 18:47:51.

Flavor Version Tinstall Tcheck Ttotal Status Flags
r-devel-linux-x86_64-debian-clang 0.2.3 29.42 40.88 70.30 NOTE
r-devel-linux-x86_64-debian-gcc 0.2.3 43.23 39.67 82.90 NOTE
r-devel-linux-x86_64-fedora-clang 0.2.3 168.55 NOTE
r-devel-linux-x86_64-fedora-gcc 0.2.3 152.83 NOTE
r-devel-osx-x86_64-clang 0.2.3 106.60 OK
r-devel-windows-ix86+x86_64 0.2.3 116.00 100.00 216.00 OK
r-patched-linux-x86_64 0.2.3 44.45 41.64 86.10 NOTE
r-patched-solaris-sparc 0.2.3 1059.30 NOTE
r-patched-solaris-x86 0.2.3 202.40 NOTE
r-release-linux-ix86 0.2.3 55.74 49.64 105.38 NOTE
r-release-linux-x86_64 0.2.3 44.92 43.12 88.05 NOTE
r-release-osx-x86_64-mavericks 0.2.3 NOTE
r-release-osx-x86_64-snowleopard 0.2.3 ERROR
r-release-windows-ix86+x86_64 0.2.3 112.00 90.00 202.00 OK
r-oldrel-windows-ix86+x86_64 0.2.2 29.00 50.00 79.00 OK

Check Details

Version: 0.2.3
Check: installed package size
Result: NOTE
     installed size is 6.1Mb
     sub-directories of 1Mb or more:
     libs 5.8Mb
Flavors: r-devel-linux-x86_64-debian-clang, r-devel-linux-x86_64-debian-gcc, r-devel-linux-x86_64-fedora-clang, r-devel-linux-x86_64-fedora-gcc, r-patched-linux-x86_64, r-patched-solaris-sparc, r-patched-solaris-x86, r-release-linux-ix86, r-release-linux-x86_64, r-release-osx-x86_64-mavericks

Version: 0.2.3
Check: whether package can be installed
Result: ERROR
    Installation failed.
Flavor: r-release-osx-x86_64-snowleopard