CRAN Package Check Results for Package RcppBDT

Last updated on 2017-06-26 07:47:27.

Flavor Version Tinstall Tcheck Ttotal Status Flags
r-devel-linux-x86_64-debian-clang 0.2.3 44.88 39.73 84.61 NOTE
r-devel-linux-x86_64-debian-gcc 0.2.3 51.39 38.42 89.82 NOTE
r-devel-linux-x86_64-fedora-clang 0.2.3 175.07 NOTE
r-devel-linux-x86_64-fedora-gcc 0.2.3 172.33 NOTE
r-devel-windows-ix86+x86_64 0.2.3 210.00 141.00 351.00 OK
r-patched-linux-x86_64 0.2.3 41.90 38.15 80.05 NOTE
r-patched-solaris-sparc 0.2.3 887.50 OK
r-patched-solaris-x86 0.2.3 179.80 OK
r-release-linux-x86_64 0.2.3 49.67 39.00 88.67 NOTE
r-release-windows-ix86+x86_64 0.2.3 214.00 143.00 357.00 OK
r-release-osx-x86_64 0.2.3 NOTE
r-oldrel-windows-ix86+x86_64 0.2.3 155.00 120.00 275.00 OK
r-oldrel-osx-x86_64 0.2.3 NOTE

Check Details

Version: 0.2.3
Check: compiled code
Result: NOTE
    File ‘RcppBDT/libs/RcppBDT.so’:
     Found no calls to: ‘R_registerRoutines’, ‘R_useDynamicSymbols’
    
    It is good practice to register native routines and to disable symbol
    search.
    
    See ‘Writing portable packages’ in the ‘Writing R Extensions’ manual.
Flavors: r-devel-linux-x86_64-debian-clang, r-devel-linux-x86_64-debian-gcc, r-devel-linux-x86_64-fedora-clang, r-devel-linux-x86_64-fedora-gcc, r-patched-linux-x86_64, r-release-linux-x86_64

Version: 0.2.3
Check: installed package size
Result: NOTE
     installed size is 8.2Mb
     sub-directories of 1Mb or more:
     libs 8.0Mb
Flavors: r-devel-linux-x86_64-fedora-clang, r-devel-linux-x86_64-fedora-gcc, r-release-osx-x86_64, r-oldrel-osx-x86_64