CRAN Package Check Results for Package RcppBDT

Last updated on 2017-08-14 18:46:45.

Flavor Version Tinstall Tcheck Ttotal Status Flags
r-devel-linux-x86_64-debian-clang 0.2.3 45.84 39.45 85.29 NOTE
r-devel-linux-x86_64-debian-gcc 0.2.3 NOTE
r-devel-linux-x86_64-fedora-clang 0.2.3 174.14 NOTE
r-devel-linux-x86_64-fedora-gcc 0.2.3 186.23 NOTE
r-devel-windows-ix86+x86_64 0.2.3 209.00 140.00 349.00 OK
r-patched-linux-x86_64 0.2.3 49.55 38.93 88.48 NOTE
r-patched-solaris-x86 0.2.3 181.60 OK
r-release-linux-x86_64 0.2.3 50.66 40.03 90.69 NOTE
r-release-windows-ix86+x86_64 0.2.3 156.00 140.00 296.00 OK
r-release-osx-x86_64 0.2.3 NOTE
r-oldrel-windows-ix86+x86_64 0.2.3 155.00 122.00 277.00 OK
r-oldrel-osx-x86_64 0.2.3 NOTE

Check Details

Version: 0.2.3
Check: compiled code
Result: NOTE
    File ‘RcppBDT/libs/RcppBDT.so’:
     Found no calls to: ‘R_registerRoutines’, ‘R_useDynamicSymbols’
    
    It is good practice to register native routines and to disable symbol
    search.
    
    See ‘Writing portable packages’ in the ‘Writing R Extensions’ manual.
Flavors: r-devel-linux-x86_64-debian-clang, r-devel-linux-x86_64-debian-gcc, r-devel-linux-x86_64-fedora-clang, r-devel-linux-x86_64-fedora-gcc, r-patched-linux-x86_64, r-release-linux-x86_64

Version: 0.2.3
Check: installed package size
Result: NOTE
     installed size is 8.4Mb
     sub-directories of 1Mb or more:
     libs 8.2Mb
Flavors: r-devel-linux-x86_64-fedora-clang, r-devel-linux-x86_64-fedora-gcc, r-release-osx-x86_64, r-oldrel-osx-x86_64