CRAN Package Check Results for Package RcppBDT

Last updated on 2017-04-26 12:47:36.

Flavor Version Tinstall Tcheck Ttotal Status Flags
r-devel-linux-x86_64-debian-clang 0.2.3 43.17 38.45 81.62 NOTE
r-devel-linux-x86_64-debian-gcc 0.2.3 46.87 38.45 85.32 NOTE
r-devel-linux-x86_64-fedora-clang 0.2.3 168.62 NOTE --no-stop-on-test-error
r-devel-linux-x86_64-fedora-gcc 0.2.3 166.96 NOTE --no-stop-on-test-error
r-devel-windows-ix86+x86_64 0.2.3 207.00 139.00 346.00 OK
r-patched-linux-x86_64 0.2.3 41.29 38.37 79.66 NOTE
r-patched-solaris-sparc 0.2.3 887.50 OK
r-patched-solaris-x86 0.2.3 178.90 OK
r-release-linux-x86_64 0.2.3 40.65 39.12 79.77 NOTE
r-release-windows-ix86+x86_64 0.2.3 138.00 108.00 246.00 OK
r-release-osx-x86_64 0.2.3 NOTE
r-oldrel-windows-ix86+x86_64 0.2.3 145.00 129.00 274.00 OK
r-oldrel-osx-x86_64 0.2.3 NOTE

Check Details

Version: 0.2.3
Check: compiled code
Result: NOTE
    File ‘RcppBDT/libs/RcppBDT.so’:
     Found no calls to: ‘R_registerRoutines’, ‘R_useDynamicSymbols’
    
    It is good practice to register native routines and to disable symbol
    search.
    
    See ‘Writing portable packages’ in the ‘Writing R Extensions’ manual.
Flavors: r-devel-linux-x86_64-debian-clang, r-devel-linux-x86_64-debian-gcc, r-patched-linux-x86_64, r-release-linux-x86_64

Version: 0.2.3
Flags: --no-stop-on-test-error
Check: installed package size
Result: NOTE
     installed size is 7.9Mb
     sub-directories of 1Mb or more:
     libs 7.7Mb
Flavors: r-devel-linux-x86_64-fedora-clang, r-devel-linux-x86_64-fedora-gcc

Version: 0.2.3
Flags: --no-stop-on-test-error
Check: compiled code
Result: NOTE
    File ‘RcppBDT/libs/RcppBDT.so’:
     Found no calls to: ‘R_registerRoutines’, ‘R_useDynamicSymbols’
    
    It is good practice to register native routines and to disable symbol
    search.
    
    See ‘Writing portable packages’ in the ‘Writing R Extensions’ manual.
Flavors: r-devel-linux-x86_64-fedora-clang, r-devel-linux-x86_64-fedora-gcc

Version: 0.2.3
Check: installed package size
Result: NOTE
     installed size is 6.7Mb
     sub-directories of 1Mb or more:
     libs 6.5Mb
Flavors: r-release-osx-x86_64, r-oldrel-osx-x86_64