CRAN Package Check Results for Package RcppBDT

Last updated on 2016-12-07 03:48:12.

Flavor Version Tinstall Tcheck Ttotal Status Flags
r-devel-linux-x86_64-debian-clang 0.2.3 42.57 39.07 81.64 OK
r-devel-linux-x86_64-debian-gcc 0.2.3 47.26 38.89 86.16 OK
r-devel-linux-x86_64-fedora-clang 0.2.3 163.76 NOTE --no-stop-on-test-error
r-devel-linux-x86_64-fedora-gcc 0.2.3 173.12 NOTE --no-stop-on-test-error
r-devel-macos-x86_64-clang 0.2.3 113.77 OK --no-stop-on-test-error
r-devel-windows-ix86+x86_64 0.2.3 150.00 93.00 243.00 OK
r-patched-linux-x86_64 0.2.3 41.27 33.06 74.33 OK
r-patched-solaris-sparc 0.2.3 820.20 OK
r-patched-solaris-x86 0.2.3 165.90 OK
r-release-linux-x86_64 0.2.3 40.76 34.04 74.80 OK
r-release-osx-x86_64-mavericks 0.2.3 NOTE
r-release-windows-ix86+x86_64 0.2.3 132.00 111.00 243.00 OK
r-oldrel-windows-ix86+x86_64 0.2.3 159.00 105.00 264.00 OK

Check Details

Version: 0.2.3
Flags: --no-stop-on-test-error
Check: installed package size
Result: NOTE
     installed size is 7.4Mb
     sub-directories of 1Mb or more:
     libs 7.1Mb
Flavors: r-devel-linux-x86_64-fedora-clang, r-devel-linux-x86_64-fedora-gcc

Version: 0.2.3
Check: installed package size
Result: NOTE
     installed size is 7.2Mb
     sub-directories of 1Mb or more:
     libs 7.0Mb
Flavor: r-release-osx-x86_64-mavericks