CRAN Package Check Results for Package Rcpp

Last updated on 2016-02-13 22:47:36.

Flavor Version Tinstall Tcheck Ttotal Status Flags
r-devel-linux-x86_64-debian-gcc 0.12.3 22.34 62.05 84.39 NOTE
r-devel-linux-x86_64-fedora-clang 0.12.3 180.07 NOTE
r-devel-linux-x86_64-fedora-gcc 0.12.3 164.08 NOTE
r-devel-osx-x86_64-clang 0.12.3 184.35 NOTE
r-devel-windows-ix86+x86_64 0.12.3 105.00 144.00 249.00 NOTE
r-patched-linux-x86_64 0.12.3 22.48 85.09 107.58 NOTE
r-patched-solaris-sparc 0.12.3 1061.50 NOTE
r-patched-solaris-x86 0.12.3 231.80 NOTE
r-release-linux-x86_64 0.12.3 22.32 85.68 108.00 NOTE
r-release-osx-x86_64-mavericks 0.12.3 NOTE
r-release-windows-ix86+x86_64 0.12.3 112.00 187.00 299.00 NOTE
r-oldrel-windows-ix86+x86_64 0.12.3 116.00 225.00 341.00 WARN

Memtest notes: clang-UBSAN

Check Details

Version: 0.12.3
Check: installed package size
Result: NOTE
     installed size is 12.9Mb
     sub-directories of 1Mb or more:
     doc 1.7Mb
     include 6.1Mb
     libs 3.6Mb
Flavors: r-devel-linux-x86_64-debian-gcc, r-devel-linux-x86_64-fedora-clang, r-devel-linux-x86_64-fedora-gcc, r-devel-osx-x86_64-clang, r-devel-windows-ix86+x86_64, r-patched-linux-x86_64, r-patched-solaris-sparc, r-patched-solaris-x86, r-release-linux-x86_64, r-release-osx-x86_64-mavericks, r-release-windows-ix86+x86_64, r-oldrel-windows-ix86+x86_64

Version: 0.12.3
Check: foreign function calls
Result: NOTE
    Registration problem:
     symbol ‘symbol’ in the local frame:
     .Call(symbol)
    See chapter ‘System and foreign language interfaces’ in the ‘Writing R
    Extensions’ manual.
Flavor: r-devel-linux-x86_64-fedora-clang

Version: 0.12.3
Check: re-building of vignette outputs
Result: NOTE
    Error in re-building vignettes:
     ...
    Loading required package: highlight
    Error in texi2dvi(file = file, pdf = TRUE, clean = clean, quiet = quiet, :
     Running 'texi2dvi' on 'Rcpp-introduction.tex' failed.
    LaTeX errors:
    ! LaTeX Error: Missing \begin{document}.
    
    See the LaTeX manual or LaTeX Companion for explanation.
    Type H <return> for immediate help.
     ...
    ! LaTeX Error: Bad math environment delimiter.
    
    See the LaTeX manual or LaTeX Companion for explanation.
    Type H <return> for immediate help.
     ...
    ! Please use \mathaccent for accents in math mode.
    \add@accent ...@spacefactor \spacefactor }\accent
     #1 #2\egroup \spacefactor ...
    l.31 !r<b9><dc><e8><e8>(^^]<a4><b9><b9>\.^^V
     <8b><d5><eb>u԰<e5>0l<db><ce>f<b3><88>-<d1>^^O*^^W<d5>j5<9b><cd>6<f1>+-<98>^^SeF<94><c1>u]o4^^ZB<88><d1><d1>Q!...
    ! You can't use `\spacefactor' in math mode.
    \add@accent ...}\accent #1 #2\egroup \spacefactor
     \accent@spacefactor
    l.31 !r<b
    Calls: buildVignettes -> texi2pdf -> texi2dvi
    Execution halted
Flavor: r-release-osx-x86_64-mavericks

Version: 0.12.3
Check: package subdirectories
Result: WARN
    Problems with news in 'inst/NEWS.Rd':
     inst/NEWS.Rd:166: unknown macro '\CRANpkg'
     inst/NEWS.Rd:346: unknown macro '\CRANpkg'
     inst/NEWS.Rd:348: unknown macro '\CRANpkg'
     inst/NEWS.Rd:354: unknown macro '\CRANpkg'
     inst/NEWS.Rd:397: unknown macro '\CRANpkg'
     inst/NEWS.Rd:448: unknown macro '\CRANpkg'
     inst/NEWS.Rd:487: unknown macro '\CRANpkg'
Flavor: r-oldrel-windows-ix86+x86_64