CRAN Package Check Results for Package Rcpp

Last updated on 2015-10-09 17:47:40.

Flavor Version Tinstall Tcheck Ttotal Status Flags
r-devel-linux-x86_64-debian-gcc 0.12.1 25.98 85.84 111.82 NOTE
r-devel-linux-x86_64-fedora-clang 0.12.1 234.60 NOTE
r-devel-linux-x86_64-fedora-gcc 0.12.1 209.73 NOTE
r-devel-osx-x86_64-clang 0.12.1 173.23 NOTE
r-devel-windows-ix86+x86_64 0.12.1 114.00 250.00 364.00 NOTE
r-patched-linux-x86_64 0.12.1 24.39 87.02 111.40 NOTE
r-patched-solaris-sparc 0.12.1 1260.80 NOTE
r-patched-solaris-x86 0.12.1 226.50 NOTE
r-release-linux-x86_64 0.12.1 24.50 89.45 113.95 NOTE
r-release-osx-x86_64-mavericks 0.12.1 NOTE
r-release-windows-ix86+x86_64 0.12.1 104.00 179.00 283.00 NOTE
r-oldrel-windows-ix86+x86_64 0.12.1 115.00 308.00 423.00 NOTE

Memtest notes: clang-UBSAN

Check Details

Version: 0.12.1
Check: installed package size
Result: NOTE
     installed size is 13.2Mb
     sub-directories of 1Mb or more:
     doc 1.7Mb
     include 6.1Mb
     libs 4.0Mb
Flavors: r-devel-linux-x86_64-debian-gcc, r-devel-linux-x86_64-fedora-clang, r-devel-linux-x86_64-fedora-gcc, r-devel-osx-x86_64-clang, r-devel-windows-ix86+x86_64, r-patched-linux-x86_64, r-patched-solaris-sparc, r-patched-solaris-x86, r-release-linux-x86_64, r-release-osx-x86_64-mavericks, r-release-windows-ix86+x86_64, r-oldrel-windows-ix86+x86_64

Version: 0.12.1
Check: foreign function calls
Result: NOTE
    Registration problem:
     symbol ‘symbol’ in the local frame:
    See chapter ‘System and foreign language interfaces’ in the ‘Writing R
    Extensions’ manual.
Flavor: r-devel-linux-x86_64-fedora-clang

Version: 0.12.1
Check: re-building of vignette outputs
Result: NOTE
    Error in re-building vignettes:
    Loading required package: highlight
    Error in texi2dvi(file = file, pdf = TRUE, clean = clean, quiet = quiet, :
     Running 'texi2dvi' on 'Rcpp-introduction.tex' failed.
    LaTeX errors:
    ! LaTeX Error: Missing \begin{document}.
    See the LaTeX manual or LaTeX Companion for explanation.
    Type H <return> for immediate help.
    ! Undefined control sequence.
    l.17 ...<eb><dc>z^^P<c3>0<80><da>/<be><f8><a2><a2>(DdY<96><a6>i<99>LF<d7><f5>Su5??<af>i^^Zb <e7>\<92>
    The control sequence at the end of the top line
    of your error message was never \def'ed. If you have
    ! Undefined control sequence.
    l.23 y<f8>E<db>1<9f>.<ee>q<ce>3<99><8c><aa><aa>ȤM<d3><d4>u]<d7>u<a1>^^[^^F<87>k<b9>\<e6>
    The control sequence at the end of the top line
    of your error message was never \def'ed. If you have
    ! Missing $ inserted.
    <inserted text>
    l.23 ...t]<cf>d2'^^D^^U<c8>)<9c>suu<d5><fb>qzz:<9f
    Calls: buildVignettes -> texi2pdf -> texi2dvi
    Execution halted
Flavor: r-release-osx-x86_64-mavericks