CRAN Package Check Results for Package Rcpp

Last updated on 2014-04-16 11:47:25.

Flavor Version Tinstall Tcheck Ttotal Status Flags
r-devel-linux-x86_64-debian-clang 0.11.1 21.25 93.28 114.53 NOTE
r-devel-linux-x86_64-debian-gcc 0.11.1 21.68 93.25 114.93 NOTE
r-devel-linux-x86_64-fedora-clang 0.11.1 255.80 NOTE
r-devel-linux-x86_64-fedora-gcc 0.11.1 240.05 NOTE
r-devel-macosx-x86_64-clang 0.11.1 231.58 NOTE
r-devel-macosx-x86_64-gcc 0.11.1 NOTE
r-devel-windows-ix86+x86_64 0.11.1 72.00 242.00 314.00 NOTE
r-patched-linux-x86_64 0.11.1 22.11 92.08 114.19 NOTE
r-patched-solaris-sparc 0.11.1 1134.90 NOTE
r-patched-solaris-x86 0.11.1 247.40 NOTE
r-release-linux-ix86 0.11.1 46.00 183.00 229.00 NOTE
r-release-linux-x86_64 0.11.1 22.33 93.28 115.62 NOTE
r-release-macosx-x86_64 0.11.1 NOTE
r-release-windows-ix86+x86_64 0.11.1 105.00 237.00 342.00 NOTE
r-oldrel-windows-ix86+x86_64 0.11.1 52.00 163.00 215.00 NOTE

Memtest notes: UBSAN

Check Details

Version: 0.11.1
Check: installed package size
Result: NOTE
     installed size is 12.1Mb
     sub-directories of 1Mb or more:
     doc 1.6Mb
     include 6.7Mb
     libs 2.5Mb
Flavors: r-devel-linux-x86_64-debian-clang, r-devel-linux-x86_64-debian-gcc, r-devel-linux-x86_64-fedora-clang, r-devel-linux-x86_64-fedora-gcc, r-devel-macosx-x86_64-clang, r-devel-macosx-x86_64-gcc, r-devel-windows-ix86+x86_64, r-patched-linux-x86_64, r-patched-solaris-sparc, r-patched-solaris-x86, r-release-linux-ix86, r-release-linux-x86_64, r-release-macosx-x86_64, r-release-windows-ix86+x86_64, r-oldrel-windows-ix86+x86_64

Version: 0.11.1
Check: foreign function calls
Result: NOTE
    Registration problem:
     symbol ‘symbol’ in the local frame:
     .Call(symbol)
    See the chapter ‘System and foreign language interfaces’ of the
    ‘Writing R Extensions’ manual.
Flavor: r-devel-linux-x86_64-fedora-clang