CRAN Package Check Results for Package Rcpp

Last updated on 2014-09-20 13:48:17.

Flavor Version Tinstall Tcheck Ttotal Status Flags
r-devel-linux-x86_64-debian-clang 0.11.2 20.12 88.60 108.72 NOTE
r-devel-linux-x86_64-debian-gcc 0.11.2 23.12 89.94 113.06 NOTE
r-devel-linux-x86_64-fedora-clang 0.11.2 238.49 NOTE
r-devel-linux-x86_64-fedora-gcc 0.11.2 219.68 NOTE
r-devel-osx-x86_64-clang 0.11.2 224.06 NOTE
r-devel-windows-ix86+x86_64 0.11.2 70.00 176.00 246.00 NOTE
r-patched-linux-x86_64 0.11.2 22.44 93.70 116.14 NOTE
r-patched-solaris-sparc 0.11.2 1363.00 NOTE
r-patched-solaris-x86 0.11.2 255.80 NOTE
r-release-linux-ix86 0.11.2 29.74 121.25 151.00 NOTE
r-release-linux-x86_64 0.11.2 23.06 92.99 116.05 NOTE
r-release-osx-x86_64-mavericks 0.11.2 NOTE
r-release-osx-x86_64-snowleopard 0.11.2 NOTE
r-release-windows-ix86+x86_64 0.11.2 68.00 186.00 254.00 NOTE
r-oldrel-windows-ix86+x86_64 0.11.2 47.00 164.00 211.00 NOTE

Memtest notes: UBSAN

Check Details

Version: 0.11.2
Check: installed package size
Result: NOTE
     installed size is 12.8Mb
     sub-directories of 1Mb or more:
     doc 1.6Mb
     include 6.7Mb
     libs 3.1Mb
Flavors: r-devel-linux-x86_64-debian-clang, r-devel-linux-x86_64-debian-gcc, r-devel-linux-x86_64-fedora-clang, r-devel-linux-x86_64-fedora-gcc, r-devel-osx-x86_64-clang, r-devel-windows-ix86+x86_64, r-patched-linux-x86_64, r-patched-solaris-sparc, r-patched-solaris-x86, r-release-linux-ix86, r-release-linux-x86_64, r-release-osx-x86_64-mavericks, r-release-osx-x86_64-snowleopard, r-release-windows-ix86+x86_64, r-oldrel-windows-ix86+x86_64

Version: 0.11.2
Check: R code for possible problems
Result: NOTE
    test: no visible global function definition for ‘defineTestSuite’
    test: no visible global function definition for ‘runTestSuite’
    test: no visible global function definition for ‘printTextProtocol’
Flavors: r-devel-linux-x86_64-debian-clang, r-devel-linux-x86_64-debian-gcc, r-devel-linux-x86_64-fedora-clang, r-devel-linux-x86_64-fedora-gcc, r-devel-osx-x86_64-clang, r-devel-windows-ix86+x86_64

Version: 0.11.2
Check: foreign function calls
Result: NOTE
    Registration problem:
     symbol ‘symbol’ in the local frame:
     .Call(symbol)
    See the chapter ‘System and foreign language interfaces’ of the
    ‘Writing R Extensions’ manual.
Flavor: r-devel-linux-x86_64-fedora-clang

Version: 0.11.2
Check: re-building of vignette outputs
Result: NOTE
    Error in re-building vignettes:
     ...
    Loading required package: inline
    Loading required package: highlight
    
    Attaching package: ‘Rcpp’
    
    The following object is masked from ‘package:inline’:
    
     registerPlugin
    
    Error in texi2dvi(file = file, pdf = TRUE, clean = clean, quiet = quiet, :
     Running 'texi2dvi' on 'Rcpp-FAQ.tex' failed.
    LaTeX errors:
    ! LaTeX Error: File `vmargin.sty' not found.
    
    Type X to quit or <RETURN> to proceed,
    or enter new name. (Default extension: sty)
    
    st/Rcpp/vignettes/Rcpp-FAQ.tex:381: ==> Fatal error occurred, no output PDF fi
    le produced!
    Calls: buildVignettes -> texi2pdf -> texi2dvi
    Execution halted
Flavor: r-release-osx-x86_64-mavericks