CRAN Package Check Results for Package Rcpp

Last updated on 2015-04-27 17:48:28.

Flavor Version Tinstall Tcheck Ttotal Status Flags
r-devel-linux-x86_64-debian-clang 0.11.5 23.57 39.68 63.25 ERROR
r-devel-linux-x86_64-debian-gcc 0.11.5 24.93 40.20 65.13 ERROR
r-devel-linux-x86_64-fedora-clang 0.11.5 127.90 ERROR
r-devel-linux-x86_64-fedora-gcc 0.11.5 117.78 ERROR
r-devel-osx-x86_64-clang 0.11.5 88.03 ERROR
r-devel-windows-ix86+x86_64 0.11.5 83.00 77.00 160.00 ERROR
r-patched-linux-x86_64 0.11.5 24.23 39.68 63.92 ERROR
r-patched-solaris-sparc 0.11.5 610.10 ERROR
r-patched-solaris-x86 0.11.5 139.00 ERROR
r-release-linux-x86_64 0.11.5 24.16 40.22 64.39 ERROR
r-release-osx-x86_64-mavericks 0.11.5 ERROR
r-release-osx-x86_64-snowleopard 0.11.5 NOTE
r-release-windows-ix86+x86_64 0.11.5 64.00 68.00 132.00 ERROR
r-oldrel-windows-ix86+x86_64 0.11.5 68.00 73.00 141.00 ERROR

Memtest notes: UBSAN

Check Details

Version: 0.11.5
Check: installed package size
Result: NOTE
     installed size is 12.1Mb
     sub-directories of 1Mb or more:
     doc 1.7Mb
     include 6.1Mb
     libs 2.8Mb
Flavors: r-devel-linux-x86_64-debian-clang, r-devel-linux-x86_64-debian-gcc, r-devel-linux-x86_64-fedora-clang, r-devel-linux-x86_64-fedora-gcc, r-devel-osx-x86_64-clang, r-devel-windows-ix86+x86_64, r-patched-solaris-sparc, r-patched-solaris-x86, r-release-linux-x86_64, r-release-osx-x86_64-mavericks, r-release-osx-x86_64-snowleopard, r-release-windows-ix86+x86_64, r-oldrel-windows-ix86+x86_64

Version: 0.11.5
Check: running R code from vignettes
Result: ERROR
    Errors in running code in vignettes:
    when running code in ‘Rcpp-FAQ.Rnw’
     ...
    > res
    [1] 104.5
    
    > stopifnot(identical(res, sum(seq(1, 10, by = 0.5))))
    
    > cppFunction("double accu(NumericVector x) {\n return(std::accumulate(x.begin(), x.end(), 0.0));\n}")
    
     When sourcing ‘Rcpp-FAQ.R’:
    Error: could not find function "cppFunction"
    Execution halted
Flavors: r-devel-linux-x86_64-debian-clang, r-devel-linux-x86_64-debian-gcc, r-devel-linux-x86_64-fedora-clang, r-devel-linux-x86_64-fedora-gcc, r-devel-osx-x86_64-clang, r-devel-windows-ix86+x86_64, r-patched-solaris-sparc, r-patched-solaris-x86, r-release-linux-x86_64, r-release-windows-ix86+x86_64, r-oldrel-windows-ix86+x86_64

Version: 0.11.5
Check: re-building of vignette outputs
Result: NOTE
    Error in re-building vignettes:
     ...
    Loading required package: inline
    Loading required package: highlight
    
    Error: processing vignette ‘Rcpp-FAQ.Rnw’ failed with diagnostics:
     chunk 7
    Error in eval(expr, envir, enclos) :
     could not find function "cppFunction"
    Execution halted
Flavors: r-devel-linux-x86_64-debian-clang, r-devel-linux-x86_64-debian-gcc, r-devel-linux-x86_64-fedora-clang, r-devel-linux-x86_64-fedora-gcc, r-devel-osx-x86_64-clang, r-devel-windows-ix86+x86_64, r-patched-solaris-sparc, r-patched-solaris-x86, r-release-linux-x86_64, r-release-windows-ix86+x86_64

Version: 0.11.5
Check: foreign function calls
Result: NOTE
    Registration problem:
     symbol ‘symbol’ in the local frame:
     .Call(symbol)
    See chapter ‘System and foreign language interfaces’ in the ‘Writing R
    Extensions’ manual.
Flavor: r-devel-linux-x86_64-fedora-clang

Version: 0.11.5
Check: running R code from vignettes
Result: ERROR
    Errors in running code in vignettes:
    when running code in ‘Rcpp-FAQ.Rnw’
     ...
    > res
    [1] 104.5
    
    > stopifnot(identical(res, sum(seq(1, 10, by = 0.5))))
    
    > cppFunction("double accu(NumericVector x) {\n return(std::accumulate(x.begin(), x.end(), 0.0));\n}")
    
     When sourcing ‘Rcpp-FAQ.R’:
    Error: could not find function "cppFunction"
    Execution halted
    when running code in ‘Rcpp-extending.Rnw’
     ...
    
    > code <- "\n// we get a list from R\nList input(input_) ;\n\n// pull std::vector<double> from R list\n// this is achieved through an implicit call to ..." ... [TRUNCATED]
    
    > writeLines(code, "code.cpp")
    
    > external_highlight("code.cpp", type = "LATEX", doc = FALSE)
    
     When sourcing ‘Rcpp-extending.R’:
    Error: "HighlightMain" not available for .Call() for package "highlight"
    Execution halted
Flavor: r-release-osx-x86_64-mavericks

Version: 0.11.5
Check: re-building of vignette outputs
Result: NOTE
    Error in re-building vignettes:
     ...
    Loading required package: inline
    Loading required package: highlight
    Error: processing vignette 'Rcpp-FAQ.Rnw' failed with diagnostics:
    "top_level" not available for .Call() for package "highlight"
    Execution halted
Flavor: r-release-osx-x86_64-mavericks