CRAN Package Check Results for Package Rcpp

Last updated on 2015-11-27 17:47:37.

Flavor Version Tinstall Tcheck Ttotal Status Flags
r-devel-linux-x86_64-debian-gcc 0.12.2 24.05 85.99 110.04 NOTE
r-devel-linux-x86_64-fedora-clang 0.12.2 237.95 NOTE
r-devel-linux-x86_64-fedora-gcc 0.12.2 210.04 NOTE
r-devel-osx-x86_64-clang 0.12.2 249.33 NOTE
r-devel-windows-ix86+x86_64 0.12.2 114.00 171.00 285.00 NOTE
r-patched-linux-x86_64 0.12.2 23.94 87.62 111.56 NOTE
r-patched-solaris-sparc 0.12.2 1264.50 NOTE
r-patched-solaris-x86 0.12.2 227.40 NOTE
r-release-linux-x86_64 0.12.2 24.52 88.79 113.31 NOTE
r-release-osx-x86_64-mavericks 0.12.2 NOTE
r-release-windows-ix86+x86_64 0.12.2 112.00 181.00 293.00 NOTE
r-oldrel-windows-ix86+x86_64 0.12.2 111.00 213.00 324.00 WARN

Memtest notes: clang-UBSAN

Check Details

Version: 0.12.2
Check: installed package size
Result: NOTE
     installed size is 12.9Mb
     sub-directories of 1Mb or more:
     doc 1.7Mb
     include 6.1Mb
     libs 3.6Mb
Flavors: r-devel-linux-x86_64-debian-gcc, r-devel-linux-x86_64-fedora-clang, r-devel-linux-x86_64-fedora-gcc, r-devel-osx-x86_64-clang, r-devel-windows-ix86+x86_64, r-patched-linux-x86_64, r-patched-solaris-sparc, r-patched-solaris-x86, r-release-linux-x86_64, r-release-osx-x86_64-mavericks, r-release-windows-ix86+x86_64, r-oldrel-windows-ix86+x86_64

Version: 0.12.2
Check: foreign function calls
Result: NOTE
    Registration problem:
     symbol ‘symbol’ in the local frame:
    See chapter ‘System and foreign language interfaces’ in the ‘Writing R
    Extensions’ manual.
Flavor: r-devel-linux-x86_64-fedora-clang

Version: 0.12.2
Check: re-building of vignette outputs
Result: NOTE
    Error in re-building vignettes:
    Loading required package: highlight
    Error in texi2dvi(file = file, pdf = TRUE, clean = clean, quiet = quiet, :
     Running 'texi2dvi' on 'Rcpp-introduction.tex' failed.
    LaTeX errors:
    ! LaTeX Error: Missing \begin{document}.
    See the LaTeX manual or LaTeX Companion for explanation.
    Type H <return> for immediate help.
    ! Undefined control sequence.
    l.17 ...<eb><dc>z^^P<c3>0<80><da>/<be><f8><a2><a2>(DdY<96><a6>i<99>LF<d7><f5>Su5??<af>i^^Zb <e7>\<92>
    The control sequence at the end of the top line
    of your error message was never \def'ed. If you have
    ! Undefined control sequence.
    l.23 y<f8>E<db>1<9f>.<ee>q<ce>3<99><8c><aa><aa>ȤM<d3><d4>u]<d7>u<a1>^^[^^F<87>k<b9>\<e6>
    The control sequence at the end of the top line
    of your error message was never \def'ed. If you have
    ! Missing $ inserted.
    <inserted text>
    l.23 ...t]<cf>d2'^^D^^U<c8>)<9c>suu<d5><fb>qzz:<9f
    Calls: buildVignettes -> texi2pdf -> texi2dvi
    Execution halted
Flavor: r-release-osx-x86_64-mavericks

Version: 0.12.2
Check: package subdirectories
Result: WARN
    Problems with news in 'inst/NEWS.Rd':
     inst/NEWS.Rd:134: unknown macro '\CRANpkg'
     inst/NEWS.Rd:314: unknown macro '\CRANpkg'
     inst/NEWS.Rd:316: unknown macro '\CRANpkg'
     inst/NEWS.Rd:322: unknown macro '\CRANpkg'
     inst/NEWS.Rd:365: unknown macro '\CRANpkg'
     inst/NEWS.Rd:416: unknown macro '\CRANpkg'
     inst/NEWS.Rd:455: unknown macro '\CRANpkg'
Flavor: r-oldrel-windows-ix86+x86_64