CRAN Package Check Results for Package Rcpp

Last updated on 2017-02-26 03:50:18.

Flavor Version Tinstall Tcheck Ttotal Status Flags
r-devel-linux-x86_64-debian-clang 0.12.9 26.89 78.29 105.18 NOTE
r-devel-linux-x86_64-debian-gcc 0.12.9 27.19 76.71 103.90 NOTE
r-devel-linux-x86_64-fedora-clang 0.12.9 207.12 NOTE --no-stop-on-test-error
r-devel-linux-x86_64-fedora-gcc 0.12.9 196.10 NOTE --no-stop-on-test-error
r-devel-macos-x86_64-clang 0.12.9 160.69 NOTE --no-stop-on-test-error
r-devel-windows-ix86+x86_64 0.12.9 135.00 285.00 420.00 NOTE
r-patched-linux-x86_64 0.12.9 23.41 71.45 94.86 OK
r-patched-solaris-sparc 0.12.9 62.80 ERROR
r-patched-solaris-x86 0.12.9 13.90 ERROR
r-release-linux-x86_64 0.12.9 23.90 71.72 95.62 OK
r-release-osx-x86_64-mavericks 0.12.9 NOTE
r-release-windows-ix86+x86_64 0.12.9 122.00 282.00 404.00 NOTE
r-oldrel-windows-ix86+x86_64 0.12.9 156.00 236.00 392.00 NOTE

Check Details

Version: 0.12.9
Check: compiled code
Result: NOTE
    File ‘Rcpp/libs/Rcpp.so’:
     Found no call to: ‘R_useDynamicSymbols’
    
    It is good practice to register native routines and to disable symbol
    search.
    
    See ‘Writing portable packages’ in the ‘Writing R Extensions’ manual.
Flavors: r-devel-linux-x86_64-debian-clang, r-devel-linux-x86_64-debian-gcc

Version: 0.12.9
Flags: --no-stop-on-test-error
Check: installed package size
Result: NOTE
     installed size is 12.7Mb
     sub-directories of 1Mb or more:
     doc 1.6Mb
     include 6.3Mb
     libs 3.1Mb
Flavors: r-devel-linux-x86_64-fedora-clang, r-devel-linux-x86_64-fedora-gcc, r-devel-macos-x86_64-clang

Version: 0.12.9
Flags: --no-stop-on-test-error
Check: foreign function calls
Result: NOTE
    Registration problem:
     symbol ‘symbol’ in the local frame:
     .Call(symbol)
    See chapter ‘System and foreign language interfaces’ in the ‘Writing R
    Extensions’ manual.
Flavor: r-devel-linux-x86_64-fedora-clang

Version: 0.12.9
Flags: --no-stop-on-test-error
Check: compiled code
Result: NOTE
    File ‘Rcpp/libs/Rcpp.so’:
     Found no call to: ‘R_useDynamicSymbols’
    
    It is good practice to register native routines and to disable symbol
    search.
    
    See ‘Writing portable packages’ in the ‘Writing R Extensions’ manual.
Flavors: r-devel-linux-x86_64-fedora-clang, r-devel-linux-x86_64-fedora-gcc, r-devel-macos-x86_64-clang

Version: 0.12.9
Check: installed package size
Result: NOTE
     installed size is 11.3Mb
     sub-directories of 1Mb or more:
     doc 1.6Mb
     include 6.3Mb
     libs 2.0Mb
Flavors: r-devel-windows-ix86+x86_64, r-release-osx-x86_64-mavericks, r-release-windows-ix86+x86_64, r-oldrel-windows-ix86+x86_64

Version: 0.12.9
Check: whether package can be installed
Result: ERROR
    Installation failed.
Flavors: r-patched-solaris-sparc, r-patched-solaris-x86

Version: 0.12.9
Check: re-building of vignette outputs
Result: NOTE
    Error in re-building vignettes:
     ...
    Warning in grepl("(Rerun to get|biblatex.*\\(re\\)run)", readLines(log, :
     input string 379 is invalid in this locale
    Error in texi2dvi(file = file, pdf = TRUE, clean = clean, quiet = quiet, :
     Running 'texi2dvi' on 'Rcpp-introduction.tex' failed.
    LaTeX errors:
    ! LaTeX Error: Missing \begin{document}.
    
    See the LaTeX manual or LaTeX Companion for explanation.
    Type H <return> for immediate help.
     ...
    ! Extra }, or forgotten \endgroup.
    l.21 ...^E}۽c<86>HgI^^[]x<bb><f7>ώ<d6>a<8b>Mӄ<87><89><ac><e3><c2><c2>^^Bclnn^^N}
     p<dc><c3>^^X<83><92>@g<ce>9<ec>><bc>-<c3>0|>_<ab><d5>""<c6>...
    I've deleted a group-closing symbol because it seems to be
    spurious, as in `$x}$'. But perhaps the } is legitimate and
    ! Missing $ inserted.
    <inserted text>
     $
    l.22 ...<ba><ae><b7>Z-8=<ed>v۲,8^^@^^Hm,<cb>"<a2><95><95>^^U<9f><cf><d7>n<b7><8b><c5>b8^^\^
     XX "EQЧR<a9><e8><ba>.<cb>2F&<a2>b<b1>^^X^^H...
    ! Please use \mathaccent for accents in math mode.
    \add@accent ...@spacefactor \spacefactor }\accent
    
    Calls: buildVignettes -> texi2pdf -> texi2dvi
    Execution halted
Flavor: r-release-osx-x86_64-mavericks