CRAN Package Check Results for Package Rcpp

Last updated on 2017-06-28 16:47:23.

Flavor Version Tinstall Tcheck Ttotal Status Flags
r-devel-linux-x86_64-debian-clang 0.12.11 29.31 82.30 111.61 NOTE
r-devel-linux-x86_64-debian-gcc 0.12.11 29.27 80.75 110.02 NOTE
r-devel-linux-x86_64-fedora-clang 0.12.11 223.35 NOTE
r-devel-linux-x86_64-fedora-gcc 0.12.11 207.81 NOTE
r-devel-windows-ix86+x86_64 0.12.11 97.00 250.00 347.00 NOTE
r-patched-linux-x86_64 0.12.11 27.42 81.29 108.71 NOTE
r-patched-solaris-sparc 0.12.11 977.10 NOTE
r-patched-solaris-x86 0.12.11 227.10 NOTE
r-release-linux-x86_64 0.12.11 27.84 81.66 109.51 NOTE
r-release-windows-ix86+x86_64 0.12.11 132.00 285.00 417.00 NOTE
r-release-osx-x86_64 0.12.11 NOTE
r-oldrel-windows-ix86+x86_64 0.12.11 126.00 268.00 394.00 NOTE
r-oldrel-osx-x86_64 0.12.11 NOTE

Additional issues

clang-UBSAN

Check Details

Version: 0.12.11
Check: foreign function calls
Result: NOTE
    Registration problem:
     symbol ‘symbol’ in the local frame:
     .Call(symbol)
    See chapter ‘System and foreign language interfaces’ in the ‘Writing R
    Extensions’ manual.
Flavors: r-devel-linux-x86_64-debian-clang, r-devel-linux-x86_64-debian-gcc, r-devel-linux-x86_64-fedora-clang, r-devel-linux-x86_64-fedora-gcc, r-patched-linux-x86_64, r-release-linux-x86_64

Version: 0.12.11
Check: installed package size
Result: NOTE
     installed size is 13.5Mb
     sub-directories of 1Mb or more:
     doc 1.7Mb
     include 6.4Mb
     libs 3.7Mb
Flavors: r-devel-linux-x86_64-fedora-clang, r-devel-linux-x86_64-fedora-gcc, r-devel-windows-ix86+x86_64, r-patched-solaris-sparc, r-patched-solaris-x86, r-release-windows-ix86+x86_64, r-release-osx-x86_64, r-oldrel-windows-ix86+x86_64, r-oldrel-osx-x86_64

Version: 0.12.11
Check: re-building of vignette outputs
Result: NOTE
    Error in re-building vignettes:
     ...
    Loading required package: inline
    
    Attaching package: ‘inline’
    
    The following object is masked from ‘package:Rcpp’:
    
     registerPlugin
    
    Loading required package: highlight
    Error in texi2dvi(file = file, pdf = TRUE, clean = clean, quiet = quiet, :
     Running 'texi2dvi' on 'Rcpp-FAQ.tex' failed.
    LaTeX errors:
    ! LaTeX Error: File `vmargin.sty' not found.
    
    Type X to quit or <RETURN> to proceed,
    or enter new name. (Default extension: sty)
    
    ! Emergency stop.
    <read *>
    
    l.383 \setmargrb
     {0.75in}{0.75in}{0.75in}{0.75in}^^M
    ! ==> Fatal error occurred, no output PDF file produced!
    Calls: buildVignettes -> texi2pdf -> texi2dvi
    Execution halted
Flavor: r-release-osx-x86_64

Version: 0.12.11
Check: dependencies in R code
Result: NOTE
    Missing or unexported object: 'tools::package_native_routine_registration_skeleton'
Flavors: r-oldrel-windows-ix86+x86_64, r-oldrel-osx-x86_64

Version: 0.12.11
Check: re-building of vignette outputs
Result: NOTE
    Error in re-building vignettes:
     ...
    Warning in grepl("(Rerun to get|biblatex.*\\(re\\)run)", readLines(log, :
     input string 379 is invalid in this locale
    Error in texi2dvi(file = file, pdf = TRUE, clean = clean, quiet = quiet, :
     Running 'texi2dvi' on 'Rcpp-introduction.tex' failed.
    LaTeX errors:
    ! LaTeX Error: Missing \begin{document}.
    
    See the LaTeX manual or LaTeX Companion for explanation.
    Type H <return> for immediate help.
     ...
    ! Extra }, or forgotten \endgroup.
    l.21 ...^E}۽c<86>HgI^^[]x<bb><f7>ώ<d6>a<8b>Mӄ<87><89><ac><e3><c2><c2>^^Bclnn^^N}
     p<dc><c3>^^X<83><92>@g<ce>9<ec>><bc>-<c3>0|>_<ab><d5>""<c6>...
    I've deleted a group-closing symbol because it seems to be
    spurious, as in `$x}$'. But perhaps the } is legitimate and
    ! Missing $ inserted.
    <inserted text>
     $
    l.22 ...<ba><ae><b7>Z-8=<ed>v۲,8^^@^^Hm,<cb>"<a2><95><95>^^U<9f><cf><d7>n<b7><8b><c5>b8^^\^
     XX "EQЧR<a9><e8><ba>.<cb>2F&<a2>b<b1>^^X^^H...
    ! Please use \mathaccent for accents in math mode.
    \add@accent ...@spacefactor \spacefactor }\accent
    
    Calls: buildVignettes -> texi2pdf -> texi2dvi
    Execution halted
Flavor: r-oldrel-osx-x86_64