CRAN Package Check Results for Package Rcpp

Last updated on 2017-04-28 11:53:45.

Flavor Version Tinstall Tcheck Ttotal Status Flags
r-devel-linux-x86_64-debian-clang 0.12.10 29.04 79.45 108.49 NOTE
r-devel-linux-x86_64-debian-gcc 0.12.10 27.34 77.15 104.49 NOTE
r-devel-linux-x86_64-fedora-clang 0.12.10 214.73 NOTE --no-stop-on-test-error
r-devel-linux-x86_64-fedora-gcc 0.12.10 197.06 NOTE --no-stop-on-test-error
r-devel-windows-ix86+x86_64 0.12.10 93.00 282.00 375.00 NOTE
r-patched-linux-x86_64 0.12.10 24.30 73.93 98.23 NOTE
r-patched-solaris-sparc 0.12.10 942.70 NOTE
r-patched-solaris-x86 0.12.10 219.00 NOTE
r-release-linux-x86_64 0.12.10 24.00 75.69 99.69 NOTE
r-release-windows-ix86+x86_64 0.12.10 133.00 219.00 352.00 NOTE
r-release-osx-x86_64 0.12.10 NOTE
r-oldrel-windows-ix86+x86_64 0.12.10 124.00 201.00 325.00 NOTE
r-oldrel-osx-x86_64 0.12.10 NOTE

Memtest notes: clang-UBSAN

Check Details

Version: 0.12.10
Check: foreign function calls
Result: NOTE
    Registration problem:
     symbol ‘symbol’ in the local frame:
     .Call(symbol)
    See chapter ‘System and foreign language interfaces’ in the ‘Writing R
    Extensions’ manual.
Flavors: r-devel-linux-x86_64-debian-clang, r-devel-linux-x86_64-debian-gcc, r-patched-linux-x86_64, r-release-linux-x86_64

Version: 0.12.10
Flags: --no-stop-on-test-error
Check: installed package size
Result: NOTE
     installed size is 13.2Mb
     sub-directories of 1Mb or more:
     doc 1.7Mb
     include 6.3Mb
     libs 3.5Mb
Flavors: r-devel-linux-x86_64-fedora-clang, r-devel-linux-x86_64-fedora-gcc

Version: 0.12.10
Flags: --no-stop-on-test-error
Check: foreign function calls
Result: NOTE
    Registration problem:
     symbol ‘symbol’ in the local frame:
     .Call(symbol)
    See chapter ‘System and foreign language interfaces’ in the ‘Writing R
    Extensions’ manual.
Flavors: r-devel-linux-x86_64-fedora-clang, r-devel-linux-x86_64-fedora-gcc

Version: 0.12.10
Check: installed package size
Result: NOTE
     installed size is 11.4Mb
     sub-directories of 1Mb or more:
     doc 1.7Mb
     include 6.3Mb
     libs 2.0Mb
Flavors: r-devel-windows-ix86+x86_64, r-patched-solaris-sparc, r-patched-solaris-x86, r-release-windows-ix86+x86_64, r-release-osx-x86_64, r-oldrel-windows-ix86+x86_64, r-oldrel-osx-x86_64

Version: 0.12.10
Check: re-building of vignette outputs
Result: NOTE
    Error in re-building vignettes:
     ...
    Loading required package: inline
    
    Attaching package: ‘inline’
    
    The following object is masked from ‘package:Rcpp’:
    
     registerPlugin
    
    Loading required package: highlight
    Error in texi2dvi(file = file, pdf = TRUE, clean = clean, quiet = quiet, :
     Running 'texi2dvi' on 'Rcpp-FAQ.tex' failed.
    LaTeX errors:
    ! LaTeX Error: File `vmargin.sty' not found.
    
    Type X to quit or <RETURN> to proceed,
    or enter new name. (Default extension: sty)
    
    ! Emergency stop.
    <read *>
    
    l.383 \setmargrb
     {0.75in}{0.75in}{0.75in}{0.75in}^^M
    ! ==> Fatal error occurred, no output PDF file produced!
    Calls: buildVignettes -> texi2pdf -> texi2dvi
    Execution halted
Flavor: r-release-osx-x86_64

Version: 0.12.10
Check: re-building of vignette outputs
Result: NOTE
    Error in re-building vignettes:
     ...
    Warning in grepl("(Rerun to get|biblatex.*\\(re\\)run)", readLines(log, :
     input string 379 is invalid in this locale
    Error in texi2dvi(file = file, pdf = TRUE, clean = clean, quiet = quiet, :
     Running 'texi2dvi' on 'Rcpp-introduction.tex' failed.
    LaTeX errors:
    ! LaTeX Error: Missing \begin{document}.
    
    See the LaTeX manual or LaTeX Companion for explanation.
    Type H <return> for immediate help.
     ...
    ! Extra }, or forgotten \endgroup.
    l.21 ...^E}۽c<86>HgI^^[]x<bb><f7>ώ<d6>a<8b>Mӄ<87><89><ac><e3><c2><c2>^^Bclnn^^N}
     p<dc><c3>^^X<83><92>@g<ce>9<ec>><bc>-<c3>0|>_<ab><d5>""<c6>...
    I've deleted a group-closing symbol because it seems to be
    spurious, as in `$x}$'. But perhaps the } is legitimate and
    ! Missing $ inserted.
    <inserted text>
     $
    l.22 ...<ba><ae><b7>Z-8=<ed>v۲,8^^@^^Hm,<cb>"<a2><95><95>^^U<9f><cf><d7>n<b7><8b><c5>b8^^\^
     XX "EQЧR<a9><e8><ba>.<cb>2F&<a2>b<b1>^^X^^H...
    ! Please use \mathaccent for accents in math mode.
    \add@accent ...@spacefactor \spacefactor }\accent
    
    Calls: buildVignettes -> texi2pdf -> texi2dvi
    Execution halted
Flavor: r-oldrel-osx-x86_64