CRAN Package Check Results for Package Rcpp

Last updated on 2015-02-27 16:47:58.

Flavor Version Tinstall Tcheck Ttotal Status Flags
r-devel-linux-x86_64-debian-clang 0.11.4 20.91 83.57 104.48 NOTE
r-devel-linux-x86_64-debian-gcc 0.11.4 23.06 85.73 108.79 NOTE
r-devel-linux-x86_64-fedora-clang 0.11.4 230.11 NOTE
r-devel-linux-x86_64-fedora-gcc 0.11.4 202.32 NOTE
r-devel-osx-x86_64-clang 0.11.4 207.45 NOTE
r-devel-windows-ix86+x86_64 0.11.4 114.00 179.00 293.00 NOTE
r-patched-linux-x86_64 0.11.4 22.96 98.72 121.67 NOTE
r-patched-solaris-sparc 0.11.4 1187.40 NOTE
r-patched-solaris-x86 NOTE
r-release-linux-ix86 0.11.4 29.77 133.30 163.06 NOTE
r-release-linux-x86_64 0.11.4 23.50 95.40 118.90 NOTE
r-release-osx-x86_64-mavericks 0.11.4 NOTE
r-release-osx-x86_64-snowleopard 0.11.4 NOTE
r-release-windows-ix86+x86_64 0.11.4 68.00 175.00 243.00 NOTE
r-oldrel-windows-ix86+x86_64 0.11.4 60.00 177.00 237.00 NOTE

Memtest notes: UBSAN-clang-trunk UBSAN

Check Details

Version: 0.11.4
Check: installed package size
Result: NOTE
     installed size is 12.3Mb
     sub-directories of 1Mb or more:
     doc 1.6Mb
     include 6.1Mb
     libs 3.1Mb
Flavors: r-devel-linux-x86_64-debian-clang, r-devel-linux-x86_64-debian-gcc, r-devel-linux-x86_64-fedora-clang, r-devel-linux-x86_64-fedora-gcc, r-devel-osx-x86_64-clang, r-devel-windows-ix86+x86_64, r-patched-linux-x86_64, r-patched-solaris-sparc, r-patched-solaris-x86, r-release-linux-ix86, r-release-linux-x86_64, r-release-osx-x86_64-mavericks, r-release-osx-x86_64-snowleopard, r-release-windows-ix86+x86_64, r-oldrel-windows-ix86+x86_64

Version: 0.11.4
Check: foreign function calls
Result: NOTE
    Registration problem:
     symbol ‘symbol’ in the local frame:
     .Call(symbol)
    See chapter ‘System and foreign language interfaces’ in the ‘Writing R
    Extensions’ manual.
Flavor: r-devel-linux-x86_64-fedora-clang

Version: 0.11.4
Check: re-building of vignette outputs
Result: NOTE
    Error in re-building vignettes:
     ...
    
    The following object is masked from ‘package:inline’:
    
     registerPlugin
    
    Error in texi2dvi(file = file, pdf = TRUE, clean = clean, quiet = quiet, :
     Running 'texi2dvi' on 'Rcpp-introduction.tex' failed.
    LaTeX errors:
    ! Undefined control sequence.
    l.15 ...^^Q<b0><c1>@^^Z(<9f><c3>j=;;<9e><ef>|<bf><f3><fd>5<df><ed>h4^^Ztq<a1><fc><d5>^^S8[\<92>
     w<9e>qI<de>y<c6>%y<e7>^^Y<97><e4><9d>g\<92>w<9e>qI<de>3<b0>...
    The control sequence at the end of the top line
    of your error message was never \def'ed. If you have
    ! Undefined control sequence.
    l.17 ...<b8>T*<c1><c3>D<d6>qzz<9a>1699<89>>8<ee>a<8c>AI<a0><b3>^^P^^Bv^^_<de>^^V<e7>\Q
     <94>z<bd>ND<8c><b1>|><df><dd><dd>MD<c7>;^^O9>NS8<9f><b3>...
    The control sequence at the end of the top line
    of your error message was never \def'ed. If you have
    ! Undefined control sequence.
    l.18 .s-<e7>^^Y^^W\<b5>
     \<92>w^^Bȼ<0b><f9>^^N<d0><fd>7m^^_<9a>^^_^^Qg<9b>^^H<b4>,<0b><e7>X<b0>^^\<d2>i<c4>)<b9>eY<db><db>ۏ^^_?<9e><9a><9a>...
    The control sequence at the end of the top line
    of your error message
    Calls: buildVignettes -> texi2pdf -> texi2dvi
    Execution halted
Flavor: r-release-osx-x86_64-mavericks