CRAN Package Check Results for Package Rcpp

Last updated on 2015-07-05 21:46:44.

Flavor Version Tinstall Tcheck Ttotal Status Flags
r-devel-linux-x86_64-debian-clang 0.11.6 22.18 88.02 110.20 NOTE
r-devel-linux-x86_64-debian-gcc 0.11.6 24.57 88.98 113.55 NOTE
r-devel-linux-x86_64-fedora-clang 0.11.6 235.30 NOTE
r-devel-linux-x86_64-fedora-gcc 0.11.6 214.20 NOTE
r-devel-osx-x86_64-clang 0.11.6 212.32 NOTE
r-devel-windows-ix86+x86_64 0.11.6 92.00 188.00 280.00 NOTE
r-patched-linux-x86_64 0.11.6 24.41 90.10 114.50 NOTE
r-patched-solaris-sparc 0.11.6 1368.30 NOTE
r-patched-solaris-x86 0.11.6 251.60 NOTE
r-release-linux-x86_64 0.11.6 24.60 90.62 115.22 NOTE
r-release-osx-x86_64-mavericks 0.11.6 NOTE
r-release-windows-ix86+x86_64 0.11.6 112.00 189.00 301.00 NOTE
r-oldrel-windows-ix86+x86_64 0.11.6 117.00 196.00 313.00 NOTE

Memtest notes: UBSAN

Check Details

Version: 0.11.6
Check: installed package size
Result: NOTE
     installed size is 12.1Mb
     sub-directories of 1Mb or more:
     doc 1.7Mb
     include 6.1Mb
     libs 2.9Mb
Flavors: r-devel-linux-x86_64-debian-clang, r-devel-linux-x86_64-debian-gcc, r-devel-linux-x86_64-fedora-clang, r-devel-linux-x86_64-fedora-gcc, r-devel-osx-x86_64-clang, r-devel-windows-ix86+x86_64, r-patched-linux-x86_64, r-patched-solaris-sparc, r-patched-solaris-x86, r-release-linux-x86_64, r-release-osx-x86_64-mavericks, r-release-windows-ix86+x86_64, r-oldrel-windows-ix86+x86_64

Version: 0.11.6
Check: R code for possible problems
Result: NOTE
    .checkDevelTools: no visible global function definition for
     ‘assignInMyNamespace’
    Rcpp.package.skeleton: no visible binding for global variable
     ‘package.skeleton’
    Undefined global functions or variables:
     assignInMyNamespace package.skeleton
Flavors: r-devel-linux-x86_64-debian-clang, r-devel-linux-x86_64-debian-gcc, r-devel-linux-x86_64-fedora-clang, r-devel-linux-x86_64-fedora-gcc, r-devel-windows-ix86+x86_64

Version: 0.11.6
Check: foreign function calls
Result: NOTE
    Registration problem:
     symbol ‘symbol’ in the local frame:
     .Call(symbol)
    See chapter ‘System and foreign language interfaces’ in the ‘Writing R
    Extensions’ manual.
Flavor: r-devel-linux-x86_64-fedora-clang