CRAN Package Check Results for Package RSurvey

Last updated on 2014-08-11 15:49:40.

Flavor Version Tinstall Tcheck Ttotal Status Flags
r-devel-linux-x86_64-debian-clang 0.8-0 9.87 50.87 60.74 OK
r-devel-linux-x86_64-debian-gcc 0.8-0 9.51 49.66 59.17 OK
r-devel-linux-x86_64-fedora-clang 0.8-0 128.59 OK
r-devel-linux-x86_64-fedora-gcc 0.8-0 114.19 OK
r-devel-osx-x86_64-clang 0.8-0 108.79 OK
r-devel-windows-ix86+x86_64 0.8-0 17.00 65.00 82.00 OK
r-patched-linux-x86_64 0.8-0 9.73 49.98 59.71 OK
r-patched-solaris-sparc 0.8-0 691.00 OK
r-patched-solaris-x86 0.8-0 165.40 OK
r-release-linux-ix86 0.8-0 12.06 66.30 78.37 OK
r-release-linux-x86_64 0.8-0 9.82 50.27 60.09 OK
r-release-osx-x86_64-mavericks 0.8-0 ERROR
r-release-osx-x86_64-snowleopard 0.8-0 OK
r-release-windows-ix86+x86_64 0.8-0 21.00 67.00 88.00 OK
r-oldrel-windows-ix86+x86_64 0.8-0 16.00 62.00 78.00 OK

Check Details

Version: 0.8-0
Check: package dependencies
Result: ERROR
    Package required but not available: ‘rgeos’
    
    Package suggested but not available for checking: ‘rgdal’
    
    See the information on DESCRIPTION files in the chapter ‘Creating R
    packages’ of the ‘Writing R Extensions’ manual.
Flavor: r-release-osx-x86_64-mavericks