CRAN Package Check Results for Package RSurvey

Last updated on 2015-01-29 16:48:37.

Flavor Version Tinstall Tcheck Ttotal Status Flags
r-devel-linux-x86_64-debian-clang 0.8-2 8.64 47.55 56.19 OK
r-devel-linux-x86_64-debian-gcc 0.8-2 7.95 46.48 54.43 OK
r-devel-linux-x86_64-fedora-clang 0.8-2 111.75 OK
r-devel-linux-x86_64-fedora-gcc 0.8-2 105.91 OK
r-devel-osx-x86_64-clang 0.8-2 110.61 OK
r-devel-windows-ix86+x86_64 0.8-2 22.00 60.00 82.00 OK
r-patched-linux-x86_64 0.8-2 10.70 51.18 61.88 OK
r-patched-solaris-sparc 0.8-2 712.30 OK
r-patched-solaris-x86 0.8-2 163.70 OK
r-release-linux-ix86 0.8-2 12.24 64.47 76.71 OK
r-release-linux-x86_64 0.8-2 10.41 51.24 61.66 OK
r-release-osx-x86_64-mavericks 0.8-2 ERROR
r-release-osx-x86_64-snowleopard 0.8-2 OK
r-release-windows-ix86+x86_64 0.8-2 18.00 68.00 86.00 OK
r-oldrel-windows-ix86+x86_64 0.8-0 17.00 64.00 81.00 OK

Check Details

Version: 0.8-2
Check: package dependencies
Result: ERROR
    Package required but not available: ‘rgeos’
    
    Package suggested but not available for checking: ‘rgdal’
    
    See the information on DESCRIPTION files in the chapter ‘Creating R
    packages’ of the ‘Writing R Extensions’ manual.
Flavor: r-release-osx-x86_64-mavericks