CRAN Package Check Results for Package RSurvey

Last updated on 2014-10-29 17:47:21.

Flavor Version Tinstall Tcheck Ttotal Status Flags
r-devel-linux-x86_64-debian-clang 0.8-2 9.24 47.46 56.70 NOTE
r-devel-linux-x86_64-debian-gcc 0.8-2 8.48 51.86 60.34 OK
r-devel-linux-x86_64-fedora-clang 0.8-2 115.06 OK
r-devel-linux-x86_64-fedora-gcc 0.8-2 106.36 OK
r-devel-osx-x86_64-clang 0.8-2 110.98 OK
r-devel-windows-ix86+x86_64 0.8-2 15.00 58.00 73.00 OK
r-patched-linux-x86_64 0.8-2 10.16 51.68 61.83 OK
r-patched-solaris-sparc 0.8-2 643.10 OK
r-patched-solaris-x86 0.8-2 157.80 OK
r-release-linux-ix86 0.8-2 12.88 68.59 81.47 OK
r-release-linux-x86_64 0.8-2 10.01 51.76 61.77 OK
r-release-osx-x86_64-mavericks 0.8-2 ERROR
r-release-osx-x86_64-snowleopard 0.8-2 OK
r-release-windows-ix86+x86_64 0.8-2 17.00 73.00 90.00 OK
r-oldrel-windows-ix86+x86_64 0.8-0 17.00 64.00 81.00 OK

Check Details

Version: 0.8-2
Check: dependencies in R code
Result: NOTE
    Xlib: extension "GLX" missing on display ":105".
    Xlib: extension "GLX" missing on display ":105".
    See the information on DESCRIPTION files in the chapter ‘Creating R
    packages’ of the ‘Writing R Extensions’ manual.
Flavor: r-devel-linux-x86_64-debian-clang

Version: 0.8-2
Check: package dependencies
Result: ERROR
    Package required but not available: ‘rgeos’
    
    Package suggested but not available for checking: ‘rgdal’
    
    See the information on DESCRIPTION files in the chapter ‘Creating R
    packages’ of the ‘Writing R Extensions’ manual.
Flavor: r-release-osx-x86_64-mavericks