CRAN Package Check Results for Package RSurvey

Last updated on 2014-12-17 18:47:47.

Flavor Version Tinstall Tcheck Ttotal Status Flags
r-devel-linux-x86_64-debian-clang 0.8-2 8.90 48.74 57.64 OK
r-devel-linux-x86_64-debian-gcc 0.8-2 8.89 48.47 57.36 OK
r-devel-linux-x86_64-fedora-clang 0.8-2 114.00 OK
r-devel-linux-x86_64-fedora-gcc 0.8-2 107.34 OK
r-devel-osx-x86_64-clang 0.8-2 112.41 OK
r-devel-windows-ix86+x86_64 0.8-2 24.00 67.00 91.00 OK
r-patched-linux-x86_64 0.8-2 10.57 50.04 60.61 OK
r-patched-solaris-sparc 0.8-2 643.10 OK
r-patched-solaris-x86 0.8-2 158.90 OK
r-release-linux-ix86 0.8-2 12.05 64.10 76.16 OK
r-release-linux-x86_64 0.8-2 11.18 50.60 61.78 OK
r-release-osx-x86_64-mavericks 0.8-2 ERROR
r-release-osx-x86_64-snowleopard 0.8-2 OK
r-release-windows-ix86+x86_64 0.8-2 18.00 68.00 86.00 OK
r-oldrel-windows-ix86+x86_64 0.8-0 17.00 64.00 81.00 OK

Check Details

Version: 0.8-2
Check: package dependencies
Result: ERROR
    Package required but not available: ‘rgeos’
    
    Package suggested but not available for checking: ‘rgdal’
    
    See the information on DESCRIPTION files in the chapter ‘Creating R
    packages’ of the ‘Writing R Extensions’ manual.
Flavor: r-release-osx-x86_64-mavericks