CRAN Package Check Results for Package RSNNS

Last updated on 2017-02-24 23:52:51.

Flavor Version Tinstall Tcheck Ttotal Status Flags
r-devel-linux-x86_64-debian-clang 0.4-9 34.29 30.30 64.60 NOTE
r-devel-linux-x86_64-debian-gcc 0.4-9 36.88 29.82 66.69 NOTE
r-devel-linux-x86_64-fedora-clang 0.4-9 139.31 NOTE --no-stop-on-test-error
r-devel-linux-x86_64-fedora-gcc 0.4-9 118.75 NOTE --no-stop-on-test-error
r-devel-macos-x86_64-clang 0.4-9 98.47 NOTE --no-stop-on-test-error
r-devel-windows-ix86+x86_64 0.4-9 302.00 87.00 389.00 OK
r-patched-linux-x86_64 0.4-9 32.43 27.23 59.66 OK
r-patched-solaris-sparc 0.4-9 703.90 OK
r-patched-solaris-x86 0.4-9 128.40 OK
r-release-linux-x86_64 0.4-9 32.67 27.35 60.02 OK
r-release-osx-x86_64-mavericks 0.4-9 NOTE
r-release-windows-ix86+x86_64 0.4-9 205.00 113.00 318.00 OK
r-oldrel-windows-ix86+x86_64 0.4-9 273.00 145.00 418.00 OK

Check Details

Version: 0.4-9
Check: compiled code
Result: NOTE
    File ‘RSNNS/libs/RSNNS.so’:
     Found no calls to: ‘R_registerRoutines’, ‘R_useDynamicSymbols’
    
    It is good practice to register native routines and to disable symbol
    search.
    
    See ‘Writing portable packages’ in the ‘Writing R Extensions’ manual.
Flavors: r-devel-linux-x86_64-debian-clang, r-devel-linux-x86_64-debian-gcc

Version: 0.4-9
Flags: --no-stop-on-test-error
Check: installed package size
Result: NOTE
     installed size is 5.7Mb
     sub-directories of 1Mb or more:
     libs 4.8Mb
Flavors: r-devel-linux-x86_64-fedora-clang, r-devel-linux-x86_64-fedora-gcc

Version: 0.4-9
Flags: --no-stop-on-test-error
Check: compiled code
Result: NOTE
    File ‘RSNNS/libs/RSNNS.so’:
     Found no calls to: ‘R_registerRoutines’, ‘R_useDynamicSymbols’
    
    It is good practice to register native routines and to disable symbol
    search.
    
    See ‘Writing portable packages’ in the ‘Writing R Extensions’ manual.
Flavors: r-devel-linux-x86_64-fedora-clang, r-devel-linux-x86_64-fedora-gcc, r-devel-macos-x86_64-clang

Version: 0.4-9
Check: installed package size
Result: NOTE
     installed size is 6.6Mb
     sub-directories of 1Mb or more:
     libs 5.7Mb
Flavor: r-release-osx-x86_64-mavericks