CRAN Package Check Results for Package RSNNS

Last updated on 2016-09-26 12:47:17.

Flavor Version Tinstall Tcheck Ttotal Status Flags
r-devel-linux-x86_64-debian-clang 0.4-7 34.32 29.45 63.76 NOTE
r-devel-linux-x86_64-debian-gcc 0.4-7 36.54 29.11 65.65 NOTE
r-devel-linux-x86_64-fedora-clang 0.4-7 139.85 NOTE
r-devel-linux-x86_64-fedora-gcc 0.4-7 117.91 NOTE
r-devel-macos-x86_64-clang 0.4-7 97.68 NOTE
r-devel-windows-ix86+x86_64 0.4-7 219.00 93.00 312.00 WARN
r-patched-linux-x86_64 0.4-7 31.83 30.33 62.16 NOTE
r-patched-solaris-sparc 0.4-7 739.00 NOTE
r-patched-solaris-x86 0.4-7 130.10 NOTE
r-release-linux-x86_64 0.4-7 32.20 30.35 62.55 NOTE
r-release-osx-x86_64-mavericks 0.4-7 NOTE
r-release-windows-ix86+x86_64 0.4-7 263.00 95.00 358.00 NOTE
r-oldrel-windows-ix86+x86_64 0.4-7 272.00 116.00 388.00 OK

Check Details

Version: 0.4-7
Check: installed package size
Result: NOTE
     installed size is 6.2Mb
     sub-directories of 1Mb or more:
     libs 5.3Mb
Flavors: r-devel-linux-x86_64-debian-clang, r-devel-linux-x86_64-debian-gcc, r-devel-linux-x86_64-fedora-clang, r-devel-linux-x86_64-fedora-gcc, r-patched-linux-x86_64, r-release-linux-x86_64, r-release-osx-x86_64-mavericks

Version: 0.4-7
Check: R code for possible problems
Result: NOTE
    computeNormalizationParameters: no visible global function definition
     for ‘sd’
    plotActMap: no visible global function definition for ‘image’
    plotIterativeError.rsnns: no visible global function definition for
     ‘plot’
    plotIterativeError.rsnns: no visible global function definition for
     ‘lines’
    plotROC: no visible global function definition for ‘plot’
    plotRegressionError: no visible global function definition for ‘plot’
    plotRegressionError: no visible global function definition for ‘lm’
    plotRegressionError: no visible global function definition for ‘abline’
    plotRegressionError: no visible global function definition for ‘lines’
    predict.rsnns: no visible global function definition for ‘fitted’
    Undefined global functions or variables:
     abline fitted image lines lm plot sd
    Consider adding
     importFrom("graphics", "abline", "image", "lines", "plot")
     importFrom("stats", "fitted", "lm", "sd")
    to your NAMESPACE file.
Flavors: r-devel-linux-x86_64-debian-clang, r-devel-linux-x86_64-debian-gcc, r-devel-linux-x86_64-fedora-clang, r-devel-linux-x86_64-fedora-gcc, r-devel-macos-x86_64-clang, r-devel-windows-ix86+x86_64, r-patched-linux-x86_64, r-patched-solaris-sparc, r-patched-solaris-x86, r-release-linux-x86_64, r-release-osx-x86_64-mavericks, r-release-windows-ix86+x86_64

Version: 0.4-7
Check: whether package can be installed
Result: WARN
    Found the following significant warnings:
     kr_pat_parse.cpp:267:20: warning: ISO C++ 1998 does not support 'long long' [-Wlong-long]
Flavor: r-devel-windows-ix86+x86_64