CRAN Package Check Results for Package RSNNS

Last updated on 2016-06-26 15:48:04.

Flavor Version Tinstall Tcheck Ttotal Status Flags
r-devel-linux-x86_64-debian-gcc 0.4-7 46.08 32.76 78.84 NOTE
r-devel-linux-x86_64-fedora-clang 0.4-7 139.25 NOTE
r-devel-linux-x86_64-fedora-gcc 0.4-7 114.27 NOTE
r-devel-osx-x86_64-clang 0.4-7 101.80 NOTE
r-devel-windows-ix86+x86_64 0.4-7 199.00 106.00 305.00 NOTE
r-patched-linux-x86_64 0.4-7 34.70 31.34 66.04 NOTE
r-patched-solaris-sparc 0.4-7 745.20 NOTE
r-patched-solaris-x86 0.4-7 132.60 NOTE
r-release-linux-x86_64 0.4-7 33.41 31.85 65.25 NOTE
r-release-osx-x86_64-mavericks 0.4-7 NOTE
r-release-windows-ix86+x86_64 0.4-7 122.00 72.00 194.00 NOTE
r-oldrel-windows-ix86+x86_64 0.4-7 191.00 120.00 311.00 OK

Check Details

Version: 0.4-7
Check: installed package size
Result: NOTE
     installed size is 7.0Mb
     sub-directories of 1Mb or more:
     libs 6.2Mb
Flavors: r-devel-linux-x86_64-debian-gcc, r-devel-linux-x86_64-fedora-clang, r-devel-linux-x86_64-fedora-gcc, r-patched-linux-x86_64, r-patched-solaris-sparc, r-patched-solaris-x86, r-release-linux-x86_64, r-release-osx-x86_64-mavericks

Version: 0.4-7
Check: R code for possible problems
Result: NOTE
    computeNormalizationParameters: no visible global function definition
     for ‘sd’
    plotActMap: no visible global function definition for ‘image’
    plotIterativeError.rsnns: no visible global function definition for
     ‘plot’
    plotIterativeError.rsnns: no visible global function definition for
     ‘lines’
    plotROC: no visible global function definition for ‘plot’
    plotRegressionError: no visible global function definition for ‘plot’
    plotRegressionError: no visible global function definition for ‘lm’
    plotRegressionError: no visible global function definition for ‘abline’
    plotRegressionError: no visible global function definition for ‘lines’
    predict.rsnns: no visible global function definition for ‘fitted’
    Undefined global functions or variables:
     abline fitted image lines lm plot sd
    Consider adding
     importFrom("graphics", "abline", "image", "lines", "plot")
     importFrom("stats", "fitted", "lm", "sd")
    to your NAMESPACE file.
Flavors: r-devel-linux-x86_64-debian-gcc, r-devel-linux-x86_64-fedora-clang, r-devel-linux-x86_64-fedora-gcc, r-devel-osx-x86_64-clang, r-devel-windows-ix86+x86_64, r-patched-linux-x86_64, r-patched-solaris-sparc, r-patched-solaris-x86, r-release-linux-x86_64, r-release-osx-x86_64-mavericks, r-release-windows-ix86+x86_64