CRAN Package Check Results for Package RSNNS

Last updated on 2017-01-20 17:52:26.

Flavor Version Tinstall Tcheck Ttotal Status Flags
r-devel-linux-x86_64-debian-clang 0.4-9 34.08 28.94 63.03 OK
r-devel-linux-x86_64-debian-gcc 0.4-9 36.71 28.78 65.49 OK
r-devel-linux-x86_64-fedora-clang 0.4-9 138.46 NOTE --no-stop-on-test-error
r-devel-linux-x86_64-fedora-gcc 0.4-9 123.90 NOTE --no-stop-on-test-error
r-devel-macos-x86_64-clang 0.4-9 97.47 OK --no-stop-on-test-error
r-devel-windows-ix86+x86_64 0.4-9 227.00 84.00 311.00 OK
r-patched-linux-x86_64 0.4-9 31.83 27.87 59.70 OK
r-patched-solaris-sparc 0.4-9 703.90 OK
r-patched-solaris-x86 0.4-9 132.60 OK
r-release-linux-x86_64 0.4-9 32.39 27.94 60.32 OK
r-release-osx-x86_64-mavericks 0.4-9 NOTE
r-release-windows-ix86+x86_64 0.4-9 160.00 66.00 226.00 OK
r-oldrel-windows-ix86+x86_64 0.4-9 191.00 103.00 294.00 OK

Check Details

Version: 0.4-9
Flags: --no-stop-on-test-error
Check: installed package size
Result: NOTE
     installed size is 5.7Mb
     sub-directories of 1Mb or more:
     libs 4.8Mb
Flavors: r-devel-linux-x86_64-fedora-clang, r-devel-linux-x86_64-fedora-gcc

Version: 0.4-9
Check: installed package size
Result: NOTE
     installed size is 6.6Mb
     sub-directories of 1Mb or more:
     libs 5.7Mb
Flavor: r-release-osx-x86_64-mavericks