CRAN Package Check Results for Package RSNNS

Last updated on 2014-10-21 17:49:23.

Flavor Version Tinstall Tcheck Ttotal Status Flags
r-devel-linux-x86_64-debian-clang 0.4-5 25.12 31.19 56.31 NOTE
r-devel-linux-x86_64-debian-gcc 0.4-5 33.67 31.05 64.72 NOTE
r-devel-linux-x86_64-fedora-clang 0.4-5 135.12 NOTE
r-devel-linux-x86_64-fedora-gcc 0.4-5 117.44 NOTE
r-devel-osx-x86_64-clang 0.4-5 100.85 NOTE
r-devel-windows-ix86+x86_64 0.4-5 137.00 74.00 211.00 NOTE
r-patched-linux-x86_64 0.4-5 33.82 32.79 66.61 NOTE
r-patched-solaris-sparc 0.4-5 880.50 NOTE
r-patched-solaris-x86 0.4-5 161.70 NOTE
r-release-linux-ix86 0.4-5 45.14 44.40 89.55 NOTE
r-release-linux-x86_64 0.4-5 34.40 32.92 67.32 NOTE
r-release-osx-x86_64-mavericks 0.4-5 NOTE
r-release-osx-x86_64-snowleopard 0.4-5 NOTE
r-release-windows-ix86+x86_64 0.4-5 117.00 92.00 209.00 OK
r-oldrel-windows-ix86+x86_64 0.4-5 127.00 90.00 217.00 OK

Check Details

Version: 0.4-5
Check: installed package size
Result: NOTE
     installed size is 5.8Mb
     sub-directories of 1Mb or more:
     libs 5.0Mb
Flavors: r-devel-linux-x86_64-debian-clang, r-devel-linux-x86_64-debian-gcc, r-devel-linux-x86_64-fedora-clang, r-devel-linux-x86_64-fedora-gcc, r-patched-linux-x86_64, r-patched-solaris-sparc, r-patched-solaris-x86, r-release-linux-ix86, r-release-linux-x86_64, r-release-osx-x86_64-mavericks, r-release-osx-x86_64-snowleopard

Version: 0.4-5
Check: compiled code
Result: NOTE
    File ‘RSNNS/libs/RSNNS.so’:
     Found ‘rand’, possibly from ‘rand’ (C)
     Object: ‘u_lrand48.o’
     Found ‘srand’, possibly from ‘srand’ (C)
     Object: ‘u_lrand48.o’
    
    Compiled code should not call entry points which might terminate R nor
    write to stdout/stderr instead of to the console, nor the C RNG.
    
    See ‘Writing portable packages’ in the ‘Writing R Extensions’ manual.
Flavors: r-devel-linux-x86_64-debian-clang, r-devel-linux-x86_64-debian-gcc, r-devel-linux-x86_64-fedora-clang, r-devel-linux-x86_64-fedora-gcc, r-patched-linux-x86_64, r-patched-solaris-sparc, r-patched-solaris-x86

Version: 0.4-5
Check: compiled code
Result: NOTE
    File ‘RSNNS/libs/RSNNS.so’:
     Found ‘_rand’, possibly from ‘rand’ (C)
     Object: ‘u_lrand48.o’
     Found ‘_srand’, possibly from ‘srand’ (C)
     Object: ‘u_lrand48.o’
    
    Compiled code should not call entry points which might terminate R nor
    write to stdout/stderr instead of to the console, nor the C RNG.
    
    See ‘Writing portable packages’ in the ‘Writing R Extensions’ manual.
Flavor: r-devel-osx-x86_64-clang

Version: 0.4-5
Check: compiled code
Result: NOTE
    File 'RSNNS/libs/i386/RSNNS.dll':
     Found 'rand', possibly from 'rand' (C)
     Object: 'u_lrand48.o'
     Found 'srand', possibly from 'srand' (C)
     Object: 'u_lrand48.o'
    File 'RSNNS/libs/x64/RSNNS.dll':
     Found 'rand', possibly from 'rand' (C)
     Object: 'u_lrand48.o'
     Found 'srand', possibly from 'srand' (C)
     Object: 'u_lrand48.o'
    
    Compiled code should not call entry points which might terminate R nor
    write to stdout/stderr instead of to the console, nor the C RNG.
    
    See 'Writing portable packages' in the 'Writing R Extensions' manual.
Flavor: r-devel-windows-ix86+x86_64