CRAN Package Check Results for Package RSNNS

Last updated on 2015-07-02 20:47:01.

Flavor Version Tinstall Tcheck Ttotal Status Flags
r-devel-linux-x86_64-debian-clang 0.4-7 27.18 30.15 57.34 NOTE
r-devel-linux-x86_64-debian-gcc 0.4-7 34.14 28.82 62.96 NOTE
r-devel-linux-x86_64-fedora-clang 0.4-7 133.84 NOTE
r-devel-linux-x86_64-fedora-gcc 0.4-7 117.21 NOTE
r-devel-osx-x86_64-clang 0.4-7 107.25 OK
r-devel-windows-ix86+x86_64 0.4-7 140.00 74.00 214.00 NOTE
r-patched-linux-x86_64 0.4-7 33.86 30.03 63.89 NOTE
r-patched-solaris-sparc 0.4-7 749.00 NOTE
r-patched-solaris-x86 0.4-7 154.30 NOTE
r-release-linux-x86_64 0.4-7 37.74 30.72 68.45 NOTE
r-release-osx-x86_64-mavericks 0.4-7 NOTE
r-release-windows-ix86+x86_64 0.4-7 143.00 82.00 225.00 OK
r-oldrel-windows-ix86+x86_64 0.4-7 148.00 76.00 224.00 OK

Check Details

Version: 0.4-7
Check: installed package size
Result: NOTE
     installed size is 5.7Mb
     sub-directories of 1Mb or more:
     libs 4.9Mb
Flavors: r-devel-linux-x86_64-debian-clang, r-devel-linux-x86_64-debian-gcc, r-devel-linux-x86_64-fedora-clang, r-devel-linux-x86_64-fedora-gcc, r-patched-linux-x86_64, r-patched-solaris-sparc, r-patched-solaris-x86, r-release-linux-x86_64, r-release-osx-x86_64-mavericks

Version: 0.4-7
Check: R code for possible problems
Result: NOTE
    computeNormalizationParameters: no visible global function definition
     for ‘sd’
    plotActMap: no visible global function definition for ‘image’
    plotIterativeError.rsnns: no visible global function definition for
     ‘plot’
    plotIterativeError.rsnns: no visible global function definition for
     ‘lines’
    plotROC: no visible global function definition for ‘plot’
    plotRegressionError: no visible global function definition for ‘plot’
    plotRegressionError: no visible global function definition for ‘lm’
    plotRegressionError: no visible global function definition for ‘abline’
    plotRegressionError: no visible global function definition for ‘lines’
    predict.rsnns: no visible global function definition for ‘fitted’
    Undefined global functions or variables:
     abline fitted image lines lm plot sd
Flavors: r-devel-linux-x86_64-debian-clang, r-devel-linux-x86_64-fedora-clang, r-devel-linux-x86_64-fedora-gcc

Version: 0.4-7
Check: R code for possible problems
Result: NOTE
    computeNormalizationParameters: no visible global function definition
     for ‘sd’
    plotActMap: no visible global function definition for ‘image’
    plotIterativeError.rsnns: no visible global function definition for
     ‘plot’
    plotIterativeError.rsnns: no visible global function definition for
     ‘lines’
    plotROC: no visible global function definition for ‘plot’
    plotRegressionError: no visible global function definition for ‘plot’
    plotRegressionError: no visible global function definition for ‘lm’
    plotRegressionError: no visible global function definition for ‘abline’
    plotRegressionError: no visible global function definition for ‘lines’
    predict.rsnns: no visible global function definition for ‘fitted’
Flavors: r-devel-linux-x86_64-debian-gcc, r-devel-windows-ix86+x86_64