CRAN Package Check Results for Package RSNNS

Last updated on 2018-02-18 00:47:28 CET.

Flavor Version Tinstall Tcheck Ttotal Status Flags
r-devel-linux-x86_64-debian-clang 0.4-10 56.65 42.89 99.54 OK
r-devel-linux-x86_64-debian-gcc 0.4-10 45.41 34.38 79.79 OK
r-devel-linux-x86_64-fedora-clang 0.4-10 155.00 NOTE
r-devel-linux-x86_64-fedora-gcc 0.4-10 124.75 NOTE
r-devel-windows-ix86+x86_64 0.4-10 152.00 90.00 242.00 OK
r-patched-linux-x86_64 0.4-10 54.40 44.22 98.62 OK
r-patched-solaris-x86 0.4-10 141.40 OK
r-release-linux-x86_64 0.4-10 53.44 43.87 97.31 OK
r-release-windows-ix86+x86_64 0.4-10 201.00 112.00 313.00 OK
r-release-osx-x86_64 0.4-10 NOTE
r-oldrel-windows-ix86+x86_64 0.4-10 153.00 97.00 250.00 OK
r-oldrel-osx-x86_64 0.4-10 NOTE

Check Details

Version: 0.4-10
Check: installed package size
Result: NOTE
     installed size is 6.6Mb
     sub-directories of 1Mb or more:
     libs 5.6Mb
Flavors: r-devel-linux-x86_64-fedora-clang, r-devel-linux-x86_64-fedora-gcc, r-release-osx-x86_64, r-oldrel-osx-x86_64