CRAN Package Check Results for Package RSNNS

Last updated on 2015-04-20 18:57:57.

Flavor Version Tinstall Tcheck Ttotal Status Flags
r-devel-linux-x86_64-debian-clang 0.4-6 26.98 30.20 57.18 NOTE
r-devel-linux-x86_64-debian-gcc 0.4-6 33.99 29.27 63.26 NOTE
r-devel-linux-x86_64-fedora-clang 0.4-6 135.65 NOTE
r-devel-linux-x86_64-fedora-gcc 0.4-6 115.86 NOTE
r-devel-osx-x86_64-clang 0.4-6 110.77 OK
r-devel-windows-ix86+x86_64 0.4-6 145.00 79.00 224.00 OK
r-patched-linux-x86_64 0.4-6 33.65 30.30 63.95 NOTE
r-patched-solaris-sparc 0.4-6 827.70 NOTE
r-patched-solaris-x86 0.4-6 157.90 NOTE
r-release-linux-x86_64 0.4-6 34.18 29.83 64.01 NOTE
r-release-osx-x86_64-mavericks 0.4-6 NOTE
r-release-osx-x86_64-snowleopard 0.4-6 NOTE
r-release-windows-ix86+x86_64 0.4-6 119.00 95.00 214.00 OK
r-oldrel-windows-ix86+x86_64 0.4-6 106.00 81.00 187.00 OK

Check Details

Version: 0.4-6
Check: installed package size
Result: NOTE
     installed size is 5.7Mb
     sub-directories of 1Mb or more:
     libs 4.9Mb
Flavors: r-devel-linux-x86_64-debian-clang, r-devel-linux-x86_64-debian-gcc, r-devel-linux-x86_64-fedora-clang, r-devel-linux-x86_64-fedora-gcc, r-patched-linux-x86_64, r-patched-solaris-sparc, r-patched-solaris-x86, r-release-linux-x86_64, r-release-osx-x86_64-mavericks, r-release-osx-x86_64-snowleopard