CRAN Package Check Results for Package RSNNS

Last updated on 2017-06-28 16:47:26.

Flavor Version Tinstall Tcheck Ttotal Status Flags
r-devel-linux-x86_64-debian-clang 0.4-9 36.54 29.28 65.83 NOTE
r-devel-linux-x86_64-debian-gcc 0.4-9 37.91 29.97 67.88 NOTE
r-devel-linux-x86_64-fedora-clang 0.4-9 147.06 NOTE
r-devel-linux-x86_64-fedora-gcc 0.4-9 122.88 NOTE
r-devel-windows-ix86+x86_64 0.4-9 156.00 89.00 245.00 OK
r-patched-linux-x86_64 0.4-9 37.58 29.30 66.88 NOTE
r-patched-solaris-sparc 0.4-9 713.80 OK
r-patched-solaris-x86 0.4-9 138.70 OK
r-release-linux-x86_64 0.4-9 38.21 29.46 67.67 NOTE
r-release-windows-ix86+x86_64 0.4-9 188.00 109.00 297.00 OK
r-release-osx-x86_64 0.4-9 OK
r-oldrel-windows-ix86+x86_64 0.4-9 197.00 102.00 299.00 OK
r-oldrel-osx-x86_64 0.4-9 NOTE

Check Details

Version: 0.4-9
Check: compiled code
Result: NOTE
    File ‘RSNNS/libs/RSNNS.so’:
     Found no calls to: ‘R_registerRoutines’, ‘R_useDynamicSymbols’
    
    It is good practice to register native routines and to disable symbol
    search.
    
    See ‘Writing portable packages’ in the ‘Writing R Extensions’ manual.
Flavors: r-devel-linux-x86_64-debian-clang, r-devel-linux-x86_64-debian-gcc, r-devel-linux-x86_64-fedora-clang, r-devel-linux-x86_64-fedora-gcc, r-patched-linux-x86_64, r-release-linux-x86_64

Version: 0.4-9
Check: installed package size
Result: NOTE
     installed size is 6.2Mb
     sub-directories of 1Mb or more:
     libs 5.3Mb
Flavors: r-devel-linux-x86_64-fedora-clang, r-devel-linux-x86_64-fedora-gcc, r-oldrel-osx-x86_64