CRAN Package Check Results for Package RSNNS

Last updated on 2017-04-28 11:53:49.

Flavor Version Tinstall Tcheck Ttotal Status Flags
r-devel-linux-x86_64-debian-clang 0.4-9 36.53 29.77 66.30 NOTE
r-devel-linux-x86_64-debian-gcc 0.4-9 38.21 29.49 67.70 NOTE
r-devel-linux-x86_64-fedora-clang 0.4-9 145.64 NOTE --no-stop-on-test-error
r-devel-linux-x86_64-fedora-gcc 0.4-9 119.47 NOTE --no-stop-on-test-error
r-devel-windows-ix86+x86_64 0.4-9 151.00 105.00 256.00 OK
r-patched-linux-x86_64 0.4-9 32.90 29.61 62.51 NOTE
r-patched-solaris-sparc 0.4-9 713.80 OK
r-patched-solaris-x86 0.4-9 137.00 OK
r-release-linux-x86_64 0.4-9 33.00 29.97 62.97 NOTE
r-release-windows-ix86+x86_64 0.4-9 234.00 107.00 341.00 OK
r-release-osx-x86_64 0.4-9 OK
r-oldrel-windows-ix86+x86_64 0.4-9 208.00 76.00 284.00 OK
r-oldrel-osx-x86_64 0.4-9 NOTE

Check Details

Version: 0.4-9
Check: compiled code
Result: NOTE
    File ‘RSNNS/libs/RSNNS.so’:
     Found no calls to: ‘R_registerRoutines’, ‘R_useDynamicSymbols’
    
    It is good practice to register native routines and to disable symbol
    search.
    
    See ‘Writing portable packages’ in the ‘Writing R Extensions’ manual.
Flavors: r-devel-linux-x86_64-debian-clang, r-devel-linux-x86_64-debian-gcc, r-patched-linux-x86_64, r-release-linux-x86_64

Version: 0.4-9
Flags: --no-stop-on-test-error
Check: installed package size
Result: NOTE
     installed size is 6.1Mb
     sub-directories of 1Mb or more:
     libs 5.2Mb
Flavors: r-devel-linux-x86_64-fedora-clang, r-devel-linux-x86_64-fedora-gcc

Version: 0.4-9
Flags: --no-stop-on-test-error
Check: compiled code
Result: NOTE
    File ‘RSNNS/libs/RSNNS.so’:
     Found no calls to: ‘R_registerRoutines’, ‘R_useDynamicSymbols’
    
    It is good practice to register native routines and to disable symbol
    search.
    
    See ‘Writing portable packages’ in the ‘Writing R Extensions’ manual.
Flavors: r-devel-linux-x86_64-fedora-clang, r-devel-linux-x86_64-fedora-gcc

Version: 0.4-9
Check: installed package size
Result: NOTE
     installed size is 6.6Mb
     sub-directories of 1Mb or more:
     libs 5.7Mb
Flavor: r-oldrel-osx-x86_64