CRAN Package Check Results for Package RSNNS

Last updated on 2015-02-26 17:48:30.

Flavor Version Tinstall Tcheck Ttotal Status Flags
r-devel-linux-x86_64-debian-clang 0.4-6 27.02 29.59 56.61 NOTE
r-devel-linux-x86_64-debian-gcc 0.4-6 33.62 28.86 62.48 NOTE
r-devel-linux-x86_64-fedora-clang 0.4-6 130.33 NOTE
r-devel-linux-x86_64-fedora-gcc 0.4-6 114.54 NOTE
r-devel-osx-x86_64-clang 0.4-6 97.17 OK
r-devel-windows-ix86+x86_64 0.4-6 171.00 79.00 250.00 OK
r-patched-linux-x86_64 0.4-6 34.46 33.72 68.18 NOTE
r-patched-solaris-sparc 0.4-6 837.00 NOTE
r-patched-solaris-x86 0.4-6 162.00 NOTE
r-release-linux-ix86 0.4-6 43.17 44.86 88.03 NOTE
r-release-linux-x86_64 0.4-6 34.02 33.58 67.60 NOTE
r-release-osx-x86_64-mavericks 0.4-6 NOTE
r-release-osx-x86_64-snowleopard 0.4-6 NOTE
r-release-windows-ix86+x86_64 0.4-6 129.00 95.00 224.00 OK
r-oldrel-windows-ix86+x86_64 0.4-6 137.00 93.00 230.00 OK

Check Details

Version: 0.4-6
Check: installed package size
Result: NOTE
     installed size is 5.8Mb
     sub-directories of 1Mb or more:
     libs 5.0Mb
Flavors: r-devel-linux-x86_64-debian-clang, r-devel-linux-x86_64-debian-gcc, r-devel-linux-x86_64-fedora-clang, r-devel-linux-x86_64-fedora-gcc, r-patched-linux-x86_64, r-patched-solaris-sparc, r-patched-solaris-x86, r-release-linux-ix86, r-release-linux-x86_64, r-release-osx-x86_64-mavericks, r-release-osx-x86_64-snowleopard