CRAN Package Check Results for Package RSNNS

Last updated on 2017-08-14 18:46:47.

Flavor Version Tinstall Tcheck Ttotal Status Flags
r-devel-linux-x86_64-debian-clang 0.4-9 36.24 29.46 65.70 NOTE
r-devel-linux-x86_64-debian-gcc 0.4-9 NOTE
r-devel-linux-x86_64-fedora-clang 0.4-9 147.65 NOTE
r-devel-linux-x86_64-fedora-gcc 0.4-9 127.47 NOTE
r-devel-windows-ix86+x86_64 0.4-9 195.00 107.00 302.00 OK
r-patched-linux-x86_64 0.4-9 37.39 29.60 66.99 NOTE
r-patched-solaris-x86 0.4-9 141.30 OK
r-release-linux-x86_64 0.4-9 37.73 29.98 67.71 NOTE
r-release-windows-ix86+x86_64 0.4-9 153.00 107.00 260.00 OK
r-release-osx-x86_64 0.4-9 OK
r-oldrel-windows-ix86+x86_64 0.4-9 210.00 101.00 311.00 OK
r-oldrel-osx-x86_64 0.4-9 NOTE

Check Details

Version: 0.4-9
Check: compiled code
Result: NOTE
    File ‘RSNNS/libs/RSNNS.so’:
     Found no calls to: ‘R_registerRoutines’, ‘R_useDynamicSymbols’
    
    It is good practice to register native routines and to disable symbol
    search.
    
    See ‘Writing portable packages’ in the ‘Writing R Extensions’ manual.
Flavors: r-devel-linux-x86_64-debian-clang, r-devel-linux-x86_64-debian-gcc, r-devel-linux-x86_64-fedora-clang, r-devel-linux-x86_64-fedora-gcc, r-patched-linux-x86_64, r-release-linux-x86_64

Version: 0.4-9
Check: installed package size
Result: NOTE
     installed size is 6.4Mb
     sub-directories of 1Mb or more:
     libs 5.5Mb
Flavors: r-devel-linux-x86_64-fedora-clang, r-devel-linux-x86_64-fedora-gcc, r-oldrel-osx-x86_64