CRAN Package Check Results for Package RMendeley

Last updated on 2014-04-16 11:47:26.

Flavor Version Tinstall Tcheck Ttotal Status Flags
r-devel-linux-x86_64-debian-clang 0.1-2 1.27 15.47 16.74 NOTE
r-devel-linux-x86_64-debian-gcc 0.1-2 1.22 15.52 16.74 NOTE
r-devel-linux-x86_64-fedora-clang 0.1-2 33.79 NOTE
r-devel-linux-x86_64-fedora-gcc 0.1-2 32.30 NOTE
r-devel-macosx-x86_64-clang 0.1-2 33.66 NOTE
r-devel-macosx-x86_64-gcc 0.1-2 NOTE
r-devel-windows-ix86+x86_64 0.1-2 4.00 32.00 36.00 OK
r-patched-linux-x86_64 0.1-2 1.23 15.48 16.71 NOTE
r-patched-solaris-sparc 0.1-2 189.70 NOTE
r-patched-solaris-x86 0.1-2 47.00 NOTE
r-release-linux-ix86 0.1-2 3.00 30.00 33.00 NOTE
r-release-linux-x86_64 0.1-2 1.29 15.32 16.61 NOTE
r-release-macosx-x86_64 0.1-2 NOTE
r-release-windows-ix86+x86_64 0.1-2 6.00 32.00 38.00 OK
r-oldrel-windows-ix86+x86_64 0.1-2 3.00 24.00 27.00 OK

Check Details

Version: 0.1-2
Check: DESCRIPTION meta-information
Result: NOTE
    Deprecated license: BSD
Flavors: r-devel-linux-x86_64-debian-clang, r-devel-linux-x86_64-debian-gcc, r-devel-linux-x86_64-fedora-clang, r-devel-linux-x86_64-fedora-gcc, r-devel-macosx-x86_64-clang, r-devel-macosx-x86_64-gcc, r-patched-linux-x86_64, r-patched-solaris-sparc, r-patched-solaris-x86, r-release-linux-ix86, r-release-linux-x86_64, r-release-macosx-x86_64

Version: 0.1-2
Check: Rd line widths
Result: NOTE
    Rd file 'authored.Rd':
     \usage lines wider than 90 characters:
     url = sprintf("%s/%s", "http://api.mendeley.com/oapi/documents/authored", gsub(" ", "%20", query)),
    
    Rd file 'public_groups_documents.Rd':
     \usage lines wider than 90 characters:
     url = sprintf("%s/%s/%s", "http://api.mendeley.com/oapi/documents/groups", query, "docs/?details=true"),
    
    Rd file 'public_groups_people.Rd':
     \usage lines wider than 90 characters:
     url = sprintf("%s/%s/%s", "http://api.mendeley.com/oapi/documents/groups", query, "people"),
    
    These lines will be truncated in the PDF manual.
Flavors: r-devel-linux-x86_64-fedora-clang, r-devel-linux-x86_64-fedora-gcc