CRAN Package Check Results for Package RMendeley

Last updated on 2014-07-23 15:47:52.

Flavor Version Tinstall Tcheck Ttotal Status Flags
r-devel-linux-x86_64-debian-clang 0.1-2 1.18 14.84 16.02 NOTE
r-devel-linux-x86_64-debian-gcc 0.1-2 1.14 14.70 15.84 NOTE
r-devel-linux-x86_64-fedora-clang 0.1-2 34.64 NOTE
r-devel-linux-x86_64-fedora-gcc 0.1-2 32.21 NOTE
r-devel-osx-x86_64-clang 0.1-2 32.78 NOTE
r-devel-windows-ix86+x86_64 0.1-2 4.00 25.00 29.00 OK
r-patched-linux-x86_64 0.1-2 1.13 14.80 15.92 NOTE
r-patched-solaris-sparc 0.1-2 189.70 NOTE
r-patched-solaris-x86 0.1-2 46.20 NOTE
r-release-linux-ix86 0.1-2 1.72 21.69 23.41 NOTE
r-release-linux-x86_64 0.1-2 1.25 15.16 16.41 NOTE
r-release-osx-x86_64-mavericks 0.1-2 NOTE
r-release-osx-x86_64-snowleopard 0.1-2 NOTE
r-release-windows-ix86+x86_64 0.1-2 5.00 27.00 32.00 OK
r-oldrel-windows-ix86+x86_64 0.1-2 5.00 28.00 33.00 OK

Check Details

Version: 0.1-2
Check: DESCRIPTION meta-information
Result: NOTE
    Deprecated license: BSD
Flavors: r-devel-linux-x86_64-debian-clang, r-devel-linux-x86_64-debian-gcc, r-devel-linux-x86_64-fedora-clang, r-devel-linux-x86_64-fedora-gcc, r-devel-osx-x86_64-clang, r-patched-linux-x86_64, r-patched-solaris-sparc, r-patched-solaris-x86, r-release-linux-ix86, r-release-linux-x86_64, r-release-osx-x86_64-mavericks, r-release-osx-x86_64-snowleopard

Version: 0.1-2
Check: Rd line widths
Result: NOTE
    Rd file 'authored.Rd':
     \usage lines wider than 90 characters:
     url = sprintf("%s/%s", "http://api.mendeley.com/oapi/documents/authored", gsub(" ", "%20", query)),
    
    Rd file 'public_groups_documents.Rd':
     \usage lines wider than 90 characters:
     url = sprintf("%s/%s/%s", "http://api.mendeley.com/oapi/documents/groups", query, "docs/?details=true"),
    
    Rd file 'public_groups_people.Rd':
     \usage lines wider than 90 characters:
     url = sprintf("%s/%s/%s", "http://api.mendeley.com/oapi/documents/groups", query, "people"),
    
    These lines will be truncated in the PDF manual.
Flavors: r-devel-linux-x86_64-fedora-clang, r-devel-linux-x86_64-fedora-gcc