CRAN Package Check Results for Package RMendeley

Last updated on 2014-08-11 15:49:39.

Flavor Version Tinstall Tcheck Ttotal Status Flags
r-release-osx-x86_64-mavericks 0.1-2 NOTE

Check Details

Version: 0.1-2
Check: DESCRIPTION meta-information
Result: NOTE
    Deprecated license: BSD
Flavor: r-release-osx-x86_64-mavericks