CRAN Package Check Results for Package R2HTML

Last updated on 2015-04-26 17:47:47.

Flavor Version Tinstall Tcheck Ttotal Status Flags
r-devel-linux-x86_64-debian-clang 2.3.1 0.86 19.26 20.12 NOTE
r-devel-linux-x86_64-debian-gcc 2.3.1 0.90 19.59 20.49 NOTE
r-devel-linux-x86_64-fedora-clang 2.3.1 37.39 NOTE
r-devel-linux-x86_64-fedora-gcc 2.3.1 34.69 NOTE
r-devel-osx-x86_64-clang 2.3.1 37.53 NOTE
r-devel-windows-ix86+x86_64 2.3.1 5.00 31.00 36.00 OK
r-patched-linux-x86_64 2.3.1 0.85 19.32 20.18 NOTE
r-patched-solaris-sparc 2.3.1 253.90 OK
r-patched-solaris-x86 2.3.1 45.00 NOTE
r-release-linux-x86_64 2.3.1 0.84 19.26 20.10 NOTE
r-release-osx-x86_64-mavericks 2.3.1 OK
r-release-osx-x86_64-snowleopard 2.3.1 OK
r-release-windows-ix86+x86_64 2.3.1 5.00 28.00 33.00 OK
r-oldrel-windows-ix86+x86_64 2.3.1 2.00 28.00 30.00 OK

Check Details

Version: 2.3.1
Check: S3 generic/method consistency
Result: NOTE
    Found the following apparent S3 methods exported but not registered:
     HTML.cormat HTML.title
    See section ‘Registering S3 methods’ in the ‘Writing R Extensions’
    manual.
Flavors: r-devel-linux-x86_64-fedora-clang, r-devel-linux-x86_64-fedora-gcc, r-devel-osx-x86_64-clang, r-patched-solaris-x86