CRAN Package Check Results for Package R2HTML

Last updated on 2015-03-05 16:47:05.

Flavor Version Tinstall Tcheck Ttotal Status Flags
r-devel-linux-x86_64-debian-clang 2.3.1 0.90 19.82 20.72 NOTE
r-devel-linux-x86_64-debian-gcc 2.3.1 0.84 19.13 19.96 NOTE
r-devel-linux-x86_64-fedora-clang 2.3.1 37.86 NOTE
r-devel-linux-x86_64-fedora-gcc 2.3.1 35.18 NOTE
r-devel-osx-x86_64-clang 2.3.1 39.38 NOTE
r-devel-windows-ix86+x86_64 2.3.1 4.00 28.00 32.00 OK
r-patched-linux-x86_64 2.3.1 1.07 21.32 22.39 OK
r-patched-solaris-sparc 2.3.1 260.20 OK
r-patched-solaris-x86 2.3.1 50.30 OK
r-release-linux-ix86 2.3.1 1.89 33.54 35.43 OK
r-release-linux-x86_64 2.3.1 0.94 22.03 22.98 OK
r-release-osx-x86_64-mavericks 2.3.1 OK
r-release-osx-x86_64-snowleopard 2.3.1 OK
r-release-windows-ix86+x86_64 2.3.1 5.00 33.00 38.00 OK
r-oldrel-windows-ix86+x86_64 2.3.1 5.00 31.00 36.00 OK

Check Details

Version: 2.3.1
Check: S3 generic/method consistency
Result: NOTE
    Found the following apparent S3 methods exported but not registered:
     HTML.cormat HTML.title
    See section ‘Registering S3 methods’ in the ‘Writing R Extensions’
    manual.
Flavors: r-devel-linux-x86_64-debian-clang, r-devel-linux-x86_64-debian-gcc, r-devel-linux-x86_64-fedora-clang, r-devel-linux-x86_64-fedora-gcc, r-devel-osx-x86_64-clang