CRAN Package Check Results for Package R2HTML

Last updated on 2015-05-25 17:47:43.

Flavor Version Tinstall Tcheck Ttotal Status Flags
r-devel-linux-x86_64-debian-clang 2.3.1 0.85 20.14 20.99 NOTE
r-devel-linux-x86_64-debian-gcc 2.3.1 0.84 18.70 19.54 NOTE
r-devel-linux-x86_64-fedora-clang 2.3.1 38.19 NOTE
r-devel-linux-x86_64-fedora-gcc 2.3.1 34.89 NOTE
r-devel-osx-x86_64-clang 2.3.1 37.91 NOTE
r-devel-windows-ix86+x86_64 2.3.1 6.00 27.00 33.00 OK
r-patched-linux-x86_64 2.3.1 0.96 19.03 19.99 NOTE
r-patched-solaris-sparc 2.3.1 240.60 NOTE
r-patched-solaris-x86 2.3.1 45.60 NOTE
r-release-linux-x86_64 2.3.1 0.95 19.57 20.52 NOTE
r-release-osx-x86_64-mavericks 2.3.1 OK
r-release-osx-x86_64-snowleopard 2.3.1 OK
r-release-windows-ix86+x86_64 2.3.1 5.00 30.00 35.00 OK
r-oldrel-windows-ix86+x86_64 2.3.1 4.00 29.00 33.00 OK

Check Details

Version: 2.3.1
Check: S3 generic/method consistency
Result: NOTE
    Found the following apparent S3 methods exported but not registered:
     HTML.cormat HTML.title
    See section ‘Registering S3 methods’ in the ‘Writing R Extensions’
    manual.
Flavors: r-devel-linux-x86_64-debian-clang, r-devel-linux-x86_64-debian-gcc, r-devel-linux-x86_64-fedora-clang, r-devel-linux-x86_64-fedora-gcc, r-devel-osx-x86_64-clang, r-patched-linux-x86_64, r-patched-solaris-sparc, r-patched-solaris-x86, r-release-linux-x86_64