CRAN Package Check Results for Package R2HTML

Last updated on 2016-06-26 15:48:00.

Flavor Version Tinstall Tcheck Ttotal Status Flags
r-devel-linux-x86_64-debian-gcc 2.3.2 0.88 22.57 23.46 OK
r-devel-linux-x86_64-fedora-clang 2.3.2 38.02 OK
r-devel-linux-x86_64-fedora-gcc 2.3.2 34.97 OK
r-devel-osx-x86_64-clang 2.3.2 31.27 OK
r-devel-windows-ix86+x86_64 2.3.1 6.00 43.00 49.00 NOTE
r-patched-linux-x86_64 2.3.2 0.98 24.76 25.74 OK
r-patched-solaris-sparc 2.3.2 234.90 OK
r-patched-solaris-x86 2.3.2 49.20 OK
r-release-linux-x86_64 2.3.2 0.97 22.68 23.65 OK
r-release-osx-x86_64-mavericks 2.3.2 OK
r-release-windows-ix86+x86_64 2.3.2 4.00 40.00 44.00 OK
r-oldrel-windows-ix86+x86_64 2.3.1 8.00 51.00 59.00 OK

Check Details

Version: 2.3.1
Check: R code for possible problems
Result: NOTE
    HTML.bSpline: no visible global function definition for 'coef'
    HTML.boot : <anonymous>: no visible global function definition for
     'var'
    HTML.coefmat: no visible global function definition for 'symnum'
    HTML.cormat: no visible global function definition for 'grey'
    HTML.coxph.null: no visible global function definition for 'naprint'
    HTML.factanal: no visible global function definition for 'pchisq'
    HTML.latex: no visible global function definition for 'is'
    HTML.loglm: no visible global function definition for 'pchisq'
    HTML.lqs: no visible global function definition for 'coef'
    HTML.multinom: no visible global function definition for 'coef'
    HTML.nls: no visible global function definition for 'formula'
    HTML.nnet: no visible global function definition for 'formula'
    HTML.polr: no visible global function definition for 'coef'
    HTML.polySpline: no visible global function definition for 'coef'
    HTML.rpart: no visible global function definition for 'naprint'
    HTML.structure: no visible global function definition for 'tsp'
    HTML.summary.glm: no visible global function definition for 'quantile'
    HTML.summary.glm: no visible global function definition for 'symnum'
    HTML.summary.glm.null: no visible global function definition for
     'quantile'
    HTML.summary.lm: no visible binding for global variable 'quantile'
    HTML.summary.lm: no visible global function definition for 'quantile'
    HTML.summary.lm: no visible global function definition for 'pf'
    HTML.summary.lm: no visible global function definition for 'symnum'
    HTML.summary.lm.null: no visible binding for global variable 'quantile'
    HTML.summary.lm.null: no visible global function definition for
     'quantile'
    HTML.summary.lme: no visible global function definition for
     'asOneSidedFormula'
    HTML.summary.lme: no visible global function definition for 'symnum'
    HTML.summary.loglm: no visible global function definition for 'formula'
    HTML.summary.nls: no visible global function definition for 'symnum'
    HTML.summary.rlm: no visible binding for global variable 'quantile'
    HTML.summary.rlm: no visible global function definition for 'quantile'
    HTML.ts: no visible global function definition for 'as.ts'
    HTML.ts: no visible global function definition for 'frequency'
    HTML.ts : header: no visible global function definition for 'frequency'
    HTML.ts : header: no visible global function definition for 'start'
    HTML.ts : header: no visible global function definition for 'end'
    HTML.ts : header: no visible global function definition for 'tsp'
    HTML.ts: no visible global function definition for 'start'
    HTML.ts: no visible global function definition for 'end'
    HTML.ts: no visible global function definition for 'time'
    HTML.tukeyline: no visible global function definition for 'coef'
    HTMLgrid_summary : mysummary: no visible global function definition for
     'quantile'
    HTMLgrid_summary : mysummary: no visible global function definition for
     'median'
    HTMLplot: no visible global function definition for 'dev.print'
    HTMLplot: no visible binding for global variable 'png'
    HTMLplot: no visible global function definition for 'bitmap'
    HTMLplot: no visible global function definition for 'png'
    HTMLplot: no visible global function definition for 'dev.off'
    HTMLplot: no visible binding for global variable 'jpeg'
    HTMLplot: no visible global function definition for 'jpeg'
    RweaveHTMLRuncode: no visible global function definition for 'png'
    RweaveHTMLRuncode: no visible global function definition for 'dev.off'
    Undefined global functions or variables:
     as.ts asOneSidedFormula bitmap coef dev.off dev.print end formula
     frequency grey is jpeg median naprint pchisq pf png quantile start
     symnum time tsp var
    Consider adding
     importFrom("grDevices", "bitmap", "dev.off", "dev.print", "grey",
     "jpeg", "png")
     importFrom("methods", "is")
     importFrom("stats", "as.ts", "asOneSidedFormula", "coef", "end",
     "formula", "frequency", "median", "naprint", "pchisq", "pf",
     "quantile", "start", "symnum", "time", "tsp", "var")
    to your NAMESPACE file (and ensure that your DESCRIPTION Imports field
    contains 'methods').
Flavor: r-devel-windows-ix86+x86_64