CRAN Package Check Results for Package QRM

Last updated on 2015-01-27 16:48:32.

Flavor Version Tinstall Tcheck Ttotal Status Flags
r-devel-linux-x86_64-debian-clang 0.4-10 11.31 73.64 84.95 NOTE
r-devel-linux-x86_64-debian-gcc 0.4-10 11.04 69.64 80.67 NOTE
r-devel-linux-x86_64-fedora-clang 0.4-10 199.86 NOTE
r-devel-linux-x86_64-fedora-gcc 0.4-10 193.17 NOTE
r-devel-osx-x86_64-clang 0.4-10 161.55 NOTE
r-devel-windows-ix86+x86_64 0.4-10 36.00 145.00 181.00 NOTE
r-patched-linux-x86_64 0.4-10 12.02 79.10 91.12 NOTE
r-patched-solaris-sparc 0.4-10 1168.00 NOTE
r-patched-solaris-x86 0.4-10 253.00 NOTE
r-release-linux-ix86 0.4-10 14.28 92.51 106.79 NOTE
r-release-linux-x86_64 0.4-10 12.17 78.47 90.64 NOTE
r-release-osx-x86_64-mavericks 0.4-10 NOTE
r-release-osx-x86_64-snowleopard 0.4-10 OK
r-release-windows-ix86+x86_64 0.4-10 37.00 167.00 204.00 NOTE
r-oldrel-windows-ix86+x86_64 0.4-10 53.00 166.00 219.00 OK

Check Details

Version: 0.4-10
Check: R code for possible problems
Result: NOTE
    fit.NH: no visible global function definition for ‘kurtosis’
Flavors: r-devel-linux-x86_64-debian-clang, r-devel-linux-x86_64-debian-gcc, r-devel-linux-x86_64-fedora-clang, r-devel-linux-x86_64-fedora-gcc, r-devel-osx-x86_64-clang, r-devel-windows-ix86+x86_64, r-patched-linux-x86_64, r-patched-solaris-sparc, r-patched-solaris-x86, r-release-linux-ix86, r-release-linux-x86_64, r-release-osx-x86_64-mavericks, r-release-windows-ix86+x86_64