CRAN Package Check Results for Package QRM

Last updated on 2017-05-23 18:48:38.

Flavor Version Tinstall Tcheck Ttotal Status Flags
r-devel-linux-x86_64-debian-clang 0.4-13 12.19 66.37 78.56 NOTE
r-devel-linux-x86_64-debian-gcc 0.4-13 10.51 64.60 75.12 NOTE
r-devel-linux-x86_64-fedora-clang 0.4-13 161.51 NOTE --no-stop-on-test-error
r-devel-linux-x86_64-fedora-gcc 0.4-13 160.29 NOTE --no-stop-on-test-error
r-devel-windows-ix86+x86_64 0.4-13 48.00 176.00 224.00 OK
r-patched-linux-x86_64 0.4-13 9.82 65.57 75.39 NOTE
r-patched-solaris-sparc 0.4-13 942.20 OK
r-patched-solaris-x86 0.4-13 193.20 OK --no-stop-on-test-error
r-release-linux-x86_64 0.4-13 10.19 66.16 76.35 NOTE
r-release-windows-ix86+x86_64 0.4-13 32.00 213.00 245.00 OK
r-release-osx-x86_64 0.4-13 OK
r-oldrel-windows-ix86+x86_64 0.4-13 43.00 202.00 245.00 OK
r-oldrel-osx-x86_64 0.4-13 OK

Check Details

Version: 0.4-13
Check: compiled code
Result: NOTE
    File ‘QRM/libs/QRM.so’:
     Found no calls to: ‘R_registerRoutines’, ‘R_useDynamicSymbols’
    
    It is good practice to register native routines and to disable symbol
    search.
    
    See ‘Writing portable packages’ in the ‘Writing R Extensions’ manual.
Flavors: r-devel-linux-x86_64-debian-clang, r-devel-linux-x86_64-debian-gcc, r-patched-linux-x86_64, r-release-linux-x86_64

Version: 0.4-13
Flags: --no-stop-on-test-error
Check: compiled code
Result: NOTE
    File ‘QRM/libs/QRM.so’:
     Found no calls to: ‘R_registerRoutines’, ‘R_useDynamicSymbols’
    
    It is good practice to register native routines and to disable symbol
    search.
    
    See ‘Writing portable packages’ in the ‘Writing R Extensions’ manual.
Flavors: r-devel-linux-x86_64-fedora-clang, r-devel-linux-x86_64-fedora-gcc