CRAN Package Check Results for Package QRM

Last updated on 2017-06-27 13:48:49.

Flavor Version Tinstall Tcheck Ttotal Status Flags
r-devel-linux-x86_64-debian-clang 0.4-13 11.49 64.61 76.10 NOTE
r-devel-linux-x86_64-debian-gcc 0.4-13 11.31 65.44 76.76 NOTE
r-devel-linux-x86_64-fedora-clang 0.4-13 166.04 NOTE
r-devel-linux-x86_64-fedora-gcc 0.4-13 157.98 NOTE
r-devel-windows-ix86+x86_64 0.4-13 46.00 151.00 197.00 OK
r-patched-linux-x86_64 0.4-13 11.43 65.33 76.77 NOTE
r-patched-solaris-sparc 0.4-13 942.20 OK
r-patched-solaris-x86 0.4-13 201.30 OK
r-release-linux-x86_64 0.4-13 11.31 63.96 75.27 NOTE
r-release-windows-ix86+x86_64 0.4-13 35.00 209.00 244.00 OK
r-release-osx-x86_64 0.4-13 OK
r-oldrel-windows-ix86+x86_64 0.4-13 49.00 202.00 251.00 OK
r-oldrel-osx-x86_64 0.4-13 OK

Check Details

Version: 0.4-13
Check: compiled code
Result: NOTE
    File ‘QRM/libs/QRM.so’:
     Found no calls to: ‘R_registerRoutines’, ‘R_useDynamicSymbols’
    
    It is good practice to register native routines and to disable symbol
    search.
    
    See ‘Writing portable packages’ in the ‘Writing R Extensions’ manual.
Flavors: r-devel-linux-x86_64-debian-clang, r-devel-linux-x86_64-debian-gcc, r-devel-linux-x86_64-fedora-clang, r-devel-linux-x86_64-fedora-gcc, r-patched-linux-x86_64, r-release-linux-x86_64