CRAN Package Check Results for Package QRM

Last updated on 2016-07-25 20:47:57.

Flavor Version Tinstall Tcheck Ttotal Status Flags
r-devel-linux-x86_64-debian-clang 0.4-13 13.51 71.40 84.91 OK
r-devel-linux-x86_64-debian-gcc 0.4-13 14.02 75.26 89.28 OK
r-devel-linux-x86_64-fedora-clang 0.4-13 152.30 OK
r-devel-linux-x86_64-fedora-gcc 0.4-13 139.76 OK
r-devel-osx-x86_64-clang 0.4-13 113.42 OK
r-devel-windows-ix86+x86_64 0.4-13 42.00 203.00 245.00 OK
r-patched-linux-x86_64 0.4-13 11.70 70.15 81.85 OK
r-patched-solaris-sparc 0.4-13 861.60 NOTE
r-patched-solaris-x86 0.4-13 173.20 OK
r-release-linux-x86_64 0.4-13 12.02 72.85 84.87 OK
r-release-osx-x86_64-mavericks 0.4-13 OK
r-release-windows-ix86+x86_64 0.4-13 45.00 139.00 184.00 OK
r-oldrel-windows-ix86+x86_64 0.4-13 45.00 146.00 191.00 OK

Check Details

Version: 0.4-13
Check: installed package size
Result: NOTE
     installed size is 6.6Mb
     sub-directories of 1Mb or more:
     data 1.3Mb
     libs 4.9Mb
Flavor: r-patched-solaris-sparc