CRAN Package Check Results for Package QRM

Last updated on 2018-04-23 14:50:10 CEST.

Flavor Version Tinstall Tcheck Ttotal Status Flags
r-devel-linux-x86_64-debian-clang 0.4-13 23.69 88.48 112.17 NOTE
r-devel-linux-x86_64-debian-gcc 0.4-13 18.95 76.44 95.39 NOTE
r-devel-linux-x86_64-fedora-clang 0.4-13 151.15 NOTE
r-devel-linux-x86_64-fedora-gcc 0.4-13 144.78 NOTE
r-devel-windows-ix86+x86_64 0.4-13 53.00 160.00 213.00 OK
r-devel-osx-x86_64 0.4-13 OK
r-patched-linux-x86_64 0.4-13 25.77 97.45 123.22 NOTE
r-patched-solaris-x86 0.4-13 193.30 OK
r-release-linux-x86_64 0.4-13 18.04 105.99 124.03 NOTE
r-release-windows-ix86+x86_64 0.4-13 34.00 182.00 216.00 OK
r-release-osx-x86_64 0.4-13 OK
r-oldrel-windows-ix86+x86_64 0.4-13 49.00 146.00 195.00 OK

Check Details

Version: 0.4-13
Check: compiled code
Result: NOTE
    File ‘QRM/libs/QRM.so’:
     Found no calls to: ‘R_registerRoutines’, ‘R_useDynamicSymbols’
    
    It is good practice to register native routines and to disable symbol
    search.
    
    See ‘Writing portable packages’ in the ‘Writing R Extensions’ manual.
Flavors: r-devel-linux-x86_64-debian-clang, r-devel-linux-x86_64-debian-gcc, r-devel-linux-x86_64-fedora-clang, r-devel-linux-x86_64-fedora-gcc, r-patched-linux-x86_64, r-release-linux-x86_64