CRAN Package Check Results for Package QRM

Last updated on 2017-03-24 19:49:43.

Flavor Version Tinstall Tcheck Ttotal Status Flags
r-devel-linux-x86_64-debian-clang 0.4-13 11.68 65.21 76.89 NOTE
r-devel-linux-x86_64-debian-gcc 0.4-13 10.71 65.31 76.02 NOTE
r-devel-linux-x86_64-fedora-clang 0.4-13 165.62 NOTE --no-stop-on-test-error
r-devel-linux-x86_64-fedora-gcc 0.4-13 159.51 NOTE --no-stop-on-test-error
r-devel-macos-x86_64-clang 0.4-13 118.89 NOTE --no-stop-on-test-error
r-devel-windows-ix86+x86_64 0.4-13 38.00 212.00 250.00 OK
r-patched-linux-x86_64 0.4-13 9.52 61.25 70.77 OK
r-patched-solaris-sparc 0.4-13 942.20 OK
r-patched-solaris-x86 0.4-13 200.60 OK
r-release-linux-x86_64 0.4-13 10.01 61.38 71.38 OK
r-release-osx-x86_64-mavericks 0.4-13 OK
r-release-windows-ix86+x86_64 0.4-13 42.00 135.00 177.00 OK
r-oldrel-windows-ix86+x86_64 0.4-13 32.00 149.00 181.00 OK

Check Details

Version: 0.4-13
Check: compiled code
Result: NOTE
    File ‘QRM/libs/QRM.so’:
     Found no calls to: ‘R_registerRoutines’, ‘R_useDynamicSymbols’
    
    It is good practice to register native routines and to disable symbol
    search.
    
    See ‘Writing portable packages’ in the ‘Writing R Extensions’ manual.
Flavors: r-devel-linux-x86_64-debian-clang, r-devel-linux-x86_64-debian-gcc

Version: 0.4-13
Flags: --no-stop-on-test-error
Check: compiled code
Result: NOTE
    File ‘QRM/libs/QRM.so’:
     Found no calls to: ‘R_registerRoutines’, ‘R_useDynamicSymbols’
    
    It is good practice to register native routines and to disable symbol
    search.
    
    See ‘Writing portable packages’ in the ‘Writing R Extensions’ manual.
Flavors: r-devel-linux-x86_64-fedora-clang, r-devel-linux-x86_64-fedora-gcc, r-devel-macos-x86_64-clang