CRAN Package Check Results for Package PerformanceAnalytics

Last updated on 2015-04-21 19:11:54.

Flavor Version Tinstall Tcheck Ttotal Status Flags
r-devel-linux-x86_64-debian-clang 1.4.3541 2.86 175.17 178.03 NOTE
r-devel-linux-x86_64-debian-gcc 1.4.3541 2.86 175.19 178.05 NOTE
r-devel-linux-x86_64-fedora-clang 1.4.3541 367.14 NOTE
r-devel-linux-x86_64-fedora-gcc 1.4.3541 328.70 NOTE
r-devel-osx-x86_64-clang 1.4.3541 366.29 NOTE
r-devel-windows-ix86+x86_64 1.4.3541 9.00 407.00 416.00 NOTE
r-patched-linux-x86_64 1.4.3541 3.06 178.83 181.89 NOTE
r-patched-solaris-sparc 1.4.3541 1192.20 NOTE --no-vignettes
r-patched-solaris-x86 1.4.3541 495.40 NOTE
r-release-linux-x86_64 1.4.3541 2.73 179.06 181.78 NOTE
r-release-osx-x86_64-mavericks 1.4.3541 NOTE
r-release-osx-x86_64-snowleopard 1.4.3541 ERROR
r-release-windows-ix86+x86_64 1.4.3541 9.00 411.00 420.00 NOTE
r-oldrel-windows-ix86+x86_64 1.4.3541 8.00 446.00 454.00 NOTE

Check Details

Version: 1.4.3541
Check: dependencies in R code
Result: NOTE
    'library' or 'require' calls in package code:
     ‘MASS’ ‘gamlss’ ‘quantreg’ ‘robustbase’
     Please use :: or requireNamespace() instead.
     See section 'Suggested packages' in the 'Writing R Extensions' manual.
Flavors: r-devel-linux-x86_64-debian-clang, r-devel-linux-x86_64-debian-gcc, r-devel-linux-x86_64-fedora-clang, r-devel-linux-x86_64-fedora-gcc, r-devel-osx-x86_64-clang, r-devel-windows-ix86+x86_64, r-patched-linux-x86_64, r-patched-solaris-x86, r-release-linux-x86_64, r-release-osx-x86_64-mavericks, r-release-windows-ix86+x86_64, r-oldrel-windows-ix86+x86_64

Version: 1.4.3541
Check: S3 generic/method consistency
Result: NOTE
    Found the following apparent S3 methods exported but not registered:
     mean.LCL mean.UCL mean.geometric mean.stderr
    See section ‘Registering S3 methods’ in the ‘Writing R Extensions’
    manual.
Flavors: r-devel-linux-x86_64-debian-clang, r-devel-linux-x86_64-debian-gcc, r-devel-linux-x86_64-fedora-clang, r-devel-linux-x86_64-fedora-gcc, r-devel-osx-x86_64-clang, r-patched-linux-x86_64, r-release-linux-x86_64

Version: 1.4.3541
Flags: --no-vignettes
Check: dependencies in R code
Result: NOTE
    'library' or 'require' calls in package code:
     ‘MASS’ ‘gamlss’ ‘quantreg’ ‘robustbase’
     Please use :: or requireNamespace() instead.
     See section 'Suggested packages' in the 'Writing R Extensions' manual.
Flavor: r-patched-solaris-sparc

Version: 1.4.3541
Check: package dependencies
Result: ERROR
    Packages required but not available: ‘xts’ ‘zoo’
    
    Packages suggested but not available for checking:
     ‘Hmisc’ ‘quantmod’ ‘quantreg’
    
    See section ‘The DESCRIPTION file’ in the ‘Writing R Extensions’
    manual.
Flavor: r-release-osx-x86_64-snowleopard