CRAN Package Check Results for Package PerformanceAnalytics

Last updated on 2015-02-27 16:47:55.

Flavor Version Tinstall Tcheck Ttotal Status Flags
r-devel-linux-x86_64-debian-clang 1.4.3541 3.37 176.62 179.99 NOTE
r-devel-linux-x86_64-debian-gcc 1.4.3541 2.76 178.44 181.20 NOTE
r-devel-linux-x86_64-fedora-clang 1.4.3541 200.06 NOTE
r-devel-linux-x86_64-fedora-gcc 1.4.3541 349.57 NOTE
r-devel-osx-x86_64-clang 1.4.3541 352.62 NOTE
r-devel-windows-ix86+x86_64 1.4.3541 16.00 419.00 435.00 NOTE
r-patched-linux-x86_64 1.4.3541 2.93 195.69 198.62 NOTE
r-patched-solaris-sparc 1.4.3541 1129.60 NOTE --no-vignettes
r-patched-solaris-x86 NOTE
r-release-linux-ix86 1.4.3541 3.82 236.40 240.22 OK
r-release-linux-x86_64 1.4.3541 3.11 197.04 200.15 OK
r-release-osx-x86_64-mavericks 1.4.3541 OK
r-release-osx-x86_64-snowleopard 1.4.3541 OK
r-release-windows-ix86+x86_64 1.4.3541 11.00 469.00 480.00 OK
r-oldrel-windows-ix86+x86_64 1.4.3541 12.00 446.00 458.00 OK

Check Details

Version: 1.4.3541
Check: dependencies in R code
Result: NOTE
    'library' or 'require' calls in package code:
     ‘MASS’ ‘gamlss’ ‘quantreg’ ‘robustbase’
     Please use :: or requireNamespace() instead.
     See section 'Suggested packages' in the 'Writing R Extensions' manual.
Flavors: r-devel-linux-x86_64-debian-clang, r-devel-linux-x86_64-debian-gcc, r-devel-linux-x86_64-fedora-clang, r-devel-linux-x86_64-fedora-gcc, r-devel-osx-x86_64-clang, r-devel-windows-ix86+x86_64, r-patched-linux-x86_64, r-patched-solaris-x86

Version: 1.4.3541
Check: S3 generic/method consistency
Result: NOTE
    Found the following apparent S3 methods exported but not registered:
     mean.LCL mean.UCL mean.geometric mean.stderr
    See section ‘Registering S3 methods’ in the ‘Writing R Extensions’
    manual.
Flavors: r-devel-linux-x86_64-debian-clang, r-devel-linux-x86_64-debian-gcc, r-devel-linux-x86_64-fedora-clang, r-devel-linux-x86_64-fedora-gcc, r-devel-osx-x86_64-clang

Version: 1.4.3541
Flags: --no-vignettes
Check: dependencies in R code
Result: NOTE
    'library' or 'require' calls in package code:
     ‘MASS’ ‘gamlss’ ‘quantreg’ ‘robustbase’
     Please use :: or requireNamespace() instead.
     See section 'Suggested packages' in the 'Writing R Extensions' manual.
Flavor: r-patched-solaris-sparc