CRAN Package Check Results for Package IDPmisc

Last updated on 2015-06-28 21:46:34.

Flavor Version Tinstall Tcheck Ttotal Status Flags
r-devel-linux-x86_64-debian-clang 1.1.17 1.36 36.02 37.37 NOTE
r-devel-linux-x86_64-debian-gcc 1.1.17 1.43 36.40 37.82 NOTE
r-devel-linux-x86_64-fedora-clang 1.1.17 73.93 NOTE
r-devel-linux-x86_64-fedora-gcc 1.1.17 70.75 NOTE
r-devel-osx-x86_64-clang 1.1.17 62.90 NOTE
r-devel-windows-ix86+x86_64 1.1.17 14.00 84.00 98.00 NOTE
r-patched-linux-x86_64 1.1.17 1.50 36.95 38.45 NOTE
r-patched-solaris-sparc 1.1.17 524.70 NOTE
r-patched-solaris-x86 1.1.17 96.40 NOTE
r-release-linux-x86_64 1.1.17 1.41 36.30 37.71 NOTE
r-release-osx-x86_64-mavericks 1.1.17 NOTE
r-release-windows-ix86+x86_64 1.1.17 13.00 124.00 137.00 NOTE
r-oldrel-windows-ix86+x86_64 1.1.17 13.00 98.00 111.00 NOTE

Check Details

Version: 1.1.17
Check: dependencies in R code
Result: NOTE
    Package in Depends field not imported from: ‘methods’
     These packages need to be imported from (in the NAMESPACE file)
     for when this namespace is loaded but not attached.
Flavors: r-devel-linux-x86_64-debian-clang, r-devel-linux-x86_64-debian-gcc, r-devel-linux-x86_64-fedora-clang, r-devel-linux-x86_64-fedora-gcc, r-devel-osx-x86_64-clang, r-devel-windows-ix86+x86_64, r-patched-linux-x86_64, r-patched-solaris-sparc, r-patched-solaris-x86, r-release-linux-x86_64, r-release-osx-x86_64-mavericks, r-release-windows-ix86+x86_64, r-oldrel-windows-ix86+x86_64

Version: 1.1.17
Check: R code for possible problems
Result: NOTE
    IDPcolorRamp: no visible global function definition for ‘hsv’
    NaRV.omit: no visible global function definition for ‘na.omit’
    col2hsv: no visible global function definition for ‘rgb2hsv’
    col2hsv: no visible global function definition for ‘col2rgb’
    ilagplot: no visible global function definition for ‘is.ts’
    ilagplot: no visible global function definition for ‘n2mfrow’
    ipairs : <anonymous>: no visible global function definition for ‘is’
    itermplot: no visible global function definition for ‘formula’
    itermplot: no visible global function definition for ‘predict’
    itermplot: no visible global function definition for ‘model.frame’
    itermplot: no visible global function definition for ‘residuals’
    itermplot: no visible global function definition for ‘naresid’
    longtsPlot: no visible global function definition for ‘start’
    longtsPlot: no visible global function definition for ‘is.ts’
    longtsPlot: no visible global function definition for ‘ts’
    longtsPlot: no visible global function definition for ‘frequency’
    longtsPlot: no visible global function definition for ‘end’
    longtsPlot: no visible binding for global variable ‘postscript’
    longtsPlot: no visible global function definition for ‘dev.print’
    plot.page: no visible global function definition for ‘start’
    plot.page: no visible global function definition for ‘frequency’
    plot.page: no visible global function definition for ‘end’
    plot.page: no visible global function definition for ‘window’
    rfbaseline : <anonymous>: no visible global function definition for
     ‘median’
    rfbaseline: no visible global function definition for ‘approx’
    rfbaselineScale: no visible global function definition for ‘density’
    rfbaselineScale: no visible global function definition for ‘mad’
    rfbaselineScale: no visible global function definition for ‘sd’
    rose: no visible global function definition for ‘aggregate’
    rose: no visible global function definition for ‘new’
Flavors: r-devel-linux-x86_64-debian-clang, r-devel-linux-x86_64-debian-gcc

Version: 1.1.17
Check: package dependencies
Result: NOTE
    Package suggested but not available for checking: ‘PROcess’
Flavor: r-release-osx-x86_64-mavericks

Version: 1.1.17
Check: Rd cross-references
Result: NOTE
    Package unavailable to check Rd xrefs: ‘PROcess’
Flavor: r-release-osx-x86_64-mavericks