CRAN Package Check Results for Package IDPmisc

Last updated on 2014-11-22 11:49:13.

Flavor Version Tinstall Tcheck Ttotal Status Flags
r-devel-linux-x86_64-debian-clang 1.1.17 1.51 39.97 41.48 NOTE
r-devel-linux-x86_64-debian-gcc 1.1.17 1.58 39.62 41.21 NOTE
r-devel-linux-x86_64-fedora-clang 1.1.17 93.56 NOTE
r-devel-linux-x86_64-fedora-gcc 1.1.17 82.28 NOTE
r-devel-osx-x86_64-clang 1.1.17 75.64 NOTE
r-devel-windows-ix86+x86_64 1.1.17 7.00 94.00 101.00 NOTE
r-patched-linux-x86_64 1.1.17 1.56 41.84 43.40 NOTE
r-patched-solaris-sparc 1.1.17 559.10 NOTE
r-patched-solaris-x86 1.1.17 105.60 NOTE
r-release-linux-ix86 1.1.17 2.05 52.23 54.28 NOTE
r-release-linux-x86_64 1.1.17 1.56 41.61 43.17 NOTE
r-release-osx-x86_64-mavericks 1.1.17 NOTE
r-release-windows-ix86+x86_64 1.1.17 9.00 96.00 105.00 NOTE
r-oldrel-windows-ix86+x86_64 1.1.17 7.00 105.00 112.00 NOTE

Check Details

Version: 1.1.17
Check: dependencies in R code
Result: NOTE
    Package in Depends field not imported from: ‘methods’
     These packages need to be imported from (in the NAMESPACE file)
     for when this namespace is loaded but not attached.
    See the information on DESCRIPTION files in the chapter ‘Creating R
    packages’ of the ‘Writing R Extensions’ manual.
Flavors: r-devel-linux-x86_64-debian-clang, r-devel-linux-x86_64-debian-gcc, r-devel-linux-x86_64-fedora-clang, r-devel-linux-x86_64-fedora-gcc, r-devel-osx-x86_64-clang, r-devel-windows-ix86+x86_64, r-patched-linux-x86_64, r-patched-solaris-sparc, r-patched-solaris-x86, r-release-linux-ix86, r-release-linux-x86_64, r-release-osx-x86_64-mavericks, r-release-windows-ix86+x86_64, r-oldrel-windows-ix86+x86_64

Version: 1.1.17
Check: package dependencies
Result: NOTE
    Package suggested but not available for checking: ‘PROcess’
Flavor: r-release-osx-x86_64-mavericks

Version: 1.1.17
Check: Rd cross-references
Result: NOTE
    Package unavailable to check Rd xrefs: ‘PROcess’
Flavor: r-release-osx-x86_64-mavericks