CRAN Package Check Results for Package IDPmisc

Last updated on 2015-01-29 16:48:28.

Flavor Version Tinstall Tcheck Ttotal Status Flags
r-devel-linux-x86_64-debian-clang 1.1.17 1.65 39.25 40.90 NOTE
r-devel-linux-x86_64-debian-gcc 1.1.17 1.58 39.80 41.38 NOTE
r-devel-linux-x86_64-fedora-clang 1.1.17 83.07 NOTE
r-devel-linux-x86_64-fedora-gcc 1.1.17 80.39 NOTE
r-devel-osx-x86_64-clang 1.1.17 74.73 NOTE
r-devel-windows-ix86+x86_64 1.1.17 10.00 87.00 97.00 NOTE
r-patched-linux-x86_64 1.1.17 1.58 40.88 42.46 NOTE
r-patched-solaris-sparc 1.1.17 594.40 NOTE
r-patched-solaris-x86 1.1.17 108.30 NOTE
r-release-linux-ix86 1.1.17 2.11 52.02 54.13 NOTE
r-release-linux-x86_64 1.1.17 1.56 45.66 47.22 NOTE
r-release-osx-x86_64-mavericks 1.1.17 NOTE
r-release-windows-ix86+x86_64 1.1.17 8.00 94.00 102.00 NOTE
r-oldrel-windows-ix86+x86_64 1.1.17 8.00 148.00 156.00 NOTE

Check Details

Version: 1.1.17
Check: dependencies in R code
Result: NOTE
    Package in Depends field not imported from: ‘methods’
     These packages need to be imported from (in the NAMESPACE file)
     for when this namespace is loaded but not attached.
Flavors: r-devel-linux-x86_64-debian-clang, r-devel-linux-x86_64-debian-gcc, r-devel-linux-x86_64-fedora-clang, r-devel-linux-x86_64-fedora-gcc, r-devel-osx-x86_64-clang, r-devel-windows-ix86+x86_64

Version: 1.1.17
Check: dependencies in R code
Result: NOTE
    Package in Depends field not imported from: ‘methods’
     These packages need to be imported from (in the NAMESPACE file)
     for when this namespace is loaded but not attached.
    See the information on DESCRIPTION files in the chapter ‘Creating R
    packages’ of the ‘Writing R Extensions’ manual.
Flavors: r-patched-linux-x86_64, r-patched-solaris-sparc, r-patched-solaris-x86, r-release-linux-ix86, r-release-linux-x86_64, r-release-osx-x86_64-mavericks, r-release-windows-ix86+x86_64, r-oldrel-windows-ix86+x86_64

Version: 1.1.17
Check: package dependencies
Result: NOTE
    Package suggested but not available for checking: ‘PROcess’
Flavor: r-release-osx-x86_64-mavericks

Version: 1.1.17
Check: Rd cross-references
Result: NOTE
    Package unavailable to check Rd xrefs: ‘PROcess’
Flavor: r-release-osx-x86_64-mavericks