CRAN Package Check Results for Package ICS

Last updated on 2015-07-28 19:47:57.

Flavor Version Tinstall Tcheck Ttotal Status Flags
r-devel-linux-x86_64-debian-clang 1.2-4 1.01 16.96 17.97 NOTE
r-devel-linux-x86_64-debian-gcc 1.2-4 1.25 15.60 16.85 NOTE
r-devel-linux-x86_64-fedora-clang 1.2-4 32.58 NOTE
r-devel-linux-x86_64-fedora-gcc 1.2-4 30.30 NOTE
r-devel-osx-x86_64-clang 1.2-4 33.10 OK
r-devel-windows-ix86+x86_64 1.2-4 4.00 29.00 33.00 NOTE
r-patched-linux-x86_64 1.2-4 1.04 16.48 17.52 OK
r-patched-solaris-sparc 1.2-4 216.50 OK
r-patched-solaris-x86 1.2-4 45.90 OK
r-release-linux-x86_64 1.2-4 0.93 15.78 16.71 OK
r-release-osx-x86_64-mavericks 1.2-4 OK
r-release-windows-ix86+x86_64 1.2-4 6.00 30.00 36.00 OK
r-oldrel-windows-ix86+x86_64 1.2-4 5.00 38.00 43.00 OK

Check Details

Version: 1.2-4
Check: R code for possible problems
Result: NOTE
    screeplot.ics: no visible global function definition for ‘axis’
    Undefined global functions or variables:
     axis
    Consider adding
     importFrom("graphics", "axis")
    to your NAMESPACE.
Flavors: r-devel-linux-x86_64-debian-clang, r-devel-linux-x86_64-debian-gcc, r-devel-linux-x86_64-fedora-clang, r-devel-linux-x86_64-fedora-gcc, r-devel-windows-ix86+x86_64