CRAN Package Check Results for Package ICS

Last updated on 2015-01-26 17:47:42.

Flavor Version Tinstall Tcheck Ttotal Status Flags
r-devel-linux-x86_64-debian-clang 1.2-4 1.20 16.34 17.54 OK
r-devel-linux-x86_64-debian-gcc 1.2-4 1.01 17.03 18.04 OK
r-devel-linux-x86_64-fedora-clang 1.2-4 40.94 OK
r-devel-linux-x86_64-fedora-gcc 1.2-4 40.80 OK
r-devel-osx-x86_64-clang 1.2-4 38.48 OK
r-devel-windows-ix86+x86_64 1.2-4 6.00 48.00 54.00 OK
r-patched-linux-x86_64 1.2-4 1.10 17.94 19.04 OK
r-patched-solaris-sparc 1.2-4 222.90 OK
r-patched-solaris-x86 1.2-4 55.40 OK
r-release-linux-ix86 1.2-4 1.44 24.88 26.32 OK
r-release-linux-x86_64 1.2-4 1.08 17.91 18.99 OK
r-release-osx-x86_64-mavericks 1.2-4 OK
r-release-osx-x86_64-snowleopard 1.2-4 WARN
r-release-windows-ix86+x86_64 1.2-4 4.00 30.00 34.00 OK
r-oldrel-windows-ix86+x86_64 1.2-4 8.00 30.00 38.00 OK

Check Details

Version: 1.2-4
Check: package dependencies
Result: NOTE
    Package suggested but not available for checking: 'ICSNP'
Flavor: r-release-osx-x86_64-snowleopard

Version: 1.2-4
Check: Rd cross-references
Result: NOTE
    Package unavailable to check Rd xrefs: 'ICSNP'
Flavor: r-release-osx-x86_64-snowleopard

Version: 1.2-4
Check: examples
Result: WARN
    checking a package with encoding 'latin1' in an ASCII locale
    
     OK
Flavor: r-release-osx-x86_64-snowleopard