CRAN Package Check Results for Package ICS

Last updated on 2017-06-27 13:48:30.

Flavor Version Tinstall Tcheck Ttotal Status Flags
r-devel-linux-x86_64-debian-clang 1.3-0 3.04 48.27 51.30 OK
r-devel-linux-x86_64-debian-gcc 1.3-0 3.05 47.74 50.79 OK
r-devel-linux-x86_64-fedora-clang 1.3-0 109.42 OK
r-devel-linux-x86_64-fedora-gcc 1.3-0 108.95 OK
r-devel-windows-ix86+x86_64 1.3-0 11.00 84.00 95.00 OK
r-patched-linux-x86_64 1.3-0 2.83 49.22 52.05 OK
r-patched-solaris-sparc 1.3-0 612.30 OK
r-patched-solaris-x86 1.3-0 140.80 OK
r-release-linux-x86_64 1.3-0 3.09 48.13 51.22 OK
r-release-windows-ix86+x86_64 1.3-0 9.00 108.00 117.00 OK
r-release-osx-x86_64 1.3-0 OK
r-oldrel-windows-ix86+x86_64 1.3-0 10.00 100.00 110.00 OK
r-oldrel-osx-x86_64 1.3-0 NOTE

Check Details

Version: 1.3-0
Check: re-building of vignette outputs
Result: NOTE
    Error in re-building vignettes:
     ...
     input string 342 is invalid in this locale
    Warning in grepl("(Rerun to get|biblatex.*\\(re\\)run)", readLines(log, :
     input string 350 is invalid in this locale
    Error in texi2dvi(file = file, pdf = TRUE, clean = clean, quiet = quiet, :
     Running 'texi2dvi' on 'ICS.tex' failed.
    LaTeX errors:
    ! Undefined control sequence.
    l.15 x<9c><ed>\<cf>
     O^^S<df>^^V?ԇ<bc><89><a4>ÄMCRhnbta<a0>d6Ƙ<94>^^Ekw<fe><0b>]<eb><c2>tk\<c1><bf>Ѕ1q<c9>ưe^^VT^^S^^S<88>^^...
    The control sequence at the end of the top line
    of your error message was never \def'ed. If you have
    ! Undefined control sequence.
    l.15 ...^S<df>^^V?ԇ<bc><89><a4>ÄMCRhnbta<a0>d6Ƙ<94>^^Ekw<fe><0b>]<eb><c2>tk\<c1>
     <bf>Ѕ1q<c9>ưe^^VT^^S^^S<88>^^S<a7><8d>A...
    The control sequence at the end of the top line
    of your error message was never \def'ed. If you have
    ! Undefined control sequence.
    l.16 <c3>^^PB\<be>
     |<f9>Ǐ^^_<86>a<80>H!D&<93>A7|^^Z<86>a<9a>&c<8c>1<b6><b9><b9>9::jYV&<93>i<0b><e3>z^^O<e0>իWM-+++{{{<bd>X<eb>d^^...
    The control sequence at the end of the top line
    of your error message was never \def'ed. If you have
    ! Undefined control sequence.
    l.20 cB<88><ef><9e>^^W<c4><e3>Q<c6>^^L<c7><f9>O2^^Yk^^
    Calls: buildVignettes -> texi2pdf -> texi2dvi
    Execution halted
Flavor: r-oldrel-osx-x86_64