CRAN Package Check Results for Package HSAUR2

Last updated on 2017-04-29 11:51:47.

Flavor Version Tinstall Tcheck Ttotal Status Flags
r-devel-linux-x86_64-debian-clang 1.1-15 1.46 96.96 98.42 OK
r-devel-linux-x86_64-debian-gcc 1.1-15 1.58 95.46 97.04 OK
r-devel-linux-x86_64-fedora-clang 1.1-15 190.93 OK --no-stop-on-test-error
r-devel-linux-x86_64-fedora-gcc 1.1-15 187.45 OK --no-stop-on-test-error
r-devel-windows-ix86+x86_64 1.1-15 18.00 418.00 436.00 OK
r-patched-linux-x86_64 1.1-15 1.43 96.95 98.37 OK
r-patched-solaris-sparc 1.1-15 1171.40 OK
r-patched-solaris-x86 1.1-15 230.40 OK
r-release-linux-x86_64 1.1-15 1.40 97.05 98.45 OK
r-release-windows-ix86+x86_64 1.1-15 15.00 379.00 394.00 OK
r-release-osx-x86_64 1.1-15 NOTE
r-oldrel-windows-ix86+x86_64 1.1-15 8.00 457.00 465.00 OK
r-oldrel-osx-x86_64 1.1-15 OK

Check Details

Version: 1.1-15
Check: re-building of vignette outputs
Result: NOTE
    Error in re-building vignettes:
     ...
    Loading required package: TH.data
    Loading required package: MASS
    
    Attaching package: 'TH.data'
    
    The following object is masked from 'package:MASS':
    
     geyser
    
    Error in texi2dvi(file = file, pdf = TRUE, clean = clean, quiet = quiet, :
     Running 'texi2dvi' on 'Ch_analysing_longitudinal_dataI.tex' failed.
    LaTeX errors:
    ! LaTeX Error: File `relsize.sty' not found.
    
    Type X to quit or <RETURN> to proceed,
    or enter new name. (Default extension: sty)
    
    ! Emergency stop.
    <read *>
    
    l.29 ^^M
    
    ! ==> Fatal error occurred, no output PDF file produced!
    Calls: buildVignettes -> texi2pdf -> texi2dvi
    Execution halted
Flavor: r-release-osx-x86_64