CRAN Package Check Results for Package HSAUR2

Last updated on 2014-09-02 07:50:14.

Flavor Version Tinstall Tcheck Ttotal Status Flags
r-devel-linux-x86_64-debian-clang 1.1-11 1.66 101.13 102.79 OK
r-devel-linux-x86_64-debian-gcc 1.1-11 1.58 100.89 102.47 OK
r-devel-linux-x86_64-fedora-clang 1.1-11 238.18 OK
r-devel-linux-x86_64-fedora-gcc 1.1-11 232.26 OK
r-devel-osx-x86_64-clang 1.1-11 259.08 OK
r-devel-windows-ix86+x86_64 1.1-11 6.00 199.00 205.00 OK
r-patched-linux-x86_64 1.1-11 1.67 108.02 109.68 OK
r-patched-solaris-sparc 1.1-11 1463.80 OK
r-patched-solaris-x86 1.1-11 372.90 OK
r-release-linux-ix86 1.1-11 2.26 159.77 162.03 OK
r-release-linux-x86_64 1.1-11 1.71 109.95 111.66 OK
r-release-osx-x86_64-mavericks 1.1-11 NOTE
r-release-osx-x86_64-snowleopard 1.1-11 OK
r-release-windows-ix86+x86_64 1.1-11 8.00 202.00 210.00 OK
r-oldrel-windows-ix86+x86_64 1.1-11 11.00 201.00 212.00 OK

Check Details

Version: 1.1-11
Check: re-building of vignette outputs
Result: NOTE
    Error in re-building vignettes:
     ...
    Loading required package: HSAUR2
    Loading required package: tools
    Loading required package: Rcpp
    Loading required package: mvtnorm
    Loading required package: survival
    Loading required package: splines
    Loading required package: TH.data
    Error in texi2dvi(file = file, pdf = TRUE, clean = clean, quiet = quiet, :
     Running 'texi2dvi' on 'Ch_analysing_longitudinal_dataI.tex' failed.
    LaTeX errors:
    ! LaTeX Error: File `relsize.sty' not found.
    
    Type X to quit or <RETURN> to proceed,
    or enter new name. (Default extension: sty)
    
    test/HSAUR2/vignettes/Ch_analysing_longitudinal_dataI.tex:16: ==> Fatal error
    occurred, no output PDF file produced!
    Calls: buildVignettes -> texi2pdf -> texi2dvi
    Execution halted
Flavor: r-release-osx-x86_64-mavericks