CRAN Package Check Results for Package HSAUR2

Last updated on 2014-08-01 14:47:25.

Flavor Version Tinstall Tcheck Ttotal Status Flags
r-devel-linux-x86_64-debian-clang 1.1-10 1.74 108.25 109.99 OK
r-devel-linux-x86_64-debian-gcc 1.1-10 1.65 107.74 109.39 OK
r-devel-linux-x86_64-fedora-clang 1.1-10 259.08 OK
r-devel-linux-x86_64-fedora-gcc 1.1-10 246.27 OK
r-devel-osx-x86_64-clang 1.1-10 269.63 OK
r-devel-windows-ix86+x86_64 1.1-10 6.00 199.00 205.00 OK
r-patched-linux-x86_64 1.1-10 1.80 107.97 109.77 OK
r-patched-solaris-sparc 1.1-10 1633.30 OK
r-patched-solaris-x86 1.1-10 375.70 OK
r-release-linux-ix86 1.1-10 2.32 158.66 160.97 OK
r-release-linux-x86_64 1.1-10 1.69 108.56 110.26 OK
r-release-osx-x86_64-mavericks 1.1-10 NOTE
r-release-osx-x86_64-snowleopard 1.1-10 OK
r-release-windows-ix86+x86_64 1.1-10 6.00 287.00 293.00 OK
r-oldrel-windows-ix86+x86_64 1.1-10 12.00 289.00 301.00 OK

Check Details

Version: 1.1-10
Check: re-building of vignette outputs
Result: NOTE
    Error in re-building vignettes:
     ...
    Loading required package: HSAUR2
    Loading required package: tools
    Loading required package: Rcpp
    Loading required package: mvtnorm
    Loading required package: survival
    Loading required package: splines
    Loading required package: TH.data
    Error in texi2dvi(file = file, pdf = TRUE, clean = clean, quiet = quiet, :
     Running 'texi2dvi' on 'Ch_analysing_longitudinal_dataI.tex' failed.
    LaTeX errors:
    ! LaTeX Error: File `relsize.sty' not found.
    
    Type X to quit or <RETURN> to proceed,
    or enter new name. (Default extension: sty)
    
    test/HSAUR2/vignettes/Ch_analysing_longitudinal_dataI.tex:16: ==> Fatal error
    occurred, no output PDF file produced!
    Calls: buildVignettes -> texi2pdf -> texi2dvi
    Execution halted
Flavor: r-release-osx-x86_64-mavericks