CRAN Package Check Results for Package HSAUR2

Last updated on 2016-02-09 20:47:08.

Flavor Version Tinstall Tcheck Ttotal Status Flags
r-devel-linux-x86_64-debian-gcc 1.1-14 1.37 75.01 76.38 WARN
r-devel-linux-x86_64-fedora-clang 1.1-14 153.11 OK
r-devel-linux-x86_64-fedora-gcc 1.1-14 148.62 OK
r-devel-osx-x86_64-clang 1.1-14 185.67 OK
r-devel-windows-ix86+x86_64 1.1-14 11.00 160.00 171.00 OK
r-patched-linux-x86_64 1.1-14 1.46 114.42 115.88 OK
r-patched-solaris-sparc 1.1-14 3386.00 OK
r-patched-solaris-x86 1.1-14 308.00 OK
r-release-linux-x86_64 1.1-14 1.59 114.57 116.16 OK
r-release-osx-x86_64-mavericks 1.1-14 OK
r-release-windows-ix86+x86_64 1.1-14 9.00 237.00 246.00 OK
r-oldrel-windows-ix86+x86_64 1.1-14 15.00 251.00 266.00 OK

Check Details

Version: 1.1-14
Check: re-building of vignette outputs
Result: WARN
    Error in re-building vignettes:
     ...
     "legend.text" is not a graphical parameter
    Warning in plot.window(...) : "legend.bty" is not a graphical parameter
    Warning in plot.xy(xy, type, ...) :
     "legend.text" is not a graphical parameter
    Warning in plot.xy(xy, type, ...) :
     "legend.bty" is not a graphical parameter
    Warning in axis(side = side, at = at, labels = labels, ...) :
     "legend.text" is not a graphical parameter
    Warning in axis(side = side, at = at, labels = labels, ...) :
     "legend.bty" is not a graphical parameter
    Warning in axis(side = side, at = at, labels = labels, ...) :
     "legend.text" is not a graphical parameter
    Warning in axis(side = side, at = at, labels = labels, ...) :
     "legend.bty" is not a graphical parameter
    Warning in box(...) : "legend.text" is not a graphical parameter
    Warning in box(...) : "legend.bty" is not a graphical parameter
    Warning in title(...) : "legend.text" is not a graphical parameter
    Warning in title(...) : "legend.bty" is not a graphical parameter
    Warning: 'surv_test' is deprecated. Use 'logrank_test' instead.
    
    Error: processing vignette 'Ch_survival_analysis.Rnw' failed with diagnostics:
     chunk 6 (label = SA-glioma-exact)
    Error in rowSums(is.na(s)) :
     'x' must be an array of at least two dimensions
    Execution halted
Flavor: r-devel-linux-x86_64-debian-gcc