CRAN Package Check Results for Package HSAUR2

Last updated on 2015-07-02 20:46:41.

Flavor Version Tinstall Tcheck Ttotal Status Flags
r-devel-linux-x86_64-debian-clang 1.1-13 1.56 112.55 114.11 NOTE
r-devel-linux-x86_64-debian-gcc 1.1-13 1.39 106.78 108.17 NOTE
r-devel-linux-x86_64-fedora-clang 1.1-13 218.35 NOTE
r-devel-linux-x86_64-fedora-gcc 1.1-13 211.06 NOTE
r-devel-osx-x86_64-clang 1.1-13 233.86 OK
r-devel-windows-ix86+x86_64 1.1-13 9.00 208.00 217.00 NOTE
r-patched-linux-x86_64 1.1-13 1.39 105.78 107.17 OK
r-patched-solaris-sparc 1.1-13 1593.60 OK
r-patched-solaris-x86 1.1-13 309.60 OK
r-release-linux-x86_64 1.1-13 1.41 108.66 110.08 OK
r-release-osx-x86_64-mavericks 1.1-13 OK
r-release-windows-ix86+x86_64 1.1-13 7.00 215.00 222.00 OK
r-oldrel-windows-ix86+x86_64 1.1-13 11.00 215.00 226.00 OK

Check Details

Version: 1.1-13
Check: R code for possible problems
Result: NOTE
    HSAURtable.data.frame: no visible global function definition for
     ‘complete.cases’
    Undefined global functions or variables:
     complete.cases
Flavors: r-devel-linux-x86_64-debian-clang, r-devel-linux-x86_64-fedora-clang, r-devel-linux-x86_64-fedora-gcc

Version: 1.1-13
Check: R code for possible problems
Result: NOTE
    HSAURtable.data.frame: no visible global function definition for
     ‘complete.cases’
Flavors: r-devel-linux-x86_64-debian-gcc, r-devel-windows-ix86+x86_64