CRAN Package Check Results for Package HSAUR2

Last updated on 2017-06-27 13:48:30.

Flavor Version Tinstall Tcheck Ttotal Status Flags
r-devel-linux-x86_64-debian-clang 1.1-16 1.50 96.35 97.85 OK
r-devel-linux-x86_64-debian-gcc 1.1-16 1.60 96.16 97.75 OK
r-devel-linux-x86_64-fedora-clang 1.1-16 190.00 OK
r-devel-linux-x86_64-fedora-gcc 1.1-16 187.45 OK
r-devel-windows-ix86+x86_64 1.1-16 11.00 270.00 281.00 OK
r-patched-linux-x86_64 1.1-16 1.48 95.56 97.03 OK
r-patched-solaris-sparc 1.1-15 1171.40 OK
r-patched-solaris-x86 1.1-16 240.60 OK
r-release-linux-x86_64 1.1-16 1.45 96.05 97.49 OK
r-release-windows-ix86+x86_64 1.1-16 10.00 407.00 417.00 OK
r-release-osx-x86_64 1.1-15 NOTE
r-oldrel-windows-ix86+x86_64 1.1-16 10.00 372.00 382.00 OK
r-oldrel-osx-x86_64 1.1-16 OK

Check Details

Version: 1.1-15
Check: re-building of vignette outputs
Result: NOTE
    Error in re-building vignettes:
     ...
    Loading required package: TH.data
    Loading required package: MASS
    
    Attaching package: 'TH.data'
    
    The following object is masked from 'package:MASS':
    
     geyser
    
    Error in texi2dvi(file = file, pdf = TRUE, clean = clean, quiet = quiet, :
     Running 'texi2dvi' on 'Ch_analysing_longitudinal_dataI.tex' failed.
    LaTeX errors:
    ! LaTeX Error: File `relsize.sty' not found.
    
    Type X to quit or <RETURN> to proceed,
    or enter new name. (Default extension: sty)
    
    ! Emergency stop.
    <read *>
    
    l.29 ^^M
    
    ! ==> Fatal error occurred, no output PDF file produced!
    Calls: buildVignettes -> texi2pdf -> texi2dvi
    Execution halted
Flavor: r-release-osx-x86_64