CRAN Package Check Results for Package ForImp

Last updated on 2014-10-29 17:47:09.

Flavor Version Tinstall Tcheck Ttotal Status Flags
r-devel-linux-x86_64-debian-clang 1.0.2 1.28 19.96 21.24 WARN
r-devel-linux-x86_64-debian-gcc 1.0.2 1.17 19.64 20.81 NOTE
r-devel-linux-x86_64-fedora-clang 1.0.2 42.11 NOTE
r-devel-linux-x86_64-fedora-gcc 1.0.2 39.54 NOTE
r-devel-osx-x86_64-clang 1.0.2 38.76 NOTE
r-devel-windows-ix86+x86_64 1.0.2 6.00 29.00 35.00 NOTE
r-patched-linux-x86_64 1.0.2 1.62 20.56 22.18 NOTE
r-patched-solaris-sparc 1.0.2 232.30 NOTE
r-patched-solaris-x86 1.0.2 63.40 NOTE
r-release-linux-ix86 1.0.2 1.61 29.17 30.78 NOTE
r-release-linux-x86_64 1.0.2 1.13 20.71 21.84 NOTE
r-release-osx-x86_64-mavericks 1.0.2 NOTE
r-release-windows-ix86+x86_64 1.0.2 5.00 32.00 37.00 NOTE
r-oldrel-windows-ix86+x86_64 1.0.2 7.00 37.00 44.00 NOTE

Check Details

Version: 1.0.2
Check: top-level files
Result: NOTE
    Non-standard file/directory found at top level:
     ‘doc’
Flavors: r-devel-linux-x86_64-debian-clang, r-devel-linux-x86_64-debian-gcc, r-devel-linux-x86_64-fedora-clang, r-devel-linux-x86_64-fedora-gcc, r-patched-linux-x86_64, r-release-linux-x86_64

Version: 1.0.2
Check: dependencies in R code
Result: NOTE
    Xlib: extension "GLX" missing on display ":101".
    Xlib: extension "GLX" missing on display ":101".
    Packages in Depends field not imported from:
     ‘homals’ ‘mvtnorm’ ‘sampling’
     These packages need to be imported from (in the NAMESPACE file)
     for when this namespace is loaded but not attached.
    See the information on DESCRIPTION files in the chapter ‘Creating R
    packages’ of the ‘Writing R Extensions’ manual.
Flavor: r-devel-linux-x86_64-debian-clang

Version: 1.0.2
Check: S3 generic/method consistency
Result: WARN
    Xlib: extension "GLX" missing on display ":101".
    Xlib: extension "GLX" missing on display ":101".
    See section ‘Generic functions and methods’ of the ‘Writing R
    Extensions’ manual.
Flavor: r-devel-linux-x86_64-debian-clang

Version: 1.0.2
Check: replacement functions
Result: WARN
    Xlib: extension "GLX" missing on display ":101".
    Xlib: extension "GLX" missing on display ":101".
    The argument of a replacement function which corresponds to the right
    hand side must be named ‘value’.
Flavor: r-devel-linux-x86_64-debian-clang

Version: 1.0.2
Check: foreign function calls
Result: NOTE
    Xlib: extension "GLX" missing on display ":101".
    Xlib: extension "GLX" missing on display ":101".
    See the chapter ‘System and foreign language interfaces’ of the
    ‘Writing R Extensions’ manual.
Flavor: r-devel-linux-x86_64-debian-clang

Version: 1.0.2
Check: R code for possible problems
Result: NOTE
    Xlib: extension "GLX" missing on display ":101".
    Xlib: extension "GLX" missing on display ":101".
    ForImp: no visible global function definition for ‘homals’
    missingmat: no visible global function definition for ‘UPpivotal’
Flavor: r-devel-linux-x86_64-debian-clang

Version: 1.0.2
Check: Rd line widths
Result: NOTE
    Rd file 'missingmat2.Rd':
     \examples lines wider than 100 characters:
     # if you want 20 rows with 1 missing, 10 rows with 2 missing, 4 rows with 3 missing, 1 row with 4 missing
    
    These lines will be truncated in the PDF manual.
Flavors: r-devel-linux-x86_64-debian-clang, r-devel-linux-x86_64-debian-gcc, r-devel-linux-x86_64-fedora-clang, r-devel-linux-x86_64-fedora-gcc, r-patched-linux-x86_64, r-release-linux-x86_64

Version: 1.0.2
Check: for missing documentation entries
Result: WARN
    Xlib: extension "GLX" missing on display ":101".
    Xlib: extension "GLX" missing on display ":101".
    All user-level objects in a package should have documentation entries.
    See the chapter ‘Writing R documentation files’ in the ‘Writing R
    Extensions’ manual.
Flavor: r-devel-linux-x86_64-debian-clang

Version: 1.0.2
Check: for code/documentation mismatches
Result: WARN
    Xlib: extension "GLX" missing on display ":101".
    Xlib: extension "GLX" missing on display ":101".
    Xlib: extension "GLX" missing on display ":101".
    Xlib: extension "GLX" missing on display ":101".
    Xlib: extension "GLX" missing on display ":101".
    Xlib: extension "GLX" missing on display ":101".
Flavor: r-devel-linux-x86_64-debian-clang

Version: 1.0.2
Check: Rd \usage sections
Result: NOTE
    Xlib: extension "GLX" missing on display ":101".
    Xlib: extension "GLX" missing on display ":101".
    The \usage entries for S3 methods should use the \method markup and not
    their full name.
    See the chapter ‘Writing R documentation files’ in the ‘Writing R
    Extensions’ manual.
Flavor: r-devel-linux-x86_64-debian-clang

Version: 1.0.2
Check: dependencies in R code
Result: NOTE
    Packages in Depends field not imported from:
     ‘homals’ ‘mvtnorm’ ‘sampling’
     These packages need to be imported from (in the NAMESPACE file)
     for when this namespace is loaded but not attached.
    See the information on DESCRIPTION files in the chapter ‘Creating R
    packages’ of the ‘Writing R Extensions’ manual.
Flavors: r-devel-linux-x86_64-debian-gcc, r-devel-linux-x86_64-fedora-clang, r-devel-linux-x86_64-fedora-gcc, r-devel-osx-x86_64-clang, r-devel-windows-ix86+x86_64, r-patched-linux-x86_64, r-patched-solaris-sparc, r-patched-solaris-x86, r-release-linux-ix86, r-release-linux-x86_64, r-release-osx-x86_64-mavericks, r-release-windows-ix86+x86_64, r-oldrel-windows-ix86+x86_64

Version: 1.0.2
Check: R code for possible problems
Result: NOTE
    ForImp: no visible global function definition for ‘homals’
    missingmat: no visible global function definition for ‘UPpivotal’
Flavors: r-devel-linux-x86_64-debian-gcc, r-devel-linux-x86_64-fedora-clang, r-devel-linux-x86_64-fedora-gcc, r-devel-osx-x86_64-clang, r-devel-windows-ix86+x86_64, r-patched-linux-x86_64, r-patched-solaris-sparc, r-patched-solaris-x86