CRAN Package Check Results for Package ForImp

Last updated on 2015-07-02 20:46:36.

Flavor Version Tinstall Tcheck Ttotal Status Flags
r-devel-linux-x86_64-debian-clang 1.0.3 0.89 15.91 16.80 NOTE
r-devel-linux-x86_64-debian-gcc 1.0.3 0.88 15.43 16.31 NOTE
r-devel-linux-x86_64-fedora-clang 1.0.3 32.68 NOTE
r-devel-linux-x86_64-fedora-gcc 1.0.3 31.46 NOTE
r-devel-osx-x86_64-clang 1.0.3 31.56 NOTE
r-devel-windows-ix86+x86_64 1.0.3 4.00 26.00 30.00 NOTE
r-patched-linux-x86_64 1.0.3 0.92 16.04 16.96 NOTE
r-patched-solaris-sparc 1.0.3 211.10 NOTE
r-patched-solaris-x86 1.0.3 54.40 NOTE
r-release-linux-x86_64 1.0.3 0.94 15.97 16.91 NOTE
r-release-osx-x86_64-mavericks 1.0.3 NOTE
r-release-windows-ix86+x86_64 1.0.3 4.00 27.00 31.00 NOTE
r-oldrel-windows-ix86+x86_64 1.0.3 8.00 37.00 45.00 OK

Check Details

Version: 1.0.3
Check: DESCRIPTION meta-information
Result: NOTE
    Malformed Description field: should contain one or more complete sentences.
Flavors: r-devel-linux-x86_64-debian-clang, r-devel-linux-x86_64-debian-gcc, r-devel-linux-x86_64-fedora-clang, r-devel-linux-x86_64-fedora-gcc, r-devel-osx-x86_64-clang, r-devel-windows-ix86+x86_64, r-patched-linux-x86_64, r-patched-solaris-sparc, r-patched-solaris-x86, r-release-linux-x86_64, r-release-osx-x86_64-mavericks, r-release-windows-ix86+x86_64

Version: 1.0.3
Check: R code for possible problems
Result: NOTE
    ForImp: no visible global function definition for ‘head’
    ForImp: no visible global function definition for ‘tail’
    ForImp: no visible global function definition for ‘dist’
    medianimp: no visible global function definition for ‘quantile’
    rancatmat: no visible global function definition for ‘runif’
    transfmatcat: no visible global function definition for ‘qnorm’
    transfmatcat: no visible global function definition for ‘sd’
    Undefined global functions or variables:
     dist head qnorm quantile runif sd tail
Flavors: r-devel-linux-x86_64-debian-clang, r-devel-linux-x86_64-fedora-clang, r-devel-linux-x86_64-fedora-gcc

Version: 1.0.3
Check: R code for possible problems
Result: NOTE
    ForImp: no visible global function definition for ‘head’
    ForImp: no visible global function definition for ‘tail’
    ForImp: no visible global function definition for ‘dist’
    medianimp: no visible global function definition for ‘quantile’
    rancatmat: no visible global function definition for ‘runif’
    transfmatcat: no visible global function definition for ‘qnorm’
    transfmatcat: no visible global function definition for ‘sd’
Flavors: r-devel-linux-x86_64-debian-gcc, r-devel-windows-ix86+x86_64