CRAN Package Check Results for Package ForImp

Last updated on 2017-04-29 11:51:42.

Flavor Version Tinstall Tcheck Ttotal Status Flags
r-devel-linux-x86_64-debian-clang 1.0.3 1.44 24.36 25.80 NOTE
r-devel-linux-x86_64-debian-gcc 1.0.3 1.52 24.17 25.70 NOTE
r-devel-linux-x86_64-fedora-clang 1.0.3 45.88 NOTE --no-stop-on-test-error
r-devel-linux-x86_64-fedora-gcc 1.0.3 42.88 NOTE --no-stop-on-test-error
r-devel-windows-ix86+x86_64 1.0.3 11.00 72.00 83.00 NOTE
r-patched-linux-x86_64 1.0.3 1.54 23.90 25.44 NOTE
r-patched-solaris-sparc 1.0.3 277.10 NOTE
r-patched-solaris-x86 1.0.3 66.70 NOTE
r-release-linux-x86_64 1.0.3 1.48 24.45 25.93 NOTE
r-release-windows-ix86+x86_64 1.0.3 8.00 73.00 81.00 NOTE
r-release-osx-x86_64 1.0.3 NOTE
r-oldrel-windows-ix86+x86_64 1.0.3 10.00 59.00 69.00 NOTE
r-oldrel-osx-x86_64 1.0.3 WARN

Check Details

Version: 1.0.3
Check: DESCRIPTION meta-information
Result: NOTE
    Malformed Description field: should contain one or more complete sentences.
Flavors: r-devel-linux-x86_64-debian-clang, r-devel-linux-x86_64-debian-gcc, r-devel-windows-ix86+x86_64, r-patched-linux-x86_64, r-patched-solaris-sparc, r-patched-solaris-x86, r-release-linux-x86_64, r-release-windows-ix86+x86_64, r-release-osx-x86_64, r-oldrel-windows-ix86+x86_64, r-oldrel-osx-x86_64

Version: 1.0.3
Check: R code for possible problems
Result: NOTE
    ForImp: no visible global function definition for ‘head’
    ForImp: no visible global function definition for ‘tail’
    ForImp: no visible global function definition for ‘dist’
    medianimp: no visible global function definition for ‘quantile’
    rancatmat: no visible global function definition for ‘runif’
    transfmatcat: no visible global function definition for ‘qnorm’
    transfmatcat: no visible global function definition for ‘sd’
    Undefined global functions or variables:
     dist head qnorm quantile runif sd tail
    Consider adding
     importFrom("stats", "dist", "qnorm", "quantile", "runif", "sd")
     importFrom("utils", "head", "tail")
    to your NAMESPACE file.
Flavors: r-devel-linux-x86_64-debian-clang, r-devel-linux-x86_64-debian-gcc, r-devel-windows-ix86+x86_64, r-patched-linux-x86_64, r-patched-solaris-sparc, r-patched-solaris-x86, r-release-linux-x86_64, r-release-windows-ix86+x86_64, r-release-osx-x86_64, r-oldrel-windows-ix86+x86_64

Version: 1.0.3
Flags: --no-stop-on-test-error
Check: DESCRIPTION meta-information
Result: NOTE
    Malformed Description field: should contain one or more complete sentences.
Flavors: r-devel-linux-x86_64-fedora-clang, r-devel-linux-x86_64-fedora-gcc

Version: 1.0.3
Flags: --no-stop-on-test-error
Check: R code for possible problems
Result: NOTE
    ForImp: no visible global function definition for ‘head’
    ForImp: no visible global function definition for ‘tail’
    ForImp: no visible global function definition for ‘dist’
    medianimp: no visible global function definition for ‘quantile’
    rancatmat: no visible global function definition for ‘runif’
    transfmatcat: no visible global function definition for ‘qnorm’
    transfmatcat: no visible global function definition for ‘sd’
    Undefined global functions or variables:
     dist head qnorm quantile runif sd tail
    Consider adding
     importFrom("stats", "dist", "qnorm", "quantile", "runif", "sd")
     importFrom("utils", "head", "tail")
    to your NAMESPACE file.
Flavors: r-devel-linux-x86_64-fedora-clang, r-devel-linux-x86_64-fedora-gcc

Version: 1.0.3
Check: whether package can be installed
Result: WARN
    Found the following significant warnings:
     Warning: 'rgl_init' failed, running with rgl.useNULL = TRUE
Flavor: r-oldrel-osx-x86_64

Version: 1.0.3
Check: dependencies in R code
Result: NOTE
    Invalid MIT-MAGIC-COOKIE-1 key
Flavor: r-oldrel-osx-x86_64

Version: 1.0.3
Check: S3 generic/method consistency
Result: WARN
    Invalid MIT-MAGIC-COOKIE-1 key
    See section ‘Generic functions and methods’ in the ‘Writing R
    Extensions’ manual.
Flavor: r-oldrel-osx-x86_64

Version: 1.0.3
Check: replacement functions
Result: WARN
    Invalid MIT-MAGIC-COOKIE-1 key
    The argument of a replacement function which corresponds to the right
    hand side must be named ‘value’.
Flavor: r-oldrel-osx-x86_64

Version: 1.0.3
Check: foreign function calls
Result: NOTE
    Invalid MIT-MAGIC-COOKIE-1 key
    See chapter ‘System and foreign language interfaces’ in the ‘Writing R
    Extensions’ manual.
Flavor: r-oldrel-osx-x86_64

Version: 1.0.3
Check: R code for possible problems
Result: NOTE
    Invalid MIT-MAGIC-COOKIE-1 keyForImp: no visible global function definition for ‘head’
    ForImp: no visible global function definition for ‘tail’
    ForImp: no visible global function definition for ‘dist’
    medianimp: no visible global function definition for ‘quantile’
    rancatmat: no visible global function definition for ‘runif’
    transfmatcat: no visible global function definition for ‘qnorm’
    transfmatcat: no visible global function definition for ‘sd’
    Undefined global functions or variables:
     dist head qnorm quantile runif sd tail
    Consider adding
     importFrom("stats", "dist", "qnorm", "quantile", "runif", "sd")
     importFrom("utils", "head", "tail")
    to your NAMESPACE file.
Flavor: r-oldrel-osx-x86_64

Version: 1.0.3
Check: for missing documentation entries
Result: WARN
    Invalid MIT-MAGIC-COOKIE-1 key
    All user-level objects in a package should have documentation entries.
    See chapter ‘Writing R documentation files’ in the ‘Writing R
    Extensions’ manual.
Flavor: r-oldrel-osx-x86_64

Version: 1.0.3
Check: for code/documentation mismatches
Result: WARN
    Invalid MIT-MAGIC-COOKIE-1 key
    Invalid MIT-MAGIC-COOKIE-1 key
    Invalid MIT-MAGIC-COOKIE-1 key
Flavor: r-oldrel-osx-x86_64

Version: 1.0.3
Check: Rd \usage sections
Result: NOTE
    Invalid MIT-MAGIC-COOKIE-1 key
    The \usage entries for S3 methods should use the \method markup and not
    their full name.
    See chapter ‘Writing R documentation files’ in the ‘Writing R
    Extensions’ manual.
Flavor: r-oldrel-osx-x86_64