CRAN Package Check Results for Package ForImp

Last updated on 2015-03-31 17:49:56.

Flavor Version Tinstall Tcheck Ttotal Status Flags
r-devel-linux-x86_64-debian-clang 1.0.3 1.01 16.19 17.20 NOTE
r-devel-linux-x86_64-debian-gcc 1.0.3 0.92 16.11 17.03 NOTE
r-devel-linux-x86_64-fedora-clang 1.0.3 34.17 NOTE
r-devel-linux-x86_64-fedora-gcc 1.0.3 32.68 NOTE
r-devel-osx-x86_64-clang 1.0.3 36.97 NOTE
r-prerel-windows-ix86+x86_64 1.0.3 5.00 25.00 30.00 NOTE
r-prerel-linux-x86_64 1.0.3 0.91 16.33 17.24 NOTE
r-prerel-solaris-sparc 1.0.3 217.90 NOTE
r-prerel-solaris-x86 1.0.3 61.00 NOTE
r-release-linux-x86_64 1.0.3 1.54 21.83 23.37 OK
r-release-osx-x86_64-mavericks 1.0.3 OK
r-release-osx-x86_64-snowleopard 1.0.3 OK
r-release-windows-ix86+x86_64 1.0.3 7.00 35.00 42.00 OK
r-oldrel-windows-ix86+x86_64 1.0.3 7.00 38.00 45.00 OK

Check Details

Version: 1.0.3
Check: DESCRIPTION meta-information
Result: NOTE
    Malformed Description field: should contain one or more complete sentences.
Flavors: r-devel-linux-x86_64-debian-clang, r-devel-linux-x86_64-debian-gcc, r-devel-linux-x86_64-fedora-clang, r-devel-linux-x86_64-fedora-gcc, r-devel-osx-x86_64-clang, r-prerel-windows-ix86+x86_64, r-prerel-linux-x86_64, r-prerel-solaris-sparc, r-prerel-solaris-x86