CRAN Package Check Results for Package ForImp

Last updated on 2015-04-21 19:11:45.

Flavor Version Tinstall Tcheck Ttotal Status Flags
r-devel-linux-x86_64-debian-clang 1.0.3 0.96 16.16 17.12 NOTE
r-devel-linux-x86_64-debian-gcc 1.0.3 0.95 15.93 16.88 NOTE
r-devel-linux-x86_64-fedora-clang 1.0.3 34.35 NOTE
r-devel-linux-x86_64-fedora-gcc 1.0.3 35.95 NOTE
r-devel-osx-x86_64-clang 1.0.3 35.39 NOTE
r-devel-windows-ix86+x86_64 1.0.3 3.00 23.00 26.00 NOTE
r-patched-linux-x86_64 1.0.3 0.92 16.05 16.98 NOTE
r-patched-solaris-sparc 1.0.3 217.90 NOTE
r-patched-solaris-x86 1.0.3 58.00 NOTE
r-release-linux-x86_64 1.0.3 0.96 15.78 16.75 NOTE
r-release-osx-x86_64-mavericks 1.0.3 NOTE
r-release-osx-x86_64-snowleopard 1.0.3 NOTE
r-release-windows-ix86+x86_64 1.0.3 3.00 23.00 26.00 NOTE
r-oldrel-windows-ix86+x86_64 1.0.3 5.00 40.00 45.00 OK

Check Details

Version: 1.0.3
Check: DESCRIPTION meta-information
Result: NOTE
    Malformed Description field: should contain one or more complete sentences.
Flavors: r-devel-linux-x86_64-debian-clang, r-devel-linux-x86_64-debian-gcc, r-devel-linux-x86_64-fedora-clang, r-devel-linux-x86_64-fedora-gcc, r-devel-osx-x86_64-clang, r-devel-windows-ix86+x86_64, r-patched-linux-x86_64, r-patched-solaris-sparc, r-patched-solaris-x86, r-release-linux-x86_64, r-release-osx-x86_64-mavericks, r-release-osx-x86_64-snowleopard, r-release-windows-ix86+x86_64