CRAN Package Check Results for Package ForImp

Last updated on 2015-02-27 16:47:47.

Flavor Version Tinstall Tcheck Ttotal Status Flags
r-devel-linux-x86_64-debian-clang 1.0.3 0.95 16.11 17.06 NOTE
r-devel-linux-x86_64-debian-gcc 1.0.3 0.94 16.63 17.56 NOTE
r-devel-linux-x86_64-fedora-clang 1.0.3 34.26 NOTE
r-devel-linux-x86_64-fedora-gcc 1.0.3 32.46 NOTE
r-devel-osx-x86_64-clang 1.0.3 34.09 NOTE
r-devel-windows-ix86+x86_64 1.0.3 5.00 25.00 30.00 NOTE
r-patched-linux-x86_64 1.0.3 1.44 21.54 22.98 OK
r-patched-solaris-sparc 1.0.3 230.40 OK
r-patched-solaris-x86 OK
r-release-linux-ix86 1.0.3 1.61 30.32 31.93 OK
r-release-linux-x86_64 1.0.3 1.42 21.32 22.74 OK
r-release-osx-x86_64-mavericks 1.0.3 OK
r-release-osx-x86_64-snowleopard 1.0.3 OK
r-release-windows-ix86+x86_64 1.0.3 6.00 35.00 41.00 OK
r-oldrel-windows-ix86+x86_64 1.0.3 7.00 54.00 61.00 OK

Check Details

Version: 1.0.3
Check: DESCRIPTION meta-information
Result: NOTE
    Malformed Description field: should contain one or more complete sentences.
Flavors: r-devel-linux-x86_64-debian-clang, r-devel-linux-x86_64-debian-gcc, r-devel-linux-x86_64-fedora-clang, r-devel-linux-x86_64-fedora-gcc, r-devel-osx-x86_64-clang, r-devel-windows-ix86+x86_64