CRAN Package Check Results for Package Flury

Last updated on 2014-10-24 16:46:43.

Flavor Version Tinstall Tcheck Ttotal Status Flags
r-devel-linux-x86_64-debian-clang 0.1-3 0.90 8.40 9.30 NOTE
r-devel-linux-x86_64-debian-gcc 0.1-3 0.94 7.34 8.28 NOTE
r-devel-linux-x86_64-fedora-clang 0.1-3 16.27 NOTE
r-devel-linux-x86_64-fedora-gcc 0.1-3 16.02 NOTE
r-devel-osx-x86_64-clang 0.1-3 19.82 NOTE
r-devel-windows-ix86+x86_64 0.1-3 4.00 14.00 18.00 NOTE
r-patched-linux-x86_64 0.1-3 0.91 7.59 8.50 NOTE
r-patched-solaris-sparc 0.1-3 93.60 NOTE
r-patched-solaris-x86 0.1-3 24.40 NOTE
r-release-linux-ix86 0.1-3 1.24 11.20 12.44 NOTE
r-release-linux-x86_64 0.1-3 1.02 8.66 9.68 NOTE
r-release-osx-x86_64-mavericks 0.1-3 NOTE
r-release-windows-ix86+x86_64 0.1-3 4.00 14.00 18.00 NOTE
r-oldrel-windows-ix86+x86_64 0.1-3 3.00 13.00 16.00 NOTE

Check Details

Version: 0.1-3
Check: Rd files
Result: NOTE
    prepare_Rd: Flury-package.Rd:37-39: Dropping empty section \examples
    prepare_Rd: apples.Rd:19-21: Dropping empty section \details
    prepare_Rd: basketball.Rd:28-29: Dropping empty section \references
    prepare_Rd: challenger.Rd:18-20: Dropping empty section \details
    prepare_Rd: computers.Rd:16-18: Dropping empty section \details
    prepare_Rd: cork.Rd:19-20: Dropping empty section \details
    prepare_Rd: dead.beetles.Rd:17-19: Dropping empty section \details
    prepare_Rd: deer.Rd:14-16: Dropping empty section \details
    prepare_Rd: dogwood.Rd:22-24: Dropping empty section \details
    prepare_Rd: f.twins.Rd:23-25: Dropping empty section \details
    prepare_Rd: flea.beetles.Rd:22-24: Dropping empty section \details
    prepare_Rd: ghq.Rd:25-27: Dropping empty section \details
    prepare_Rd: lookup.Rd:15-17: Dropping empty section \details
    prepare_Rd: lookup.Rd:18-20: Dropping empty section \source
    prepare_Rd: m.twins.Rd:24-26: Dropping empty section \details
    prepare_Rd: mumps.Rd:14-16: Dropping empty section \details
    prepare_Rd: pipits.Rd:17-19: Dropping empty section \details
    prepare_Rd: pipits2.Rd:18-19: Dropping empty section \details
    prepare_Rd: robustus.Rd:17-19: Dropping empty section \details
    prepare_Rd: sibling.heads.Rd:18-20: Dropping empty section \details
    prepare_Rd: snailsf.Rd:25-27: Dropping empty section \details
    prepare_Rd: steve.Rd:19-20: Dropping empty section \details
    prepare_Rd: steve.Rd:26-27: Dropping empty section \references
    prepare_Rd: turtles.Rd:19: Dropping empty section \details
    prepare_Rd: vasoc.Rd:18-20: Dropping empty section \details
    prepare_Rd: wine.sugar.Rd:22-24: Dropping empty section \details
Flavors: r-devel-linux-x86_64-debian-clang, r-devel-linux-x86_64-debian-gcc, r-devel-linux-x86_64-fedora-clang, r-devel-linux-x86_64-fedora-gcc, r-devel-osx-x86_64-clang, r-devel-windows-ix86+x86_64, r-patched-linux-x86_64, r-patched-solaris-sparc, r-patched-solaris-x86, r-release-linux-ix86, r-release-linux-x86_64, r-release-osx-x86_64-mavericks, r-release-windows-ix86+x86_64, r-oldrel-windows-ix86+x86_64