CRAN Package Check Results for Package EstCRM

Last updated on 2014-12-20 17:51:05.

Flavor Version Tinstall Tcheck Ttotal Status Flags
r-devel-linux-x86_64-debian-clang 1.3 1.18 31.72 32.90 NOTE
r-devel-linux-x86_64-debian-gcc 1.3 1.16 34.77 35.93 NOTE
r-devel-linux-x86_64-fedora-clang 1.3 67.18 NOTE
r-devel-linux-x86_64-fedora-gcc 1.3 61.63 NOTE
r-devel-osx-x86_64-clang 1.3 60.11 NOTE
r-devel-windows-ix86+x86_64 1.3 6.00 51.00 57.00 NOTE
r-patched-linux-x86_64 1.3 1.20 33.90 35.10 NOTE
r-patched-solaris-sparc 1.3 361.90 NOTE
r-patched-solaris-x86 1.3 84.30 NOTE
r-release-linux-ix86 1.3 1.55 40.17 41.72 NOTE
r-release-linux-x86_64 1.3 1.20 33.81 35.01 NOTE
r-release-osx-x86_64-mavericks 1.3 NOTE
r-release-windows-ix86+x86_64 1.3 7.00 57.00 64.00 NOTE
r-oldrel-windows-ix86+x86_64 1.3 6.00 59.00 65.00 NOTE

Check Details

Version: 1.3
Check: dependencies in R code
Result: NOTE
    'library' or 'require' calls to packages already attached by Depends:
     ‘Hmisc’ ‘lattice’
     Please remove these calls from your code.
    See the information on DESCRIPTION files in the chapter ‘Creating R
    packages’ of the ‘Writing R Extensions’ manual.
Flavors: r-devel-linux-x86_64-debian-clang, r-devel-linux-x86_64-debian-gcc, r-devel-linux-x86_64-fedora-clang, r-devel-linux-x86_64-fedora-gcc, r-devel-osx-x86_64-clang, r-devel-windows-ix86+x86_64, r-patched-linux-x86_64, r-patched-solaris-sparc, r-patched-solaris-x86, r-release-linux-ix86, r-release-linux-x86_64, r-release-osx-x86_64-mavericks, r-release-windows-ix86+x86_64, r-oldrel-windows-ix86+x86_64