CRAN Package Check Results for Package EstCRM

Last updated on 2014-07-22 15:51:49.

Flavor Version Tinstall Tcheck Ttotal Status Flags
r-devel-linux-x86_64-debian-clang 1.3 1.18 30.23 31.40 NOTE
r-devel-linux-x86_64-debian-gcc 1.3 1.06 29.63 30.69 NOTE
r-devel-linux-x86_64-fedora-clang 1.3 66.48 NOTE
r-devel-linux-x86_64-fedora-gcc 1.3 64.03 NOTE
r-devel-osx-x86_64-clang 1.3 60.22 NOTE
r-devel-windows-ix86+x86_64 1.3 4.00 48.00 52.00 NOTE
r-patched-linux-x86_64 1.3 1.05 31.65 32.70 NOTE
r-patched-solaris-sparc 1.3 362.80 NOTE
r-patched-solaris-x86 1.3 79.20 NOTE
r-release-linux-ix86 1.3 1.50 39.15 40.65 NOTE
r-release-linux-x86_64 1.3 1.35 30.55 31.90 NOTE
r-release-osx-x86_64-mavericks 1.3 NOTE
r-release-windows-ix86+x86_64 1.3 5.00 48.00 53.00 NOTE
r-oldrel-windows-ix86+x86_64 1.3 5.00 57.00 62.00 NOTE

Check Details

Version: 1.3
Check: dependencies in R code
Result: NOTE
    'library' or 'require' calls to packages already attached by Depends:
     ‘Hmisc’ ‘lattice’
     Please remove these calls from your code.
    See the information on DESCRIPTION files in the chapter ‘Creating R
    packages’ of the ‘Writing R Extensions’ manual.
Flavors: r-devel-linux-x86_64-debian-clang, r-devel-linux-x86_64-debian-gcc, r-devel-linux-x86_64-fedora-clang, r-devel-linux-x86_64-fedora-gcc, r-devel-osx-x86_64-clang, r-devel-windows-ix86+x86_64, r-patched-linux-x86_64, r-patched-solaris-sparc, r-patched-solaris-x86, r-release-linux-ix86, r-release-linux-x86_64, r-release-osx-x86_64-mavericks, r-release-windows-ix86+x86_64, r-oldrel-windows-ix86+x86_64