CRAN Package Check Results for Package EstCRM

Last updated on 2014-09-30 11:48:22.

Flavor Version Tinstall Tcheck Ttotal Status Flags
r-devel-linux-x86_64-debian-clang 1.3 1.08 31.30 32.38 NOTE
r-devel-linux-x86_64-debian-gcc 1.3 1.04 31.12 32.16 NOTE
r-devel-linux-x86_64-fedora-clang 1.3 65.43 NOTE
r-devel-linux-x86_64-fedora-gcc 1.3 73.09 NOTE
r-devel-osx-x86_64-clang 1.3 57.88 NOTE
r-devel-windows-ix86+x86_64 1.3 6.00 51.00 57.00 NOTE
r-patched-linux-x86_64 1.3 1.11 32.91 34.02 NOTE
r-patched-solaris-sparc 1.3 361.90 NOTE
r-patched-solaris-x86 1.3 83.90 NOTE
r-release-linux-ix86 1.3 1.57 41.71 43.28 NOTE
r-release-linux-x86_64 1.3 1.15 33.20 34.34 NOTE
r-release-osx-x86_64-mavericks 1.3 NOTE
r-release-windows-ix86+x86_64 1.3 6.00 57.00 63.00 NOTE
r-oldrel-windows-ix86+x86_64 1.3 6.00 61.00 67.00 NOTE

Check Details

Version: 1.3
Check: dependencies in R code
Result: NOTE
    'library' or 'require' calls to packages already attached by Depends:
     ‘Hmisc’ ‘lattice’
     Please remove these calls from your code.
    See the information on DESCRIPTION files in the chapter ‘Creating R
    packages’ of the ‘Writing R Extensions’ manual.
Flavors: r-devel-linux-x86_64-debian-clang, r-devel-linux-x86_64-debian-gcc, r-devel-linux-x86_64-fedora-clang, r-devel-linux-x86_64-fedora-gcc, r-devel-osx-x86_64-clang, r-devel-windows-ix86+x86_64, r-patched-linux-x86_64, r-patched-solaris-sparc, r-patched-solaris-x86, r-release-linux-ix86, r-release-linux-x86_64, r-release-osx-x86_64-mavericks, r-release-windows-ix86+x86_64, r-oldrel-windows-ix86+x86_64