CRAN Package Check Results for Package EstCRM

Last updated on 2015-02-01 17:50:06.

Flavor Version Tinstall Tcheck Ttotal Status Flags
r-devel-linux-x86_64-debian-clang 1.3 1.04 26.83 27.87 NOTE
r-devel-linux-x86_64-debian-gcc 1.3 0.95 25.48 26.42 NOTE
r-devel-linux-x86_64-fedora-clang 1.3 62.31 NOTE
r-devel-linux-x86_64-fedora-gcc 1.3 56.59 NOTE
r-devel-osx-x86_64-clang 1.3 58.20 NOTE
r-devel-windows-ix86+x86_64 1.3 6.00 43.00 49.00 NOTE
r-patched-linux-x86_64 1.3 1.21 34.81 36.02 NOTE
r-patched-solaris-sparc 1.3 404.80 NOTE
r-patched-solaris-x86 1.3 87.20 NOTE
r-release-linux-ix86 1.3 1.54 40.86 42.40 NOTE
r-release-linux-x86_64 1.3 1.22 33.24 34.46 NOTE
r-release-osx-x86_64-mavericks 1.3 NOTE
r-release-windows-ix86+x86_64 1.3 8.00 60.00 68.00 NOTE
r-oldrel-windows-ix86+x86_64 1.3 6.00 68.00 74.00 NOTE

Check Details

Version: 1.3
Check: dependencies in R code
Result: NOTE
    'library' or 'require' calls to packages already attached by Depends:
     ‘Hmisc’ ‘lattice’
     Please remove these calls from your code.
Flavors: r-devel-linux-x86_64-debian-clang, r-devel-linux-x86_64-debian-gcc, r-devel-linux-x86_64-fedora-clang, r-devel-linux-x86_64-fedora-gcc, r-devel-osx-x86_64-clang, r-devel-windows-ix86+x86_64

Version: 1.3
Check: dependencies in R code
Result: NOTE
    'library' or 'require' calls to packages already attached by Depends:
     ‘Hmisc’ ‘lattice’
     Please remove these calls from your code.
    See the information on DESCRIPTION files in the chapter ‘Creating R
    packages’ of the ‘Writing R Extensions’ manual.
Flavors: r-patched-linux-x86_64, r-patched-solaris-sparc, r-patched-solaris-x86, r-release-linux-ix86, r-release-linux-x86_64, r-release-osx-x86_64-mavericks, r-release-windows-ix86+x86_64, r-oldrel-windows-ix86+x86_64