CRAN Package Check Results for Package EstCRM

Last updated on 2015-03-06 14:46:54.

Flavor Version Tinstall Tcheck Ttotal Status Flags
r-devel-linux-x86_64-debian-clang 1.3 1.70 35.51 37.22 NOTE
r-devel-linux-x86_64-debian-gcc 1.3 1.58 33.50 35.07 NOTE
r-devel-linux-x86_64-fedora-clang 1.3 71.64 NOTE
r-devel-linux-x86_64-fedora-gcc 1.3 68.19 NOTE
r-devel-osx-x86_64-clang 1.3 69.76 NOTE
r-devel-windows-ix86+x86_64 1.3 7.00 53.00 60.00 NOTE
r-patched-linux-x86_64 1.3 3.82 49.74 53.56 NOTE
r-patched-solaris-sparc 1.3 545.50 NOTE
r-patched-solaris-x86 1.3 118.60 NOTE
r-release-linux-ix86 1.3 3.17 51.67 54.84 NOTE
r-release-linux-x86_64 1.3 3.70 47.23 50.93 NOTE
r-release-osx-x86_64-mavericks 1.3 NOTE
r-release-windows-ix86+x86_64 1.3 13.00 79.00 92.00 NOTE
r-oldrel-windows-ix86+x86_64 1.3 10.00 91.00 101.00 NOTE

Check Details

Version: 1.3
Check: dependencies in R code
Result: NOTE
    'library' or 'require' calls to packages already attached by Depends:
     ‘Hmisc’ ‘lattice’
     Please remove these calls from your code.
Flavors: r-devel-linux-x86_64-debian-clang, r-devel-linux-x86_64-debian-gcc, r-devel-linux-x86_64-fedora-clang, r-devel-linux-x86_64-fedora-gcc, r-devel-osx-x86_64-clang, r-devel-windows-ix86+x86_64, r-patched-linux-x86_64, r-patched-solaris-sparc, r-patched-solaris-x86

Version: 1.3
Check: dependencies in R code
Result: NOTE
    'library' or 'require' calls to packages already attached by Depends:
     ‘Hmisc’ ‘lattice’
     Please remove these calls from your code.
    See the information on DESCRIPTION files in the chapter ‘Creating R
    packages’ of the ‘Writing R Extensions’ manual.
Flavors: r-release-linux-ix86, r-release-linux-x86_64, r-release-osx-x86_64-mavericks, r-release-windows-ix86+x86_64, r-oldrel-windows-ix86+x86_64