CRAN Package Check Results for Package EstCRM

Last updated on 2016-12-03 03:47:13.

Flavor Version Tinstall Tcheck Ttotal Status Flags
r-devel-linux-x86_64-debian-clang 1.4 3.28 50.90 54.18 OK
r-devel-linux-x86_64-debian-gcc 1.4 3.31 49.92 53.23 OK
r-devel-linux-x86_64-fedora-clang 1.4 124.43 OK
r-devel-linux-x86_64-fedora-gcc 1.4 121.49 OK
r-devel-macos-x86_64-clang 1.4 90.80 NOTE
r-devel-windows-ix86+x86_64 1.4 9.00 88.00 97.00 OK
r-patched-linux-x86_64 1.4 3.22 46.28 49.49 OK
r-patched-solaris-sparc 1.4 652.40 OK
r-patched-solaris-x86 1.4 138.80 OK
r-release-linux-x86_64 1.4 3.38 46.43 49.81 OK
r-release-osx-x86_64-mavericks 1.4 OK
r-release-windows-ix86+x86_64 1.4 13.00 114.00 127.00 OK
r-oldrel-windows-ix86+x86_64 1.4 18.00 118.00 136.00 OK

Check Details

Version: 1.4
Check: R code for possible problems
Result: NOTE
    
    This data.table install has not detected OpenMP support. It will work but slower in single threaded mode.
Flavor: r-devel-macos-x86_64-clang