CRAN Package Check Results for Package EnQuireR

Last updated on 2014-09-20 13:48:07.

Flavor Version Tinstall Tcheck Ttotal Status Flags
r-devel-linux-x86_64-debian-clang 0.10 2.50 36.95 39.44 NOTE
r-devel-linux-x86_64-debian-gcc 0.10 2.56 36.40 38.96 NOTE
r-devel-linux-x86_64-fedora-clang 0.10 77.96 NOTE
r-devel-linux-x86_64-fedora-gcc 0.10 80.28 NOTE
r-devel-osx-x86_64-clang 0.10 79.40 NOTE
r-devel-windows-ix86+x86_64 0.10 19.00 72.00 91.00 NOTE
r-patched-linux-x86_64 0.10 3.18 39.78 42.95 NOTE
r-patched-solaris-sparc 0.10 318.40 NOTE
r-patched-solaris-x86 0.10 109.30 NOTE
r-release-linux-ix86 0.10 3.64 53.06 56.69 NOTE
r-release-linux-x86_64 0.10 2.84 39.97 42.82 NOTE
r-release-osx-x86_64-mavericks 0.10 NOTE
r-release-osx-x86_64-snowleopard 0.10 ERROR
r-release-windows-ix86+x86_64 0.10 19.00 79.00 98.00 NOTE
r-oldrel-windows-ix86+x86_64 0.10 26.00 90.00 116.00 NOTE

Check Details

Version: 0.10
Check: installed package size
Result: NOTE
     installed size is 6.2Mb
     sub-directories of 1Mb or more:
     Sweave 6.0Mb
Flavors: r-devel-linux-x86_64-debian-clang, r-devel-linux-x86_64-debian-gcc, r-devel-linux-x86_64-fedora-clang, r-devel-linux-x86_64-fedora-gcc, r-devel-osx-x86_64-clang, r-devel-windows-ix86+x86_64, r-patched-linux-x86_64, r-patched-solaris-sparc, r-patched-solaris-x86, r-release-linux-ix86, r-release-linux-x86_64, r-release-osx-x86_64-mavericks, r-release-windows-ix86+x86_64, r-oldrel-windows-ix86+x86_64

Version: 0.10
Check: top-level files
Result: NOTE
    Non-standard file/directory found at top level:
     ‘desktop.ini’
Flavors: r-devel-linux-x86_64-debian-clang, r-devel-linux-x86_64-debian-gcc, r-devel-linux-x86_64-fedora-clang, r-devel-linux-x86_64-fedora-gcc, r-patched-linux-x86_64, r-release-linux-x86_64

Version: 0.10
Check: dependencies in R code
Result: NOTE
    Packages in Depends field not imported from:
     ‘FactoMineR’ ‘MASS’ ‘Rcmdr’ ‘SensoMineR’
     These packages need to be imported from (in the NAMESPACE file)
     for when this namespace is loaded but not attached.
    See the information on DESCRIPTION files in the chapter ‘Creating R
    packages’ of the ‘Writing R Extensions’ manual.
Flavors: r-devel-linux-x86_64-debian-clang, r-devel-linux-x86_64-debian-gcc, r-devel-linux-x86_64-fedora-clang, r-devel-linux-x86_64-fedora-gcc, r-devel-osx-x86_64-clang, r-devel-windows-ix86+x86_64, r-patched-linux-x86_64, r-patched-solaris-sparc, r-patched-solaris-x86, r-release-linux-ix86, r-release-linux-x86_64, r-release-osx-x86_64-mavericks, r-release-windows-ix86+x86_64, r-oldrel-windows-ix86+x86_64

Version: 0.10
Check: R code for possible problems
Result: NOTE
    Found an obsolete/platform-specific call in the following function:
     ‘barplot_function’
    Found the platform-specific device:
     ‘x11’
    dev.new() is the preferred way to open a new device, in the unlikely
    event one is needed.
    ENMCA : fn: no visible global function definition for ‘assignCluster’
    ENMCA : fn: possible error in savePlot(filename = "Clustplot", type =
     "pdf", device = dev.cur(), restoreConsole = TRUE): unused argument
     (restoreConsole = TRUE)
    ENMCA : fn: no visible global function definition for ‘catdes’
    ENMCA : fn: no visible global function definition for ‘plot.MCA’
    ENMCA : fn: possible error in savePlot(filename = "MCAplotindclasse",
     type = "pdf", device = dev.cur(), restoreConsole = TRUE): unused
     argument (restoreConsole = TRUE)
    ENMCA : fn: possible error in savePlot(filename = "MCAplotvar", type =
     "pdf", device = dev.cur(), restoreConsole = TRUE): unused argument
     (restoreConsole = TRUE)
    ENMCA : fn: possible error in savePlot(filename = "MCAplotind", type =
     "pdf", device = dev.cur(), restoreConsole = TRUE): unused argument
     (restoreConsole = TRUE)
    ENMCA : fn: possible error in savePlot(filename = "MCAplotquantisup",
     type = "pdf", device = dev.cur(), restoreConsole = TRUE): unused
     argument (restoreConsole = TRUE)
    ENMCA : fn: possible error in savePlot(filename = "Ellipse", type =
     "pdf", device = dev.cur(), restoreConsole = TRUE): unused argument
     (restoreConsole = TRUE)
    ENMCA : fn: possible error in savePlot(filename = "Lisib", type =
     "pdf", device = dev.cur(), restoreConsole = TRUE): unused argument
     (restoreConsole = TRUE)
    ENMCA : fn: possible error in savePlot(filename = "Density", type =
     "pdf", device = dev.cur(), restoreConsole = TRUE): unused argument
     (restoreConsole = TRUE)
    ENMCA : fn: possible error in savePlot(filename = "Densitypop", type =
     "pdf", device = dev.cur(), restoreConsole = TRUE): unused argument
     (restoreConsole = TRUE)
    ENMCA : fn: possible error in savePlot(filename = "barplotgr", type =
     "pdf", device = dev.cur(), restoreConsole = TRUE): unused argument
     (restoreConsole = TRUE)
    ENMCA : fn: possible error in savePlot(filename = paste("barvarclus",
     i, sep = ""), type = "pdf", device = dev.cur(), restoreConsole =
     TRUE): unused argument (restoreConsole = TRUE)
    ENdensity: no visible global function definition for ‘kde2d’
    ENlisib: no visible global function definition for ‘plot.MCA’
    MCA2: no visible global function definition for ‘tab.disjonctif’
    MCA2: no visible global function definition for ‘PCA’
    MCA2: no visible global function definition for ‘CA’
    MCA2: no visible global function definition for ‘plot.MCA’
    XvsYbarplot: possible error in hsv(h = 1, s = 1, v = 1, 1, 1): unused
     argument (1)
    XvsYbarplot: possible error in hsv(h = 1, s = 0.4 + (height[i]/max) *
     0.6, v = 1, 1, 1): unused argument (1)
    XvsYbarplot: possible error in hsv(h = a * i, s = 1, v = 1, 1, 1):
     unused argument (1)
    barplot_function: possible error in hsv(h = a * m, s = 1, v = 1, 1, 1):
     unused argument (1)
    barplot_function: possible error in hsv(h = a * m, s = 0.4 +
     (cont[j]/max) * 0.6, v = 1, 1, 1): unused argument (1)
    barplot_sweave : set.X: no visible binding for global variable ‘X’
    chisq.function: no visible global function definition for ‘coltable’
    col.barplot: possible error in hsv(h = 1, s = 1, v = 1, 1, 1): unused
     argument (1)
    col.barplot: possible error in hsv(h = 1, s = 0.4 + (height[i]/max) *
     0.6, v = 1, 1, 1): unused argument (1)
    col.barplot: possible error in hsv(h = a * i, s = 1, v = 1, 1, 1):
     unused argument (1)
    p_inertia: no visible global function definition for ‘MCA’
    tab_chi2: no visible global function definition for ‘coltable’
    
    Found the following assignments to the global environment:
    File ‘EnQuireR/R/ENMCA.R’:
     assign("hclus", tab2, envir = .GlobalEnv)
     assign("num.var", num.var, envir = .GlobalEnv)
     assign("catdes", aa, envir = .GlobalEnv)
     assign("res.acm", bb, envir = .GlobalEnv)
     assign("dataset", cc, envir = .GlobalEnv)
     assign("dataset2", dd, envir = .GlobalEnv)
     assign("res.acm.tot", res$MCA, envir = .GlobalEnv)
     assign("res.signif", res.signif$resum, envir = .GlobalEnv)
    File ‘EnQuireR/R/ENbarplot.R’:
     assign("X", X, envir = .GlobalEnv)
     assign("dataset", dataset, envir = .GlobalEnv)
    File ‘EnQuireR/R/chisq.desc.R’:
     assign("Y", Y, envir = .GlobalEnv)
     assign("X", X, envir = .GlobalEnv)
    File ‘EnQuireR/R/chisq.sweave.R’:
     assign("language", language, envir = .GlobalEnv)
     assign("varY", var, envir = .GlobalEnv)
     assign("varX", desc, envir = .GlobalEnv)
     assign("dataset", dataset, envir = .GlobalEnv)
     assign("X", c, envir = .GlobalEnv)
     assign("Y", d, envir = .GlobalEnv)
Flavors: r-devel-linux-x86_64-debian-clang, r-devel-linux-x86_64-debian-gcc, r-devel-linux-x86_64-fedora-clang, r-devel-osx-x86_64-clang

Version: 0.10
Check: Rd line widths
Result: NOTE
    Rd file 'ENMCA.Rd':
     \usage lines wider than 90 characters:
     ENMCA(dataset,ind.sup = NULL, quanti.sup = NULL, quali.sup = NULL, axes = c(1, 2), row.w = NULL,level.ventil = 0,signif=FALSE,proba=0.0 ... [TRUNCATED]
    
    Rd file 'ENellipse.Rd':
     \usage lines wider than 90 characters:
     ENellipse(matP, cluster, resampling="population", iter=500, alpha = 0.05, coord = c(1, 2), eig, cex = 1, color = NULL)
     \examples lines wider than 100 characters:
     ENellipse(matP=x, cluster=b, resampling="population", iter=500, alpha = 0.05, coord = c(1, 2), eig=res.enmca$MCA$eig, cex = 1, color = ... [TRUNCATED]
    
    These lines will be truncated in the PDF manual.
Flavors: r-devel-linux-x86_64-debian-clang, r-devel-linux-x86_64-debian-gcc, r-devel-linux-x86_64-fedora-clang, r-devel-linux-x86_64-fedora-gcc, r-patched-linux-x86_64, r-release-linux-x86_64

Version: 0.10
Check: R code for possible problems
Result: NOTE
    Found an obsolete/platform-specific call in the following function:
     ‘barplot_function’
    Found the platform-specific device:
     ‘x11’
    dev.new() is the preferred way to open a new device, in the unlikely
    event one is needed.
    ENMCA : fn: no visible global function definition for ‘assignCluster’
    ENMCA : fn: possible error in savePlot(filename = "Clustplot", type =
     "pdf", device = dev.cur(), restoreConsole = TRUE): unused argument
     (restoreConsole = TRUE)
    ENMCA : fn: no visible global function definition for ‘catdes’
    ENMCA : fn: no visible global function definition for ‘plot.MCA’
    ENMCA : fn: possible error in savePlot(filename = "MCAplotindclasse",
     type = "pdf", device = dev.cur(), restoreConsole = TRUE): unused
     argument (restoreConsole = TRUE)
    ENMCA : fn: possible error in savePlot(filename = "MCAplotvar", type =
     "pdf", device = dev.cur(), restoreConsole = TRUE): unused argument
     (restoreConsole = TRUE)
    ENMCA : fn: possible error in savePlot(filename = "MCAplotind", type =
     "pdf", device = dev.cur(), restoreConsole = TRUE): unused argument
     (restoreConsole = TRUE)
    ENMCA : fn: possible error in savePlot(filename = "MCAplotquantisup",
     type = "pdf", device = dev.cur(), restoreConsole = TRUE): unused
     argument (restoreConsole = TRUE)
    ENMCA : fn: possible error in savePlot(filename = "Ellipse", type =
     "pdf", device = dev.cur(), restoreConsole = TRUE): unused argument
     (restoreConsole = TRUE)
    ENMCA : fn: possible error in savePlot(filename = "Lisib", type =
     "pdf", device = dev.cur(), restoreConsole = TRUE): unused argument
     (restoreConsole = TRUE)
    ENMCA : fn: possible error in savePlot(filename = "Density", type =
     "pdf", device = dev.cur(), restoreConsole = TRUE): unused argument
     (restoreConsole = TRUE)
    ENMCA : fn: possible error in savePlot(filename = "Densitypop", type =
     "pdf", device = dev.cur(), restoreConsole = TRUE): unused argument
     (restoreConsole = TRUE)
    ENMCA : fn: possible error in savePlot(filename = "barplotgr", type =
     "pdf", device = dev.cur(), restoreConsole = TRUE): unused argument
     (restoreConsole = TRUE)
    ENMCA : fn: possible error in savePlot(filename = paste("barvarclus",
     i, sep = ""), type = "pdf", device = dev.cur(), restoreConsole =
     TRUE): unused argument (restoreConsole = TRUE)
    ENdensity: no visible global function definition for ‘kde2d’
    ENlisib: no visible global function definition for ‘plot.MCA’
    MCA2: no visible global function definition for ‘tab.disjonctif’
    MCA2: no visible global function definition for ‘PCA’
    MCA2: no visible global function definition for ‘CA’
    MCA2: no visible global function definition for ‘plot.MCA’
    XvsYbarplot: possible error in hsv(h = 1, s = 1, v = 1, 1, 1): unused
     argument (1)
    XvsYbarplot: possible error in hsv(h = 1, s = 0.4 + (height[i]/max) *
     0.6, v = 1, 1, 1): unused argument (1)
    XvsYbarplot: possible error in hsv(h = a * i, s = 1, v = 1, 1, 1):
     unused argument (1)
    barplot_function: possible error in hsv(h = a * m, s = 1, v = 1, 1, 1):
     unused argument (1)
    barplot_function: possible error in hsv(h = a * m, s = 0.4 +
     (cont[j]/max) * 0.6, v = 1, 1, 1): unused argument (1)
    barplot_sweave : set.X: no visible binding for global variable ‘X’
    chisq.function: no visible global function definition for ‘coltable’
    col.barplot: possible error in hsv(h = 1, s = 1, v = 1, 1, 1): unused
     argument (1)
    col.barplot: possible error in hsv(h = 1, s = 0.4 + (height[i]/max) *
     0.6, v = 1, 1, 1): unused argument (1)
    col.barplot: possible error in hsv(h = a * i, s = 1, v = 1, 1, 1):
     unused argument (1)
    p_inertia: no visible global function definition for ‘MCA’
    tab_chi2: no visible global function definition for ‘coltable’
Flavor: r-devel-linux-x86_64-fedora-gcc

Version: 0.10
Check: R code for possible problems
Result: NOTE
    ENMCA : fn: no visible global function definition for 'assignCluster'
    ENMCA : fn: no visible global function definition for 'catdes'
    ENMCA : fn: no visible global function definition for 'plot.MCA'
    ENdensity: no visible global function definition for 'kde2d'
    ENlisib: no visible global function definition for 'plot.MCA'
    MCA2: no visible global function definition for 'tab.disjonctif'
    MCA2: no visible global function definition for 'PCA'
    MCA2: no visible global function definition for 'CA'
    MCA2: no visible global function definition for 'plot.MCA'
    XvsYbarplot: possible error in hsv(h = 1, s = 1, v = 1, 1, 1): unused
     argument (1)
    XvsYbarplot: possible error in hsv(h = 1, s = 0.4 + (height[i]/max) *
     0.6, v = 1, 1, 1): unused argument (1)
    XvsYbarplot: possible error in hsv(h = a * i, s = 1, v = 1, 1, 1):
     unused argument (1)
    barplot_function: possible error in hsv(h = a * m, s = 1, v = 1, 1, 1):
     unused argument (1)
    barplot_function: possible error in hsv(h = a * m, s = 0.4 +
     (cont[j]/max) * 0.6, v = 1, 1, 1): unused argument (1)
    barplot_sweave : set.X: no visible binding for global variable 'X'
    chisq.function: no visible global function definition for 'coltable'
    col.barplot: possible error in hsv(h = 1, s = 1, v = 1, 1, 1): unused
     argument (1)
    col.barplot: possible error in hsv(h = 1, s = 0.4 + (height[i]/max) *
     0.6, v = 1, 1, 1): unused argument (1)
    col.barplot: possible error in hsv(h = a * i, s = 1, v = 1, 1, 1):
     unused argument (1)
    p_inertia: no visible global function definition for 'MCA'
    tab_chi2: no visible global function definition for 'coltable'
Flavor: r-devel-windows-ix86+x86_64

Version: 0.10
Check: R code for possible problems
Result: NOTE
    Found an obsolete/platform-specific call in the following function:
     ‘barplot_function’
    Found the platform-specific device:
     ‘x11’
    dev.new() is the preferred way to open a new device, in the unlikely
    event one is needed.
    ENMCA : fn: possible error in savePlot(filename = "Clustplot", type =
     "pdf", device = dev.cur(), restoreConsole = TRUE): unused argument
     (restoreConsole = TRUE)
    ENMCA : fn: possible error in savePlot(filename = "MCAplotindclasse",
     type = "pdf", device = dev.cur(), restoreConsole = TRUE): unused
     argument (restoreConsole = TRUE)
    ENMCA : fn: possible error in savePlot(filename = "MCAplotvar", type =
     "pdf", device = dev.cur(), restoreConsole = TRUE): unused argument
     (restoreConsole = TRUE)
    ENMCA : fn: possible error in savePlot(filename = "MCAplotind", type =
     "pdf", device = dev.cur(), restoreConsole = TRUE): unused argument
     (restoreConsole = TRUE)
    ENMCA : fn: possible error in savePlot(filename = "MCAplotquantisup",
     type = "pdf", device = dev.cur(), restoreConsole = TRUE): unused
     argument (restoreConsole = TRUE)
    ENMCA : fn: possible error in savePlot(filename = "Ellipse", type =
     "pdf", device = dev.cur(), restoreConsole = TRUE): unused argument
     (restoreConsole = TRUE)
    ENMCA : fn: possible error in savePlot(filename = "Lisib", type =
     "pdf", device = dev.cur(), restoreConsole = TRUE): unused argument
     (restoreConsole = TRUE)
    ENMCA : fn: possible error in savePlot(filename = "Density", type =
     "pdf", device = dev.cur(), restoreConsole = TRUE): unused argument
     (restoreConsole = TRUE)
    ENMCA : fn: possible error in savePlot(filename = "Densitypop", type =
     "pdf", device = dev.cur(), restoreConsole = TRUE): unused argument
     (restoreConsole = TRUE)
    ENMCA : fn: possible error in savePlot(filename = "barplotgr", type =
     "pdf", device = dev.cur(), restoreConsole = TRUE): unused argument
     (restoreConsole = TRUE)
    ENMCA : fn: possible error in savePlot(filename = paste("barvarclus",
     i, sep = ""), type = "pdf", device = dev.cur(), restoreConsole =
     TRUE): unused argument (restoreConsole = TRUE)
    XvsYbarplot: possible error in hsv(h = 1, s = 1, v = 1, 1, 1): unused
     argument (1)
    XvsYbarplot: possible error in hsv(h = 1, s = 0.4 + (height[i]/max) *
     0.6, v = 1, 1, 1): unused argument (1)
    XvsYbarplot: possible error in hsv(h = a * i, s = 1, v = 1, 1, 1):
     unused argument (1)
    barplot_function: possible error in hsv(h = a * m, s = 1, v = 1, 1, 1):
     unused argument (1)
    barplot_function: possible error in hsv(h = a * m, s = 0.4 +
     (cont[j]/max) * 0.6, v = 1, 1, 1): unused argument (1)
    barplot_sweave : set.X: no visible binding for global variable ‘X’
    col.barplot: possible error in hsv(h = 1, s = 1, v = 1, 1, 1): unused
     argument (1)
    col.barplot: possible error in hsv(h = 1, s = 0.4 + (height[i]/max) *
     0.6, v = 1, 1, 1): unused argument (1)
    col.barplot: possible error in hsv(h = a * i, s = 1, v = 1, 1, 1):
     unused argument (1)
    
    Found the following assignments to the global environment:
    File ‘EnQuireR/R/ENMCA.R’:
     assign("hclus", tab2, envir = .GlobalEnv)
     assign("num.var", num.var, envir = .GlobalEnv)
     assign("catdes", aa, envir = .GlobalEnv)
     assign("res.acm", bb, envir = .GlobalEnv)
     assign("dataset", cc, envir = .GlobalEnv)
     assign("dataset2", dd, envir = .GlobalEnv)
     assign("res.acm.tot", res$MCA, envir = .GlobalEnv)
     assign("res.signif", res.signif$resum, envir = .GlobalEnv)
    File ‘EnQuireR/R/ENbarplot.R’:
     assign("X", X, envir = .GlobalEnv)
     assign("dataset", dataset, envir = .GlobalEnv)
    File ‘EnQuireR/R/chisq.desc.R’:
     assign("Y", Y, envir = .GlobalEnv)
     assign("X", X, envir = .GlobalEnv)
    File ‘EnQuireR/R/chisq.sweave.R’:
     assign("language", language, envir = .GlobalEnv)
     assign("varY", var, envir = .GlobalEnv)
     assign("varX", desc, envir = .GlobalEnv)
     assign("dataset", dataset, envir = .GlobalEnv)
     assign("X", c, envir = .GlobalEnv)
     assign("Y", d, envir = .GlobalEnv)
Flavors: r-patched-linux-x86_64, r-release-linux-ix86, r-release-linux-x86_64

Version: 0.10
Check: R code for possible problems
Result: NOTE
    Found an obsolete/platform-specific call in the following function:
     ‘barplot_function’
    Found the platform-specific device:
     ‘x11’
    dev.new() is the preferred way to open a new device, in the unlikely
    event one is needed.
    ENMCA : fn: possible error in savePlot(filename = "Clustplot", type =
     "pdf", device = dev.cur(), restoreConsole = TRUE): unused argument
     (restoreConsole = TRUE)
    ENMCA : fn: possible error in savePlot(filename = "MCAplotindclasse",
     type = "pdf", device = dev.cur(), restoreConsole = TRUE): unused
     argument (restoreConsole = TRUE)
    ENMCA : fn: possible error in savePlot(filename = "MCAplotvar", type =
     "pdf", device = dev.cur(), restoreConsole = TRUE): unused argument
     (restoreConsole = TRUE)
    ENMCA : fn: possible error in savePlot(filename = "MCAplotind", type =
     "pdf", device = dev.cur(), restoreConsole = TRUE): unused argument
     (restoreConsole = TRUE)
    ENMCA : fn: possible error in savePlot(filename = "MCAplotquantisup",
     type = "pdf", device = dev.cur(), restoreConsole = TRUE): unused
     argument (restoreConsole = TRUE)
    ENMCA : fn: possible error in savePlot(filename = "Ellipse", type =
     "pdf", device = dev.cur(), restoreConsole = TRUE): unused argument
     (restoreConsole = TRUE)
    ENMCA : fn: possible error in savePlot(filename = "Lisib", type =
     "pdf", device = dev.cur(), restoreConsole = TRUE): unused argument
     (restoreConsole = TRUE)
    ENMCA : fn: possible error in savePlot(filename = "Density", type =
     "pdf", device = dev.cur(), restoreConsole = TRUE): unused argument
     (restoreConsole = TRUE)
    ENMCA : fn: possible error in savePlot(filename = "Densitypop", type =
     "pdf", device = dev.cur(), restoreConsole = TRUE): unused argument
     (restoreConsole = TRUE)
    ENMCA : fn: possible error in savePlot(filename = "barplotgr", type =
     "pdf", device = dev.cur(), restoreConsole = TRUE): unused argument
     (restoreConsole = TRUE)
    ENMCA : fn: possible error in savePlot(filename = paste("barvarclus",
     i, sep = ""), type = "pdf", device = dev.cur(), restoreConsole =
     TRUE): unused argument (restoreConsole = TRUE)
    XvsYbarplot: possible error in hsv(h = 1, s = 1, v = 1, 1, 1): unused
     argument (1)
    XvsYbarplot: possible error in hsv(h = 1, s = 0.4 + (height[i]/max) *
     0.6, v = 1, 1, 1): unused argument (1)
    XvsYbarplot: possible error in hsv(h = a * i, s = 1, v = 1, 1, 1):
     unused argument (1)
    barplot_function: possible error in hsv(h = a * m, s = 1, v = 1, 1, 1):
     unused argument (1)
    barplot_function: possible error in hsv(h = a * m, s = 0.4 +
     (cont[j]/max) * 0.6, v = 1, 1, 1): unused argument (1)
    barplot_sweave : set.X: no visible binding for global variable ‘X’
    col.barplot: possible error in hsv(h = 1, s = 1, v = 1, 1, 1): unused
     argument (1)
    col.barplot: possible error in hsv(h = 1, s = 0.4 + (height[i]/max) *
     0.6, v = 1, 1, 1): unused argument (1)
    col.barplot: possible error in hsv(h = a * i, s = 1, v = 1, 1, 1):
     unused argument (1)
Flavors: r-patched-solaris-sparc, r-patched-solaris-x86

Version: 0.10
Check: R code for possible problems
Result: NOTE
    ENMCA : fn: possible error in savePlot(filename = "Clustplot", type =
     "pdf", device = dev.cur(), restoreConsole = TRUE): unused argument
     (restoreConsole = TRUE)
    ENMCA : fn: possible error in savePlot(filename = "MCAplotindclasse",
     type = "pdf", device = dev.cur(), restoreConsole = TRUE): unused
     argument (restoreConsole = TRUE)
    ENMCA : fn: possible error in savePlot(filename = "MCAplotvar", type =
     "pdf", device = dev.cur(), restoreConsole = TRUE): unused argument
     (restoreConsole = TRUE)
    ENMCA : fn: possible error in savePlot(filename = "MCAplotind", type =
     "pdf", device = dev.cur(), restoreConsole = TRUE): unused argument
     (restoreConsole = TRUE)
    ENMCA : fn: possible error in savePlot(filename = "MCAplotquantisup",
     type = "pdf", device = dev.cur(), restoreConsole = TRUE): unused
     argument (restoreConsole = TRUE)
    ENMCA : fn: possible error in savePlot(filename = "Ellipse", type =
     "pdf", device = dev.cur(), restoreConsole = TRUE): unused argument
     (restoreConsole = TRUE)
    ENMCA : fn: possible error in savePlot(filename = "Lisib", type =
     "pdf", device = dev.cur(), restoreConsole = TRUE): unused argument
     (restoreConsole = TRUE)
    ENMCA : fn: possible error in savePlot(filename = "Density", type =
     "pdf", device = dev.cur(), restoreConsole = TRUE): unused argument
     (restoreConsole = TRUE)
    ENMCA : fn: possible error in savePlot(filename = "Densitypop", type =
     "pdf", device = dev.cur(), restoreConsole = TRUE): unused argument
     (restoreConsole = TRUE)
    ENMCA : fn: possible error in savePlot(filename = "barplotgr", type =
     "pdf", device = dev.cur(), restoreConsole = TRUE): unused argument
     (restoreConsole = TRUE)
    ENMCA : fn: possible error in savePlot(filename = paste("barvarclus",
     i, sep = ""), type = "pdf", device = dev.cur(), restoreConsole =
     TRUE): unused argument (restoreConsole = TRUE)
    XvsYbarplot: possible error in hsv(h = 1, s = 1, v = 1, 1, 1): unused
     argument (1)
    XvsYbarplot: possible error in hsv(h = 1, s = 0.4 + (height[i]/max) *
     0.6, v = 1, 1, 1): unused argument (1)
    XvsYbarplot: possible error in hsv(h = a * i, s = 1, v = 1, 1, 1):
     unused argument (1)
    barplot_function: possible error in hsv(h = a * m, s = 1, v = 1, 1, 1):
     unused argument (1)
    barplot_function: possible error in hsv(h = a * m, s = 0.4 +
     (cont[j]/max) * 0.6, v = 1, 1, 1): unused argument (1)
    barplot_sweave : set.X: no visible binding for global variable ‘X’
    col.barplot: possible error in hsv(h = 1, s = 1, v = 1, 1, 1): unused
     argument (1)
    col.barplot: possible error in hsv(h = 1, s = 0.4 + (height[i]/max) *
     0.6, v = 1, 1, 1): unused argument (1)
    col.barplot: possible error in hsv(h = a * i, s = 1, v = 1, 1, 1):
     unused argument (1)
Flavor: r-release-osx-x86_64-mavericks

Version: 0.10
Check: whether package can be installed
Result: ERROR
    Installation failed.
Flavor: r-release-osx-x86_64-snowleopard

Version: 0.10
Check: R code for possible problems
Result: NOTE
    XvsYbarplot: possible error in hsv(h = 1, s = 1, v = 1, 1, 1): unused
     argument (1)
    XvsYbarplot: possible error in hsv(h = 1, s = 0.4 + (height[i]/max) *
     0.6, v = 1, 1, 1): unused argument (1)
    XvsYbarplot: possible error in hsv(h = a * i, s = 1, v = 1, 1, 1):
     unused argument (1)
    barplot_function: possible error in hsv(h = a * m, s = 1, v = 1, 1, 1):
     unused argument (1)
    barplot_function: possible error in hsv(h = a * m, s = 0.4 +
     (cont[j]/max) * 0.6, v = 1, 1, 1): unused argument (1)
    barplot_sweave : set.X: no visible binding for global variable 'X'
    col.barplot: possible error in hsv(h = 1, s = 1, v = 1, 1, 1): unused
     argument (1)
    col.barplot: possible error in hsv(h = 1, s = 0.4 + (height[i]/max) *
     0.6, v = 1, 1, 1): unused argument (1)
    col.barplot: possible error in hsv(h = a * i, s = 1, v = 1, 1, 1):
     unused argument (1)
Flavors: r-release-windows-ix86+x86_64, r-oldrel-windows-ix86+x86_64