CRAN Package Check Results for Package DoE.wrapper

Last updated on 2015-06-30 21:46:28.

Flavor Version Tinstall Tcheck Ttotal Status Flags
r-devel-linux-x86_64-debian-clang 0.8-10 1.26 29.84 31.10 NOTE
r-devel-linux-x86_64-debian-gcc 0.8-10 1.72 28.55 30.27 NOTE
r-devel-linux-x86_64-fedora-clang 0.8-10 60.99 NOTE
r-devel-linux-x86_64-fedora-gcc 0.8-10 57.74 OK
r-devel-osx-x86_64-clang 0.8-10 57.20 OK
r-devel-windows-ix86+x86_64 0.8-10 5.00 49.00 54.00 NOTE
r-patched-linux-x86_64 0.8-10 1.30 29.78 31.08 OK
r-patched-solaris-sparc 0.8-10 350.60 OK
r-patched-solaris-x86 0.8-10 84.20 OK
r-release-linux-x86_64 0.8-10 1.30 30.01 31.31 OK
r-release-osx-x86_64-mavericks 0.8-10 OK
r-release-windows-ix86+x86_64 0.8-10 7.00 51.00 58.00 OK
r-oldrel-windows-ix86+x86_64 0.8-10 11.00 75.00 86.00 OK

Check Details

Version: 0.8-10
Check: R code for possible problems
Result: NOTE
    .ccd.1.41: no visible global function definition for ‘rnorm’
    .ccd.1.41: no visible global function definition for ‘formula’
    .ccd.1.41: no visible global function definition for ‘coef’
    .ccd.1.41: no visible global function definition for ‘runif’
    .ccd.1.41 : <anonymous>: no visible global function definition for
     ‘as.formula’
    .gen.des.old.way: no visible global function definition for ‘runif’
    Dopt.augment: no visible global function definition for ‘rnorm’
    Dopt.augment: no visible global function definition for ‘as.formula’
    Dopt.augment: no visible global function definition for ‘model.matrix’
    Dopt.design: no visible global function definition for ‘as.formula’
    Dopt.design: no visible global function definition for ‘model.matrix’
    Scalc: no visible global function definition for ‘dist’
    bbd.design: no visible global function definition for ‘model.matrix’
    ccd.augment: no visible global function definition for ‘as.formula’
    ccd.augment: no visible global function definition for ‘model.matrix’
    ccd.augment: no visible global function definition for ‘model.frame’
    ccd.augment: no visible binding for global variable ‘na.pass’
    generators.from.design: no visible global function definition for
     ‘formula’
    generators.from.design : <anonymous>: no visible global function
     definition for ‘as.formula’
    lhs.design: no visible global function definition for ‘cor’
    rsm.design: no visible global function definition for ‘as.formula’
    rsmformula: no visible global function definition for ‘formula’
Flavors: r-devel-linux-x86_64-debian-clang, r-devel-linux-x86_64-debian-gcc, r-devel-linux-x86_64-fedora-clang, r-devel-windows-ix86+x86_64