CRAN Package Check Results for Package DoE.wrapper

Last updated on 2017-04-29 11:51:38.

Flavor Version Tinstall Tcheck Ttotal Status Flags
r-devel-linux-x86_64-debian-clang 0.8-10 3.64 65.71 69.34 NOTE
r-devel-linux-x86_64-debian-gcc 0.8-10 3.23 66.58 69.81 NOTE
r-devel-linux-x86_64-fedora-clang 0.8-10 151.80 NOTE --no-stop-on-test-error
r-devel-linux-x86_64-fedora-gcc 0.8-10 150.47 NOTE --no-stop-on-test-error
r-devel-windows-ix86+x86_64 0.8-10 13.00 157.00 170.00 NOTE
r-patched-linux-x86_64 0.8-10 3.33 65.93 69.27 NOTE
r-patched-solaris-sparc 0.8-10 842.20 NOTE
r-patched-solaris-x86 0.8-10 188.80 NOTE
r-release-linux-x86_64 0.8-10 3.43 66.59 70.02 NOTE
r-release-windows-ix86+x86_64 0.8-10 13.00 165.00 178.00 NOTE
r-release-osx-x86_64 0.8-10 NOTE
r-oldrel-windows-ix86+x86_64 0.8-10 20.00 132.00 152.00 NOTE
r-oldrel-osx-x86_64 0.8-10 NOTE

Check Details

Version: 0.8-10
Check: R code for possible problems
Result: NOTE
    .ccd.1.41: no visible global function definition for ‘rnorm’
    .ccd.1.41: no visible global function definition for ‘formula’
    .ccd.1.41: no visible global function definition for ‘coef’
    .ccd.1.41: no visible global function definition for ‘runif’
    .ccd.1.41 : <anonymous>: no visible global function definition for
     ‘as.formula’
    .gen.des.old.way: no visible global function definition for ‘runif’
    .randomize: no visible global function definition for ‘[.coded.data’
    Dopt.augment: no visible global function definition for ‘rnorm’
    Dopt.augment: no visible global function definition for ‘as.formula’
    Dopt.augment: no visible global function definition for ‘model.matrix’
    Dopt.design: no visible global function definition for ‘as.formula’
    Dopt.design: no visible global function definition for ‘model.matrix’
    Scalc: no visible global function definition for ‘dist’
    bbd.design: no visible global function definition for ‘model.matrix’
    ccd.augment: no visible global function definition for ‘as.formula’
    ccd.augment: no visible global function definition for ‘model.matrix’
    ccd.augment: no visible global function definition for ‘model.frame’
    ccd.augment: no visible binding for global variable ‘na.pass’
    generators.from.design: no visible global function definition for
     ‘formula’
    generators.from.design : <anonymous>: no visible global function
     definition for ‘as.formula’
    lhs.design: no visible global function definition for ‘cor’
    rsm.design: no visible global function definition for ‘as.formula’
    rsmformula: no visible global function definition for ‘formula’
    Undefined global functions or variables:
     [.coded.data as.formula coef cor dist formula model.frame
     model.matrix na.pass rnorm runif
    Consider adding
     importFrom("stats", "as.formula", "coef", "cor", "dist", "formula",
     "model.frame", "model.matrix", "na.pass", "rnorm", "runif")
    to your NAMESPACE file.
Flavors: r-devel-linux-x86_64-debian-clang, r-devel-linux-x86_64-debian-gcc, r-devel-windows-ix86+x86_64, r-patched-linux-x86_64, r-patched-solaris-sparc, r-patched-solaris-x86, r-release-linux-x86_64, r-release-windows-ix86+x86_64, r-release-osx-x86_64, r-oldrel-windows-ix86+x86_64

Version: 0.8-10
Flags: --no-stop-on-test-error
Check: R code for possible problems
Result: NOTE
    .ccd.1.41: no visible global function definition for ‘rnorm’
    .ccd.1.41: no visible global function definition for ‘formula’
    .ccd.1.41: no visible global function definition for ‘coef’
    .ccd.1.41: no visible global function definition for ‘runif’
    .ccd.1.41 : <anonymous>: no visible global function definition for
     ‘as.formula’
    .gen.des.old.way: no visible global function definition for ‘runif’
    .randomize: no visible global function definition for ‘[.coded.data’
    Dopt.augment: no visible global function definition for ‘rnorm’
    Dopt.augment: no visible global function definition for ‘as.formula’
    Dopt.augment: no visible global function definition for ‘model.matrix’
    Dopt.design: no visible global function definition for ‘as.formula’
    Dopt.design: no visible global function definition for ‘model.matrix’
    Scalc: no visible global function definition for ‘dist’
    bbd.design: no visible global function definition for ‘model.matrix’
    ccd.augment: no visible global function definition for ‘as.formula’
    ccd.augment: no visible global function definition for ‘model.matrix’
    ccd.augment: no visible global function definition for ‘model.frame’
    ccd.augment: no visible binding for global variable ‘na.pass’
    generators.from.design: no visible global function definition for
     ‘formula’
    generators.from.design : <anonymous>: no visible global function
     definition for ‘as.formula’
    lhs.design: no visible global function definition for ‘cor’
    rsm.design: no visible global function definition for ‘as.formula’
    rsmformula: no visible global function definition for ‘formula’
    Undefined global functions or variables:
     [.coded.data as.formula coef cor dist formula model.frame
     model.matrix na.pass rnorm runif
    Consider adding
     importFrom("stats", "as.formula", "coef", "cor", "dist", "formula",
     "model.frame", "model.matrix", "na.pass", "rnorm", "runif")
    to your NAMESPACE file.
Flavors: r-devel-linux-x86_64-fedora-clang, r-devel-linux-x86_64-fedora-gcc

Version: 0.8-10
Check: R code for possible problems
Result: NOTE
    .ccd.1.41: no visible global function definition for ‘rnorm’
    .ccd.1.41: no visible global function definition for ‘formula’
    .ccd.1.41: no visible global function definition for ‘coef’
    .ccd.1.41: no visible global function definition for ‘runif’
    .ccd.1.41 : <anonymous>: no visible global function definition for
     ‘as.formula’
    .gen.des.old.way: no visible global function definition for ‘runif’
    Dopt.augment: no visible global function definition for ‘rnorm’
    Dopt.augment: no visible global function definition for ‘as.formula’
    Dopt.augment: no visible global function definition for ‘model.matrix’
    Dopt.design: no visible global function definition for ‘as.formula’
    Dopt.design: no visible global function definition for ‘model.matrix’
    Scalc: no visible global function definition for ‘dist’
    bbd.design: no visible global function definition for ‘model.matrix’
    ccd.augment: no visible global function definition for ‘as.formula’
    ccd.augment: no visible global function definition for ‘model.matrix’
    ccd.augment: no visible global function definition for ‘model.frame’
    ccd.augment: no visible binding for global variable ‘na.pass’
    generators.from.design: no visible global function definition for
     ‘formula’
    generators.from.design : <anonymous>: no visible global function
     definition for ‘as.formula’
    lhs.design: no visible global function definition for ‘cor’
    rsm.design: no visible global function definition for ‘as.formula’
    rsmformula: no visible global function definition for ‘formula’
    Undefined global functions or variables:
     as.formula coef cor dist formula model.frame model.matrix na.pass
     rnorm runif
    Consider adding
     importFrom("stats", "as.formula", "coef", "cor", "dist", "formula",
     "model.frame", "model.matrix", "na.pass", "rnorm", "runif")
    to your NAMESPACE file.
Flavor: r-oldrel-osx-x86_64