CRAN Package Check Results for Package DoE.wrapper

Last updated on 2017-08-19 06:48:37.

Flavor Version Tinstall Tcheck Ttotal Status Flags
r-devel-linux-x86_64-debian-clang 0.8-10 3.28 65.31 68.59 NOTE
r-devel-linux-x86_64-debian-gcc 0.8-10 3.56 63.22 66.79 NOTE
r-devel-linux-x86_64-fedora-clang 0.8-10 157.58 NOTE
r-devel-linux-x86_64-fedora-gcc 0.8-10 163.09 NOTE
r-devel-windows-ix86+x86_64 0.8-10 10.00 115.00 125.00 NOTE
r-patched-linux-x86_64 0.8-10 3.21 65.60 68.81 NOTE
r-patched-solaris-x86 0.8-10 195.80 NOTE
r-release-linux-x86_64 0.8-10 3.32 66.22 69.54 NOTE
r-release-windows-ix86+x86_64 0.8-10 16.00 114.00 130.00 NOTE
r-release-osx-x86_64 0.8-10 NOTE
r-oldrel-windows-ix86+x86_64 0.8-10 11.00 137.00 148.00 NOTE
r-oldrel-osx-x86_64 0.8-10 NOTE

Additional issues

noLD

Check Details

Version: 0.8-10
Check: R code for possible problems
Result: NOTE
    .ccd.1.41: no visible global function definition for ‘rnorm’
    .ccd.1.41: no visible global function definition for ‘formula’
    .ccd.1.41: no visible global function definition for ‘coef’
    .ccd.1.41: no visible global function definition for ‘runif’
    .ccd.1.41 : <anonymous>: no visible global function definition for
     ‘as.formula’
    .gen.des.old.way: no visible global function definition for ‘runif’
    .randomize: no visible global function definition for ‘[.coded.data’
    Dopt.augment: no visible global function definition for ‘rnorm’
    Dopt.augment: no visible global function definition for ‘as.formula’
    Dopt.augment: no visible global function definition for ‘model.matrix’
    Dopt.design: no visible global function definition for ‘as.formula’
    Dopt.design: no visible global function definition for ‘model.matrix’
    Scalc: no visible global function definition for ‘dist’
    bbd.design: no visible global function definition for ‘model.matrix’
    ccd.augment: no visible global function definition for ‘as.formula’
    ccd.augment: no visible global function definition for ‘model.matrix’
    ccd.augment: no visible global function definition for ‘model.frame’
    ccd.augment: no visible binding for global variable ‘na.pass’
    generators.from.design: no visible global function definition for
     ‘formula’
    generators.from.design : <anonymous>: no visible global function
     definition for ‘as.formula’
    lhs.design: no visible global function definition for ‘cor’
    rsm.design: no visible global function definition for ‘as.formula’
    rsmformula: no visible global function definition for ‘formula’
    Undefined global functions or variables:
     [.coded.data as.formula coef cor dist formula model.frame
     model.matrix na.pass rnorm runif
    Consider adding
     importFrom("stats", "as.formula", "coef", "cor", "dist", "formula",
     "model.frame", "model.matrix", "na.pass", "rnorm", "runif")
    to your NAMESPACE file.
Flavors: r-devel-linux-x86_64-debian-clang, r-devel-linux-x86_64-debian-gcc, r-devel-linux-x86_64-fedora-clang, r-devel-linux-x86_64-fedora-gcc, r-devel-windows-ix86+x86_64, r-patched-linux-x86_64, r-patched-solaris-x86, r-release-linux-x86_64, r-release-windows-ix86+x86_64, r-release-osx-x86_64, r-oldrel-windows-ix86+x86_64

Version: 0.8-10
Check: R code for possible problems
Result: NOTE
    .ccd.1.41: no visible global function definition for ‘rnorm’
    .ccd.1.41: no visible global function definition for ‘formula’
    .ccd.1.41: no visible global function definition for ‘coef’
    .ccd.1.41: no visible global function definition for ‘runif’
    .ccd.1.41 : <anonymous>: no visible global function definition for
     ‘as.formula’
    .gen.des.old.way: no visible global function definition for ‘runif’
    Dopt.augment: no visible global function definition for ‘rnorm’
    Dopt.augment: no visible global function definition for ‘as.formula’
    Dopt.augment: no visible global function definition for ‘model.matrix’
    Dopt.design: no visible global function definition for ‘as.formula’
    Dopt.design: no visible global function definition for ‘model.matrix’
    Scalc: no visible global function definition for ‘dist’
    bbd.design: no visible global function definition for ‘model.matrix’
    ccd.augment: no visible global function definition for ‘as.formula’
    ccd.augment: no visible global function definition for ‘model.matrix’
    ccd.augment: no visible global function definition for ‘model.frame’
    ccd.augment: no visible binding for global variable ‘na.pass’
    generators.from.design: no visible global function definition for
     ‘formula’
    generators.from.design : <anonymous>: no visible global function
     definition for ‘as.formula’
    lhs.design: no visible global function definition for ‘cor’
    rsm.design: no visible global function definition for ‘as.formula’
    rsmformula: no visible global function definition for ‘formula’
    Undefined global functions or variables:
     as.formula coef cor dist formula model.frame model.matrix na.pass
     rnorm runif
    Consider adding
     importFrom("stats", "as.formula", "coef", "cor", "dist", "formula",
     "model.frame", "model.matrix", "na.pass", "rnorm", "runif")
    to your NAMESPACE file.
Flavor: r-oldrel-osx-x86_64