CRAN Package Check Results for Package DoE.wrapper

Last updated on 2016-09-24 11:47:17.

Flavor Version Tinstall Tcheck Ttotal Status Flags
r-devel-linux-x86_64-debian-clang 0.8-10 1.18 29.06 30.24 NOTE
r-devel-linux-x86_64-debian-gcc 0.8-10 1.41 28.69 30.10 NOTE
r-devel-linux-x86_64-fedora-clang 0.8-10 56.12 NOTE
r-devel-linux-x86_64-fedora-gcc 0.8-10 52.47 NOTE
r-devel-macos-x86_64-clang 0.8-10 45.25 NOTE
r-devel-windows-ix86+x86_64 0.8-10 7.00 79.00 86.00 NOTE
r-patched-linux-x86_64 0.8-10 1.65 28.44 30.09 NOTE
r-patched-solaris-sparc 0.8-10 332.40 NOTE
r-patched-solaris-x86 0.8-10 73.70 NOTE
r-release-linux-x86_64 0.8-10 1.29 29.02 30.31 NOTE
r-release-osx-x86_64-mavericks 0.8-10 NOTE
r-release-windows-ix86+x86_64 0.8-10 7.00 78.00 85.00 NOTE
r-oldrel-windows-ix86+x86_64 0.8-10 7.00 94.00 101.00 OK

Check Details

Version: 0.8-10
Check: R code for possible problems
Result: NOTE
    .ccd.1.41: no visible global function definition for ‘rnorm’
    .ccd.1.41: no visible global function definition for ‘formula’
    .ccd.1.41: no visible global function definition for ‘coef’
    .ccd.1.41: no visible global function definition for ‘runif’
    .ccd.1.41 : <anonymous>: no visible global function definition for
     ‘as.formula’
    .gen.des.old.way: no visible global function definition for ‘runif’
    Dopt.augment: no visible global function definition for ‘rnorm’
    Dopt.augment: no visible global function definition for ‘as.formula’
    Dopt.augment: no visible global function definition for ‘model.matrix’
    Dopt.design: no visible global function definition for ‘as.formula’
    Dopt.design: no visible global function definition for ‘model.matrix’
    Scalc: no visible global function definition for ‘dist’
    bbd.design: no visible global function definition for ‘model.matrix’
    ccd.augment: no visible global function definition for ‘as.formula’
    ccd.augment: no visible global function definition for ‘model.matrix’
    ccd.augment: no visible global function definition for ‘model.frame’
    ccd.augment: no visible binding for global variable ‘na.pass’
    generators.from.design: no visible global function definition for
     ‘formula’
    generators.from.design : <anonymous>: no visible global function
     definition for ‘as.formula’
    lhs.design: no visible global function definition for ‘cor’
    rsm.design: no visible global function definition for ‘as.formula’
    rsmformula: no visible global function definition for ‘formula’
    Undefined global functions or variables:
     as.formula coef cor dist formula model.frame model.matrix na.pass
     rnorm runif
    Consider adding
     importFrom("stats", "as.formula", "coef", "cor", "dist", "formula",
     "model.frame", "model.matrix", "na.pass", "rnorm", "runif")
    to your NAMESPACE file.
Flavors: r-devel-linux-x86_64-debian-clang, r-devel-linux-x86_64-debian-gcc, r-devel-linux-x86_64-fedora-clang, r-devel-linux-x86_64-fedora-gcc, r-devel-macos-x86_64-clang, r-devel-windows-ix86+x86_64, r-patched-linux-x86_64, r-patched-solaris-sparc, r-patched-solaris-x86, r-release-linux-x86_64, r-release-osx-x86_64-mavericks, r-release-windows-ix86+x86_64