CRAN Package Check Results for Package DAMisc

Last updated on 2015-04-17 16:48:13.

Flavor Version Tinstall Tcheck Ttotal Status Flags
r-devel-linux-x86_64-debian-clang 1.3 4.14 57.18 61.32 OK
r-devel-linux-x86_64-debian-gcc 1.3 5.21 57.15 62.36 OK
r-devel-linux-x86_64-fedora-clang 1.3 128.47 OK
r-devel-linux-x86_64-fedora-gcc 1.3 120.72 OK
r-devel-osx-x86_64-clang 1.3 111.02 OK
r-prerel-windows-ix86+x86_64 1.3 13.00 87.00 100.00 OK
r-prerel-linux-x86_64 1.3 4.55 56.90 61.45 OK
r-prerel-solaris-sparc 1.3 754.30 OK
r-prerel-solaris-x86 1.3 159.20 OK
r-release-linux-x86_64 1.3 8.08 75.69 83.77 OK
r-release-osx-x86_64-mavericks 1.3 WARN
r-release-osx-x86_64-snowleopard 1.3 OK
r-release-windows-ix86+x86_64 1.3 21.00 154.00 175.00 OK
r-oldrel-windows-ix86+x86_64 1.3 25.00 147.00 172.00 OK

Check Details

Version: 1.3
Check: loading without being on the library search path
Result: WARN
    Loading required package: car
    Loading required package: effects
    
    Attaching package: ‘effects’
    
    The following object is masked from ‘package:car’:
    
     Prestige
    
    Error in dyn.load(file, DLLpath = DLLpath, ...) :
     unable to load shared object '/Builds/CRAN-QA-Simon/packages/mavericks-x86_64/Rlib/3.1/sm/libs/sm.so':
     dlopen(/Builds/CRAN-QA-Simon/packages/mavericks-x86_64/Rlib/3.1/sm/libs/sm.so, 6): Library not loaded: /Library/Frameworks/R.framework/Versions/3.1/Resources/lib/libgcc_s.1.dylib
     Referenced from: /Builds/CRAN-QA-Simon/packages/mavericks-x86_64/Rlib/3.1/sm/libs/sm.so
     Reason: image not found
    Error: package or namespace load failed for ‘DAMisc’
    Execution halted
    
    It looks like this package has a loading problem when not on .libPaths:
    see the messages for details.
    * checking dependencies in R code ...* elapsed time (check, wall clock): 0:46
Flavor: r-release-osx-x86_64-mavericks