CRAN Package Check Results for Package DAMisc

Last updated on 2015-08-02 17:47:40.

Flavor Version Tinstall Tcheck Ttotal Status Flags
r-devel-linux-x86_64-debian-clang 1.3 4.14 58.01 62.14 NOTE
r-devel-linux-x86_64-debian-gcc 1.3 3.98 56.86 60.85 NOTE
r-devel-linux-x86_64-fedora-clang 1.3 127.26 NOTE
r-devel-linux-x86_64-fedora-gcc 1.3 119.93 NOTE
r-devel-osx-x86_64-clang 1.3 101.65 OK
r-devel-windows-ix86+x86_64 1.3 12.00 92.00 104.00 NOTE
r-patched-linux-x86_64 1.3 4.11 56.97 61.08 OK
r-patched-solaris-sparc 1.3 764.90 OK
r-patched-solaris-x86 1.3 162.10 OK
r-release-linux-x86_64 1.3 4.29 58.92 63.20 OK
r-release-osx-x86_64-mavericks 1.3 OK
r-release-windows-ix86+x86_64 1.3 18.00 92.00 110.00 OK
r-oldrel-windows-ix86+x86_64 1.3 27.00 124.00 151.00 OK

Check Details

Version: 1.3
Check: R code for possible problems
Result: NOTE
    BGMtest: no visible global function definition for ‘terms’
    BGMtest: no visible global function definition for ‘coef’
    BGMtest: no visible global function definition for ‘vcov’
    BGMtest: no visible global function definition for ‘pt’
    DAintfun: no visible global function definition for ‘model.matrix’
    DAintfun: no visible global function definition for ‘quantile’
    DAintfun: no visible global function definition for ‘persp’
    DAintfun: no visible global function definition for ‘par’
    DAintfun2: no visible global function definition for ‘update’
    DAintfun2: no visible global function definition for ‘model.matrix’
    DAintfun2: no visible global function definition for ‘vcov’
    DAintfun2: no visible global function definition for ‘qt’
    DAintfun2: no visible global function definition for ‘pdf’
    DAintfun2: no visible global function definition for ‘png’
    DAintfun2: no visible global function definition for ‘setEPS’
    DAintfun2: no visible global function definition for ‘postscript’
    DAintfun2: no visible global function definition for ‘plot’
    DAintfun2: no visible global function definition for ‘axis’
    DAintfun2: no visible global function definition for ‘polygon’
    DAintfun2: no visible global function definition for ‘abline’
    DAintfun2: no visible global function definition for ‘lines’
    DAintfun2: no visible global function definition for ‘dev.off’
    aveEffPlot: no visible global function definition for ‘terms’
    aveEffPlot: no visible global function definition for ‘coef’
    aveEffPlot: no visible global function definition for ‘vcov’
    aveEffPlot : <anonymous>: no visible global function definition for
     ‘model.matrix’
    aveEffPlot : <anonymous>: no visible global function definition for
     ‘family’
    aveEffPlot : <anonymous>: no visible global function definition for
     ‘quantile’
    aveEffPlot: no visible global function definition for ‘model.matrix’
    binfit: no visible global function definition for ‘update’
    binfit: no visible global function definition for ‘model.frame’
    binfit: no visible global function definition for ‘var’
    binfit: no visible global function definition for ‘model.matrix’
    binfit: no visible global function definition for ‘logLik’
    binfit: no visible global function definition for ‘deviance’
    binfit: no visible global function definition for ‘fitted’
    binfit: no visible global function definition for ‘BIC’
    binfit: no visible global function definition for ‘pchisq’
    binfit: no visible global function definition for ‘AIC’
    combTest: no visible global function definition for ‘model.response’
    combTest: no visible global function definition for ‘model.frame’
    combTest: no visible global function definition for ‘coef’
    combTest: no visible global function definition for ‘vcov’
    combTest: no visible global function definition for ‘combn’
    combTest: no visible global function definition for ‘pchisq’
    crSpanTest: no visible binding for global variable ‘p.adjust’
    crSpanTest: no visible global function definition for ‘p.adjust’
    crTest: no visible global function definition for ‘predict’
    crTest: no visible global function definition for ‘model.matrix’
    crTest: no visible global function definition for ‘residuals.glm’
    crTest : <anonymous>: no visible global function definition for ‘loess’
    crTest : <anonymous>: no visible global function definition for ‘lm’
    crTest : <anonymous>: no visible global function definition for
     ‘residuals’
    crTest: no visible global function definition for ‘p.adjust’
    crTest: no visible global function definition for ‘pf’
    df.terms.default: no visible global function definition for
     ‘model.matrix’
    glmChange: no visible global function definition for ‘terms’
    glmChange: no visible global function definition for ‘median’
    glmChange: no visible global function definition for ‘sd’
    glmChange: no visible global function definition for ‘predict’
    glmChange : <anonymous>: no visible global function definition for
     ‘family’
    glmChange: no visible binding for global variable ‘quantile’
    glmChange2: no visible global function definition for ‘terms’
    glmChange2: no visible global function definition for ‘coef’
    glmChange2: no visible global function definition for ‘vcov’
    glmChange2: no visible global function definition for ‘sd’
    glmChange2: no visible global function definition for ‘model.matrix’
    glmChange2: no visible global function definition for ‘family’
    glmChange2: no visible global function definition for ‘quantile’
    glmChange2: no visible global function definition for ‘na.omit’
    glmChange2: no visible global function definition for ‘combn’
    glmChange2 : <anonymous>: no visible global function definition for
     ‘quantile’
    has.intercept.default: no visible global function definition for
     ‘coefficients’
    intEff: no visible global function definition for ‘contrasts’
    intEff: no visible global function definition for ‘model.matrix’
    intQualQuant: no visible global function definition for ‘terms’
    intQualQuant: no visible global function definition for ‘coef’
    intQualQuant: no visible global function definition for ‘combn’
    intQualQuant: no visible global function definition for ‘model.frame’
    intQualQuant : <anonymous>: no visible global function definition for
     ‘vcov’
    intQualQuant: no visible global function definition for ‘qt’
    intQualQuant: no visible global function definition for ‘vcov’
    intQualQuant: no visible global function definition for ‘pt’
    is.aliased: no visible global function definition for ‘alias’
    logit_cc: no visible global function definition for ‘predict’
    logit_cc: no visible global function definition for ‘vcov’
    logit_cd: no visible global function definition for ‘predict’
    logit_cd: no visible global function definition for ‘plogis’
    logit_cd: no visible global function definition for ‘vcov’
    logit_dd: no visible global function definition for ‘predict’
    logit_dd: no visible global function definition for ‘plogis’
    logit_dd: no visible global function definition for ‘vcov’
    mnlAveEffPlot: no visible global function definition for ‘terms’
    mnlAveEffPlot: no visible global function definition for ‘coef’
    mnlAveEffPlot: no visible global function definition for ‘vcov’
    mnlAveEffPlot : <anonymous>: no visible global function definition for
     ‘model.matrix’
    mnlAveEffPlot : <anonymous>: no visible global function definition for
     ‘formula’
    mnlAveEffPlot: no visible global function definition for
     ‘model.response’
    mnlAveEffPlot: no visible global function definition for ‘model.frame’
    mnlAveEffPlot : <anonymous> : <anonymous>: no visible global function
     definition for ‘coef’
    mnlAveEffPlot: no visible binding for global variable ‘quantile’
    mnlChange: no visible global function definition for ‘model.response’
    mnlChange: no visible global function definition for ‘model.frame’
    mnlChange: no visible global function definition for ‘terms’
    mnlChange: no visible global function definition for ‘coef’
    mnlChange: no visible global function definition for ‘median’
    mnlChange: no visible global function definition for ‘sd’
    mnlChange: no visible global function definition for ‘predict’
    mnlChange: no visible global function definition for ‘vcov’
    mnlChange: no visible global function definition for ‘model.matrix’
    mnlChange: no visible global function definition for ‘as.formula’
    mnlChange: no visible global function definition for ‘formula’
    mnlChange : <anonymous>: no visible global function definition for
     ‘coef’
    mnlChange : <anonymous>: no visible global function definition for
     ‘quantile’
    mnlChange2: no visible global function definition for ‘terms’
    mnlChange2: no visible global function definition for ‘coef’
    mnlChange2: no visible global function definition for ‘vcov’
    mnlChange2: no visible global function definition for ‘sd’
    mnlChange2: no visible global function definition for ‘model.response’
    mnlChange2: no visible global function definition for ‘model.frame’
    mnlChange2 : <anonymous>: no visible global function definition for
     ‘model.matrix’
    mnlChange2 : <anonymous>: no visible global function definition for
     ‘formula’
    mnlChange2 : <anonymous> : <anonymous>: no visible global function
     definition for ‘coef’
    mnlChange2: no visible binding for global variable ‘quantile’
    mnlChange2: no visible global function definition for ‘combn’
    mnlSig: no visible global function definition for ‘pnorm’
    mnlfit: no visible global function definition for ‘update’
    mnlfit: no visible global function definition for ‘model.response’
    mnlfit: no visible global function definition for ‘model.frame’
    mnlfit: no visible global function definition for ‘predict’
    mnlfit: no visible global function definition for ‘quantile’
    mnlfit: no visible global function definition for ‘pchisq’
    mnlfit: no visible global function definition for ‘logLik’
    mnlfit: no visible global function definition for ‘model.matrix’
    mnlfit: no visible global function definition for ‘relevel’
    ordAveEffPlot: no visible global function definition for ‘terms’
    ordAveEffPlot: no visible global function definition for ‘coef’
    ordAveEffPlot: no visible global function definition for ‘vcov’
    ordAveEffPlot : <anonymous>: no visible global function definition for
     ‘model.matrix’
    ordAveEffPlot : <anonymous>: no visible global function definition for
     ‘formula’
    ordAveEffPlot : <anonymous>: no visible global function definition for
     ‘plogis’
    ordAveEffPlot: no visible binding for global variable ‘quantile’
    ordChange: no visible global function definition for ‘terms’
    ordChange: no visible global function definition for ‘median’
    ordChange: no visible global function definition for ‘sd’
    ordChange: no visible global function definition for ‘predict’
    ordChange: no visible global function definition for ‘coef’
    ordChange: no visible global function definition for ‘vcov’
    ordChange: no visible global function definition for ‘model.matrix’
    ordChange: no visible global function definition for ‘as.formula’
    ordChange: no visible global function definition for ‘formula’
    ordChange: no visible global function definition for ‘plogis’
    ordChange: no visible binding for global variable ‘quantile’
    ordChange2: no visible global function definition for ‘terms’
    ordChange2: no visible global function definition for ‘coef’
    ordChange2: no visible global function definition for ‘vcov’
    ordChange2: no visible global function definition for ‘sd’
    ordChange2 : <anonymous>: no visible global function definition for
     ‘model.matrix’
    ordChange2 : <anonymous>: no visible global function definition for
     ‘formula’
    ordChange2 : <anonymous>: no visible global function definition for
     ‘plogis’
    ordChange2: no visible global function definition for ‘combn’
    ordChange2 : <anonymous>: no visible binding for global variable
     ‘quantile’
    ordfit: no visible global function definition for ‘predict’
    ordfit: no visible global function definition for ‘model.matrix’
    ordfit: no visible global function definition for ‘model.response’
    ordfit: no visible global function definition for ‘model.frame’
    ordfit: no visible global function definition for ‘var’
    ordfit: no visible global function definition for ‘logLik’
    ordfit: no visible global function definition for ‘update’
    panel.transci: no visible global function definition for ‘col2rgb’
    panel.transci : <anonymous>: no visible binding for global variable
     ‘rgb’
    poisGOF: no visible global function definition for ‘update’
    poisGOF: no visible global function definition for ‘pchisq’
    pre: no visible global function definition for ‘family’
    pre: no visible global function definition for ‘update’
    pre: no visible global function definition for ‘model.frame’
    pre: no visible global function definition for ‘predict’
    pre: no visible global function definition for ‘coef’
    pre: no visible global function definition for ‘vcov’
    pre: no visible global function definition for ‘model.matrix’
    pre: no visible global function definition for ‘contrasts’
    pre : <anonymous>: no visible global function definition for ‘coef’
    pre : <anonymous>: no visible global function definition for
     ‘model.matrix’
    pre: no visible global function definition for ‘formula’
    predictor.names.default: no visible global function definition for
     ‘terms’
    print.pre: no visible global function definition for ‘quantile’
    probit_cc: no visible global function definition for ‘predict’
    probit_cc: no visible global function definition for ‘dnorm’
    probit_cc: no visible global function definition for ‘vcov’
    probit_cd: no visible global function definition for ‘predict’
    probit_cd: no visible global function definition for ‘dnorm’
    probit_cd: no visible global function definition for ‘vcov’
    probit_dd: no visible global function definition for ‘predict’
    probit_dd: no visible global function definition for ‘dnorm’
    probit_dd: no visible global function definition for ‘pnorm’
    probit_dd: no visible global function definition for ‘vcov’
    response.default: no visible global function definition for
     ‘model.response’
    response.default: no visible global function definition for
     ‘model.frame’
    responseName.default: no visible global function definition for ‘terms’
    simPredpolr: no visible global function definition for ‘model.matrix’
    simPredpolr: no visible binding for global variable ‘plogis’
    simPredpolr: no visible binding for global variable ‘pnorm’
    simPredpolr: no visible binding for global variable ‘pcauchy’
    term.names.default: no visible global function definition for ‘terms’
    ziChange: no visible global function definition for ‘formula’
    ziChange: no visible global function definition for ‘median’
    ziChange: no visible global function definition for ‘predict’
    Undefined global functions or variables:
     AIC BIC abline alias as.formula axis coef coefficients col2rgb combn
     contrasts dev.off deviance dnorm family fitted formula lines lm loess
     logLik median model.frame model.matrix model.response na.omit
     p.adjust par pcauchy pchisq pdf persp pf plogis plot png pnorm
     polygon postscript predict pt qt quantile relevel residuals
     residuals.glm rgb sd setEPS terms update var vcov
    Consider adding
     importFrom("grDevices", "col2rgb", "dev.off", "pdf", "png",
     "postscript", "rgb", "setEPS")
     importFrom("graphics", "abline", "axis", "lines", "par", "persp",
     "plot", "polygon")
     importFrom("stats", "AIC", "BIC", "alias", "as.formula", "coef",
     "coefficients", "contrasts", "deviance", "dnorm", "family",
     "fitted", "formula", "lm", "loess", "logLik", "median",
     "model.frame", "model.matrix", "model.response", "na.omit",
     "p.adjust", "pcauchy", "pchisq", "pf", "plogis", "pnorm",
     "predict", "pt", "qt", "quantile", "relevel", "residuals",
     "residuals.glm", "sd", "terms", "update", "var", "vcov")
     importFrom("utils", "combn")
    to your NAMESPACE.
Flavors: r-devel-linux-x86_64-debian-clang, r-devel-linux-x86_64-debian-gcc, r-devel-linux-x86_64-fedora-clang, r-devel-linux-x86_64-fedora-gcc, r-devel-windows-ix86+x86_64