CRAN Package Check Results for Package DAMisc

Last updated on 2015-05-24 17:47:22.

Flavor Version Tinstall Tcheck Ttotal Status Flags
r-devel-linux-x86_64-debian-clang 1.3 4.39 56.67 61.06 OK
r-devel-linux-x86_64-debian-gcc 1.3 4.10 56.13 60.22 OK
r-devel-linux-x86_64-fedora-clang 1.3 128.01 OK
r-devel-linux-x86_64-fedora-gcc 1.3 119.49 OK
r-devel-osx-x86_64-clang 1.3 104.50 OK
r-devel-windows-ix86+x86_64 1.3 14.00 90.00 104.00 OK
r-patched-linux-x86_64 1.3 4.61 56.96 61.57 OK
r-patched-solaris-sparc 1.3 752.70 OK
r-patched-solaris-x86 1.3 163.50 OK
r-release-linux-x86_64 1.3 4.02 59.27 63.30 OK
r-release-osx-x86_64-mavericks 1.3 OK
r-release-osx-x86_64-snowleopard 1.3 ERROR
r-release-windows-ix86+x86_64 1.3 13.00 84.00 97.00 OK
r-oldrel-windows-ix86+x86_64 1.3 21.00 112.00 133.00 OK

Check Details

Version: 1.3
Check: package dependencies
Result: ERROR
    Package required but not available: ‘car’
    
    See section ‘The DESCRIPTION file’ in the ‘Writing R Extensions’
    manual.
Flavor: r-release-osx-x86_64-snowleopard