CRAN Package Check Results for Package B2Z

Last updated on 2015-03-06 14:46:50.

Flavor Version Tinstall Tcheck Ttotal Status Flags
r-devel-linux-x86_64-debian-clang 1.4 0.88 23.44 24.33 OK
r-devel-linux-x86_64-debian-gcc 1.4 0.82 23.34 24.16 OK
r-devel-linux-x86_64-fedora-clang 1.4 47.63 OK
r-devel-linux-x86_64-fedora-gcc 1.4 44.14 OK
r-devel-osx-x86_64-clang 1.4 49.36 OK
r-devel-windows-ix86+x86_64 1.4 6.00 40.00 46.00 OK
r-patched-linux-x86_64 1.4 1.01 26.90 27.91 OK
r-patched-solaris-sparc 1.4 330.00 OK
r-patched-solaris-x86 1.4 67.60 OK
r-release-linux-ix86 1.4 1.26 39.52 40.78 OK
r-release-linux-x86_64 1.4 0.97 26.75 27.72 OK
r-release-osx-x86_64-mavericks 1.4 OK
r-release-windows-ix86+x86_64 1.4 4.00 47.00 51.00 OK
r-oldrel-windows-ix86+x86_64 1.4 2.00 4.00 6.00 ERROR

Check Details

Version: 1.4
Check: whether package can be installed
Result: ERROR
    Installation failed.
Flavor: r-oldrel-windows-ix86+x86_64